{"id":1501,"date":"2017-05-28T00:08:00","date_gmt":"2017-05-27T22:08:00","guid":{"rendered":"http:\/\/www.ff-kolkwitz.de\/?post_type=einsatz&#038;p=1501"},"modified":"2017-05-28T21:29:46","modified_gmt":"2017-05-28T19:29:46","slug":"waldbrand-5","status":"publish","type":"einsatz","link":"https:\/\/www.ff-kolkwitz.de\/?einsatz=waldbrand-5","title":{"rendered":"Waldbrand"},"content":{"rendered":"<p><a href=\"https:\/\/www.ff-kolkwitz.de\/wp-content\/uploads\/2017\/05\/2017-015-03.jpg\" rel=\"lightbox[1501]\"><img loading=\"lazy\" decoding=\"async\" class=\"aligncenter size-large wp-image-1502\" src=\"https:\/\/www.ff-kolkwitz.de\/wp-content\/uploads\/2017\/05\/2017-015-03-1200x675.jpg\" alt=\"\" width=\"830\" height=\"467\" srcset=\"https:\/\/www.ff-kolkwitz.de\/wp-content\/uploads\/2017\/05\/2017-015-03-1200x675.jpg 1200w, https:\/\/www.ff-kolkwitz.de\/wp-content\/uploads\/2017\/05\/2017-015-03-250x141.jpg 250w, https:\/\/www.ff-kolkwitz.de\/wp-content\/uploads\/2017\/05\/2017-015-03-850x478.jpg 850w\" sizes=\"auto, (max-width: 830px) 100vw, 830px\" \/><\/a><\/p>\n<p>Das Kolkwitzer Tankl\u00f6schfahrzeug unterst\u00fctzte die benachbarten Wehren bei einem kleinen Waldbrand bei Casel. Durch den schnellen Einsatz konnte der Brand z\u00fcgig gel\u00f6scht werden<\/p>\n<div id='gallery-1' class='gallery galleryid-1501 gallery-columns-3 gallery-size-thumbnail'><figure class='gallery-item'>\n\t\t\t<div class='gallery-icon landscape'>\n\t\t\t\t<a href='https:\/\/www.ff-kolkwitz.de\/wp-content\/uploads\/2017\/05\/2017-015-01.jpg' rel=\"lightbox[1501]\"><img loading=\"lazy\" decoding=\"async\" width=\"250\" height=\"141\" src=\"https:\/\/www.ff-kolkwitz.de\/wp-content\/uploads\/2017\/05\/2017-015-01-250x141.jpg\" class=\"attachment-thumbnail size-thumbnail\" alt=\"\" srcset=\"https:\/\/www.ff-kolkwitz.de\/wp-content\/uploads\/2017\/05\/2017-015-01-250x141.jpg 250w, https:\/\/www.ff-kolkwitz.de\/wp-content\/uploads\/2017\/05\/2017-015-01-850x478.jpg 850w, https:\/\/www.ff-kolkwitz.de\/wp-content\/uploads\/2017\/05\/2017-015-01-1200x675.jpg 1200w\" sizes=\"auto, (max-width: 250px) 100vw, 250px\" \/><\/a>\n\t\t\t<\/div><\/figure><figure class='gallery-item'>\n\t\t\t<div class='gallery-icon landscape'>\n\t\t\t\t<a href='https:\/\/www.ff-kolkwitz.de\/wp-content\/uploads\/2017\/05\/2017-015-02.jpg' rel=\"lightbox[1501]\"><img loading=\"lazy\" decoding=\"async\" width=\"250\" height=\"141\" src=\"https:\/\/www.ff-kolkwitz.de\/wp-content\/uploads\/2017\/05\/2017-015-02-250x141.jpg\" class=\"attachment-thumbnail size-thumbnail\" alt=\"\" srcset=\"https:\/\/www.ff-kolkwitz.de\/wp-content\/uploads\/2017\/05\/2017-015-02-250x141.jpg 250w, https:\/\/www.ff-kolkwitz.de\/wp-content\/uploads\/2017\/05\/2017-015-02-850x478.jpg 850w, https:\/\/www.ff-kolkwitz.de\/wp-content\/uploads\/2017\/05\/2017-015-02-1200x675.jpg 1200w\" sizes=\"auto, (max-width: 250px) 100vw, 250px\" \/><\/a>\n\t\t\t<\/div><\/figure><figure class='gallery-item'>\n\t\t\t<div class='gallery-icon landscape'>\n\t\t\t\t<a href='https:\/\/www.ff-kolkwitz.de\/wp-content\/uploads\/2017\/05\/2017-015-03.jpg' rel=\"lightbox[1501]\"><img loading=\"lazy\" decoding=\"async\" width=\"250\" height=\"141\" src=\"https:\/\/www.ff-kolkwitz.de\/wp-content\/uploads\/2017\/05\/2017-015-03-250x141.jpg\" class=\"attachment-thumbnail size-thumbnail\" alt=\"\" srcset=\"https:\/\/www.ff-kolkwitz.de\/wp-content\/uploads\/2017\/05\/2017-015-03-250x141.jpg 250w, https:\/\/www.ff-kolkwitz.de\/wp-content\/uploads\/2017\/05\/2017-015-03-850x478.jpg 850w, https:\/\/www.ff-kolkwitz.de\/wp-content\/uploads\/2017\/05\/2017-015-03-1200x675.jpg 1200w\" sizes=\"auto, (max-width: 250px) 100vw, 250px\" \/><\/a>\n\t\t\t<\/div><\/figure>\n\t\t<\/div>\n\n","protected":false},"author":1,"featured_media":0,"template":"","meta":{"einsatz_weight":1,"footnotes":""},"categories":[144],"tags":[],"einsatzart":[57],"fahrzeug":[29],"exteinsatzmittel":[34,115,114,42,116,117],"alarmierungsart":[],"evw_unit":[],"class_list":["post-1501","einsatz","type-einsatz","status-publish","hentry","category-einsatz","einsatzart-wald","fahrzeug-tlf","exteinsatzmittel-bf-cottbus","exteinsatzmittel-ffw-casel","exteinsatzmittel-ffw-drebkau","exteinsatzmittel-ffw-eichow","exteinsatzmittel-ffw-leuthen","exteinsatzmittel-ffw-schorbus"],"_links":{"self":[{"href":"https:\/\/www.ff-kolkwitz.de\/index.php?rest_route=\/wp\/v2\/einsatz\/1501","targetHints":{"allow":["GET"]}}],"collection":[{"href":"https:\/\/www.ff-kolkwitz.de\/index.php?rest_route=\/wp\/v2\/einsatz"}],"about":[{"href":"https:\/\/www.ff-kolkwitz.de\/index.php?rest_route=\/wp\/v2\/types\/einsatz"}],"author":[{"embeddable":true,"href":"https:\/\/www.ff-kolkwitz.de\/index.php?rest_route=\/wp\/v2\/users\/1"}],"version-history":[{"count":1,"href":"https:\/\/www.ff-kolkwitz.de\/index.php?rest_route=\/wp\/v2\/einsatz\/1501\/revisions"}],"predecessor-version":[{"id":1505,"href":"https:\/\/www.ff-kolkwitz.de\/index.php?rest_route=\/wp\/v2\/einsatz\/1501\/revisions\/1505"}],"wp:attachment":[{"href":"https:\/\/www.ff-kolkwitz.de\/index.php?rest_route=%2Fwp%2Fv2%2Fmedia&parent=1501"}],"wp:term":[{"taxonomy":"category","embeddable":true,"href":"https:\/\/www.ff-kolkwitz.de\/index.php?rest_route=%2Fwp%2Fv2%2Fcategories&post=1501"},{"taxonomy":"post_tag","embeddable":true,"href":"https:\/\/www.ff-kolkwitz.de\/index.php?rest_route=%2Fwp%2Fv2%2Ftags&post=1501"},{"taxonomy":"einsatzart","embeddable":true,"href":"https:\/\/www.ff-kolkwitz.de\/index.php?rest_route=%2Fwp%2Fv2%2Feinsatzart&post=1501"},{"taxonomy":"fahrzeug","embeddable":true,"href":"https:\/\/www.ff-kolkwitz.de\/index.php?rest_route=%2Fwp%2Fv2%2Ffahrzeug&post=1501"},{"taxonomy":"exteinsatzmittel","embeddable":true,"href":"https:\/\/www.ff-kolkwitz.de\/index.php?rest_route=%2Fwp%2Fv2%2Fexteinsatzmittel&post=1501"},{"taxonomy":"alarmierungsart","embeddable":true,"href":"https:\/\/www.ff-kolkwitz.de\/index.php?rest_route=%2Fwp%2Fv2%2Falarmierungsart&post=1501"},{"taxonomy":"evw_unit","embeddable":true,"href":"https:\/\/www.ff-kolkwitz.de\/index.php?rest_route=%2Fwp%2Fv2%2Fevw_unit&post=1501"}],"curies":[{"name":"wp","href":"https:\/\/api.w.org\/{rel}","templated":true}]}}

<p><a href="https://www.ff-kolkwitz.de/wp-content/uploads/2017/05/2017-015-03.jpg" rel="lightbox[1501]"><img loading="lazy" decoding="async" class="aligncenter size-large wp-image-1502" src="https://www.ff-kolkwitz.de/wp-content/uploads/2017/05/2017-015-03-1200x675.jpg" alt="" width="830" height="467" srcset="https://www.ff-kolkwitz.de/wp-content/uploads/2017/05/2017-015-03-1200x675.jpg 1200w, https://www.ff-kolkwitz.de/wp-content/uploads/2017/05/2017-015-03-250x141.jpg 250w, https://www.ff-kolkwitz.de/wp-content/uploads/2017/05/2017-015-03-850x478.jpg 850w" sizes="auto, (max-width: 830px) 100vw, 830px" /></a></p>
<p>Das Kolkwitzer Tanklöschfahrzeug unterstützte die benachbarten Wehren bei einem kleinen Waldbrand bei Casel. Durch den schnellen Einsatz konnte der Brand zügig gelöscht werden</p>
<div id='gallery-1' class='gallery galleryid-1501 gallery-columns-3 gallery-size-thumbnail'><figure class='gallery-item'>
			<div class='gallery-icon landscape'>
				<a href='https://www.ff-kolkwitz.de/wp-content/uploads/2017/05/2017-015-01.jpg' rel="lightbox[1501]"><img loading="lazy" decoding="async" width="250" height="141" src="https://www.ff-kolkwitz.de/wp-content/uploads/2017/05/2017-015-01-250x141.jpg" class="attachment-thumbnail size-thumbnail" alt="" srcset="https://www.ff-kolkwitz.de/wp-content/uploads/2017/05/2017-015-01-250x141.jpg 250w, https://www.ff-kolkwitz.de/wp-content/uploads/2017/05/2017-015-01-850x478.jpg 850w, https://www.ff-kolkwitz.de/wp-content/uploads/2017/05/2017-015-01-1200x675.jpg 1200w" sizes="auto, (max-width: 250px) 100vw, 250px" /></a>
			</div></figure><figure class='gallery-item'>
			<div class='gallery-icon landscape'>
				<a href='https://www.ff-kolkwitz.de/wp-content/uploads/2017/05/2017-015-02.jpg' rel="lightbox[1501]"><img loading="lazy" decoding="async" width="250" height="141" src="https://www.ff-kolkwitz.de/wp-content/uploads/2017/05/2017-015-02-250x141.jpg" class="attachment-thumbnail size-thumbnail" alt="" srcset="https://www.ff-kolkwitz.de/wp-content/uploads/2017/05/2017-015-02-250x141.jpg 250w, https://www.ff-kolkwitz.de/wp-content/uploads/2017/05/2017-015-02-850x478.jpg 850w, https://www.ff-kolkwitz.de/wp-content/uploads/2017/05/2017-015-02-1200x675.jpg 1200w" sizes="auto, (max-width: 250px) 100vw, 250px" /></a>
			</div></figure><figure class='gallery-item'>
			<div class='gallery-icon landscape'>
				<a href='https://www.ff-kolkwitz.de/wp-content/uploads/2017/05/2017-015-03.jpg' rel="lightbox[1501]"><img loading="lazy" decoding="async" width="250" height="141" src="https://www.ff-kolkwitz.de/wp-content/uploads/2017/05/2017-015-03-250x141.jpg" class="attachment-thumbnail size-thumbnail" alt="" srcset="https://www.ff-kolkwitz.de/wp-content/uploads/2017/05/2017-015-03-250x141.jpg 250w, https://www.ff-kolkwitz.de/wp-content/uploads/2017/05/2017-015-03-850x478.jpg 850w, https://www.ff-kolkwitz.de/wp-content/uploads/2017/05/2017-015-03-1200x675.jpg 1200w" sizes="auto, (max-width: 250px) 100vw, 250px" /></a>
			</div></figure>
		</div>
