{"id":2128,"date":"2018-08-14T05:22:00","date_gmt":"2018-08-14T03:22:00","guid":{"rendered":"https:\/\/www.ff-kolkwitz.de\/?post_type=einsatz&#038;p=2128"},"modified":"2018-08-14T14:48:29","modified_gmt":"2018-08-14T12:48:29","slug":"kellerbrand-2","status":"publish","type":"einsatz","link":"https:\/\/www.ff-kolkwitz.de\/?einsatz=kellerbrand-2","title":{"rendered":"Kellerbrand"},"content":{"rendered":"<p>In einem Einfamilienhaus hatte der Heizkessel im Keller angefangen zu brennen. Unter Atemschutz konnte die Feuerwehr den Brand l\u00f6schen. Mit dem Hochleistungsl\u00fcfter wurde der Keller bel\u00fcftet. Die Anwohner konnten sich rechtzeitig in Sicherheit bringen und wurden nicht verletzt.<\/p>\n<div id='gallery-1' class='gallery galleryid-2128 gallery-columns-3 gallery-size-thumbnail'><figure class='gallery-item'>\n\t\t\t<div class='gallery-icon landscape'>\n\t\t\t\t<a href='https:\/\/www.ff-kolkwitz.de\/wp-content\/uploads\/2018\/08\/2018-Nr046-005.jpg' rel=\"lightbox[2128]\"><img loading=\"lazy\" decoding=\"async\" width=\"250\" height=\"141\" src=\"https:\/\/www.ff-kolkwitz.de\/wp-content\/uploads\/2018\/08\/2018-Nr046-005-250x141.jpg\" class=\"attachment-thumbnail size-thumbnail\" alt=\"\" aria-describedby=\"gallery-1-2133\" srcset=\"https:\/\/www.ff-kolkwitz.de\/wp-content\/uploads\/2018\/08\/2018-Nr046-005-250x141.jpg 250w, https:\/\/www.ff-kolkwitz.de\/wp-content\/uploads\/2018\/08\/2018-Nr046-005-850x478.jpg 850w, https:\/\/www.ff-kolkwitz.de\/wp-content\/uploads\/2018\/08\/2018-Nr046-005-768x432.jpg 768w, https:\/\/www.ff-kolkwitz.de\/wp-content\/uploads\/2018\/08\/2018-Nr046-005-1200x675.jpg 1200w, https:\/\/www.ff-kolkwitz.de\/wp-content\/uploads\/2018\/08\/2018-Nr046-005.jpg 2048w\" sizes=\"auto, (max-width: 250px) 100vw, 250px\" \/><\/a>\n\t\t\t<\/div>\n\t\t\t\t<figcaption class='wp-caption-text gallery-caption' id='gallery-1-2133'>\n\t\t\t\tDie Trupps im Geb\u00e4ude stehen im st\u00e4ndigen Kontakt mit der Atemschutz-\u00dcberwachung, die zB darauf achtet, dass den Kameradinnen und Kameraden w\u00e4hrend ihrer Arbeit nicht die Luft ausgeht.\n\t\t\t\t<\/figcaption><\/figure><figure class='gallery-item'>\n\t\t\t<div class='gallery-icon landscape'>\n\t\t\t\t<a href='https:\/\/www.ff-kolkwitz.de\/wp-content\/uploads\/2018\/08\/2018-Nr046-004.jpg' rel=\"lightbox[2128]\"><img loading=\"lazy\" decoding=\"async\" width=\"250\" height=\"141\" src=\"https:\/\/www.ff-kolkwitz.de\/wp-content\/uploads\/2018\/08\/2018-Nr046-004-250x141.jpg\" class=\"attachment-thumbnail size-thumbnail\" alt=\"\" aria-describedby=\"gallery-1-2132\" srcset=\"https:\/\/www.ff-kolkwitz.de\/wp-content\/uploads\/2018\/08\/2018-Nr046-004-250x141.jpg 250w, https:\/\/www.ff-kolkwitz.de\/wp-content\/uploads\/2018\/08\/2018-Nr046-004-850x478.jpg 850w, https:\/\/www.ff-kolkwitz.de\/wp-content\/uploads\/2018\/08\/2018-Nr046-004-768x432.jpg 768w, https:\/\/www.ff-kolkwitz.de\/wp-content\/uploads\/2018\/08\/2018-Nr046-004-1200x675.jpg 1200w, https:\/\/www.ff-kolkwitz.de\/wp-content\/uploads\/2018\/08\/2018-Nr046-004.jpg 2000w\" sizes=\"auto, (max-width: 250px) 100vw, 250px\" \/><\/a>\n\t\t\t<\/div>\n\t\t\t\t<figcaption class='wp-caption-text gallery-caption' id='gallery-1-2132'>\n\t\t\t\tS\u00e4mtliche Fahrzeuge der Ortswehr Kolkwitz waren im Einsatz\n\t\t\t\t<\/figcaption><\/figure><figure class='gallery-item'>\n\t\t\t<div class='gallery-icon landscape'>\n\t\t\t\t<a href='https:\/\/www.ff-kolkwitz.de\/wp-content\/uploads\/2018\/08\/2018-Nr046-003.jpg' rel=\"lightbox[2128]\"><img loading=\"lazy\" decoding=\"async\" width=\"250\" height=\"141\" src=\"https:\/\/www.ff-kolkwitz.de\/wp-content\/uploads\/2018\/08\/2018-Nr046-003-250x141.jpg\" class=\"attachment-thumbnail size-thumbnail\" alt=\"\" srcset=\"https:\/\/www.ff-kolkwitz.de\/wp-content\/uploads\/2018\/08\/2018-Nr046-003-250x141.jpg 250w, https:\/\/www.ff-kolkwitz.de\/wp-content\/uploads\/2018\/08\/2018-Nr046-003-850x478.jpg 850w, https:\/\/www.ff-kolkwitz.de\/wp-content\/uploads\/2018\/08\/2018-Nr046-003-768x432.jpg 768w, https:\/\/www.ff-kolkwitz.de\/wp-content\/uploads\/2018\/08\/2018-Nr046-003-1200x675.jpg 1200w\" sizes=\"auto, (max-width: 250px) 100vw, 250px\" \/><\/a>\n\t\t\t<\/div><\/figure><figure class='gallery-item'>\n\t\t\t<div class='gallery-icon landscape'>\n\t\t\t\t<a href='https:\/\/www.ff-kolkwitz.de\/wp-content\/uploads\/2018\/08\/2018-Nr046-002.jpg' rel=\"lightbox[2128]\"><img loading=\"lazy\" decoding=\"async\" width=\"250\" height=\"141\" src=\"https:\/\/www.ff-kolkwitz.de\/wp-content\/uploads\/2018\/08\/2018-Nr046-002-250x141.jpg\" class=\"attachment-thumbnail size-thumbnail\" alt=\"\" aria-describedby=\"gallery-1-2130\" srcset=\"https:\/\/www.ff-kolkwitz.de\/wp-content\/uploads\/2018\/08\/2018-Nr046-002-250x141.jpg 250w, https:\/\/www.ff-kolkwitz.de\/wp-content\/uploads\/2018\/08\/2018-Nr046-002-850x478.jpg 850w, https:\/\/www.ff-kolkwitz.de\/wp-content\/uploads\/2018\/08\/2018-Nr046-002-768x432.jpg 768w, https:\/\/www.ff-kolkwitz.de\/wp-content\/uploads\/2018\/08\/2018-Nr046-002-1200x675.jpg 1200w, https:\/\/www.ff-kolkwitz.de\/wp-content\/uploads\/2018\/08\/2018-Nr046-002.jpg 1959w\" sizes=\"auto, (max-width: 250px) 100vw, 250px\" \/><\/a>\n\t\t\t<\/div>\n\t\t\t\t<figcaption class='wp-caption-text gallery-caption' id='gallery-1-2130'>\n\t\t\t\tReste der Heizungsanlage\n\t\t\t\t<\/figcaption><\/figure><figure class='gallery-item'>\n\t\t\t<div class='gallery-icon landscape'>\n\t\t\t\t<a href='https:\/\/www.ff-kolkwitz.de\/wp-content\/uploads\/2018\/08\/2018-Nr046-001.jpg' rel=\"lightbox[2128]\"><img loading=\"lazy\" decoding=\"async\" width=\"250\" height=\"141\" src=\"https:\/\/www.ff-kolkwitz.de\/wp-content\/uploads\/2018\/08\/2018-Nr046-001-250x141.jpg\" class=\"attachment-thumbnail size-thumbnail\" alt=\"\" aria-describedby=\"gallery-1-2129\" srcset=\"https:\/\/www.ff-kolkwitz.de\/wp-content\/uploads\/2018\/08\/2018-Nr046-001-250x141.jpg 250w, https:\/\/www.ff-kolkwitz.de\/wp-content\/uploads\/2018\/08\/2018-Nr046-001-850x478.jpg 850w, https:\/\/www.ff-kolkwitz.de\/wp-content\/uploads\/2018\/08\/2018-Nr046-001-768x432.jpg 768w, https:\/\/www.ff-kolkwitz.de\/wp-content\/uploads\/2018\/08\/2018-Nr046-001-1200x675.jpg 1200w, https:\/\/www.ff-kolkwitz.de\/wp-content\/uploads\/2018\/08\/2018-Nr046-001.jpg 1959w\" sizes=\"auto, (max-width: 250px) 100vw, 250px\" \/><\/a>\n\t\t\t<\/div>\n\t\t\t\t<figcaption class='wp-caption-text gallery-caption' id='gallery-1-2129'>\n\t\t\t\tUnter Atemschutz arbeiten die Feuerwehrleute im Keller\n\t\t\t\t<\/figcaption><\/figure>\n\t\t<\/div>\n\n","protected":false},"author":1,"featured_media":2133,"template":"","meta":{"einsatz_weight":1,"footnotes":""},"categories":[144],"tags":[],"einsatzart":[53],"fahrzeug":[98,184,29,185],"exteinsatzmittel":[12,35,37,26,25],"alarmierungsart":[],"evw_unit":[],"class_list":["post-2128","einsatz","type-einsatz","status-publish","has-post-thumbnail","hentry","category-einsatz","einsatzart-gebaeude-gross","fahrzeug-elw","fahrzeug-hlf20","fahrzeug-tlf","fahrzeug-tlf-w50","exteinsatzmittel-ffw-glinzig","exteinsatzmittel-haenchen","exteinsatzmittel-krieschow","exteinsatzmittel-polizei","exteinsatzmittel-rettungsdienst"],"_links":{"self":[{"href":"https:\/\/www.ff-kolkwitz.de\/index.php?rest_route=\/wp\/v2\/einsatz\/2128","targetHints":{"allow":["GET"]}}],"collection":[{"href":"https:\/\/www.ff-kolkwitz.de\/index.php?rest_route=\/wp\/v2\/einsatz"}],"about":[{"href":"https:\/\/www.ff-kolkwitz.de\/index.php?rest_route=\/wp\/v2\/types\/einsatz"}],"author":[{"embeddable":true,"href":"https:\/\/www.ff-kolkwitz.de\/index.php?rest_route=\/wp\/v2\/users\/1"}],"version-history":[{"count":1,"href":"https:\/\/www.ff-kolkwitz.de\/index.php?rest_route=\/wp\/v2\/einsatz\/2128\/revisions"}],"predecessor-version":[{"id":2134,"href":"https:\/\/www.ff-kolkwitz.de\/index.php?rest_route=\/wp\/v2\/einsatz\/2128\/revisions\/2134"}],"wp:featuredmedia":[{"embeddable":true,"href":"https:\/\/www.ff-kolkwitz.de\/index.php?rest_route=\/wp\/v2\/media\/2133"}],"wp:attachment":[{"href":"https:\/\/www.ff-kolkwitz.de\/index.php?rest_route=%2Fwp%2Fv2%2Fmedia&parent=2128"}],"wp:term":[{"taxonomy":"category","embeddable":true,"href":"https:\/\/www.ff-kolkwitz.de\/index.php?rest_route=%2Fwp%2Fv2%2Fcategories&post=2128"},{"taxonomy":"post_tag","embeddable":true,"href":"https:\/\/www.ff-kolkwitz.de\/index.php?rest_route=%2Fwp%2Fv2%2Ftags&post=2128"},{"taxonomy":"einsatzart","embeddable":true,"href":"https:\/\/www.ff-kolkwitz.de\/index.php?rest_route=%2Fwp%2Fv2%2Feinsatzart&post=2128"},{"taxonomy":"fahrzeug","embeddable":true,"href":"https:\/\/www.ff-kolkwitz.de\/index.php?rest_route=%2Fwp%2Fv2%2Ffahrzeug&post=2128"},{"taxonomy":"exteinsatzmittel","embeddable":true,"href":"https:\/\/www.ff-kolkwitz.de\/index.php?rest_route=%2Fwp%2Fv2%2Fexteinsatzmittel&post=2128"},{"taxonomy":"alarmierungsart","embeddable":true,"href":"https:\/\/www.ff-kolkwitz.de\/index.php?rest_route=%2Fwp%2Fv2%2Falarmierungsart&post=2128"},{"taxonomy":"evw_unit","embeddable":true,"href":"https:\/\/www.ff-kolkwitz.de\/index.php?rest_route=%2Fwp%2Fv2%2Fevw_unit&post=2128"}],"curies":[{"name":"wp","href":"https:\/\/api.w.org\/{rel}","templated":true}]}}

<p>In einem Einfamilienhaus hatte der Heizkessel im Keller angefangen zu brennen. Unter Atemschutz konnte die Feuerwehr den Brand löschen. Mit dem Hochleistungslüfter wurde der Keller belüftet. Die Anwohner konnten sich rechtzeitig in Sicherheit bringen und wurden nicht verletzt.</p>
<div id='gallery-1' class='gallery galleryid-2128 gallery-columns-3 gallery-size-thumbnail'><figure class='gallery-item'>
			<div class='gallery-icon landscape'>
				<a href='https://www.ff-kolkwitz.de/wp-content/uploads/2018/08/2018-Nr046-005.jpg' rel="lightbox[2128]"><img loading="lazy" decoding="async" width="250" height="141" src="https://www.ff-kolkwitz.de/wp-content/uploads/2018/08/2018-Nr046-005-250x141.jpg" class="attachment-thumbnail size-thumbnail" alt="" aria-describedby="gallery-1-2133" srcset="https://www.ff-kolkwitz.de/wp-content/uploads/2018/08/2018-Nr046-005-250x141.jpg 250w, https://www.ff-kolkwitz.de/wp-content/uploads/2018/08/2018-Nr046-005-850x478.jpg 850w, https://www.ff-kolkwitz.de/wp-content/uploads/2018/08/2018-Nr046-005-768x432.jpg 768w, https://www.ff-kolkwitz.de/wp-content/uploads/2018/08/2018-Nr046-005-1200x675.jpg 1200w, https://www.ff-kolkwitz.de/wp-content/uploads/2018/08/2018-Nr046-005.jpg 2048w" sizes="auto, (max-width: 250px) 100vw, 250px" /></a>
			</div>
				<figcaption class='wp-caption-text gallery-caption' id='gallery-1-2133'>
				Die Trupps im Gebäude stehen im ständigen Kontakt mit der Atemschutz-Überwachung, die zB darauf achtet, dass den Kameradinnen und Kameraden während ihrer Arbeit nicht die Luft ausgeht.
				</figcaption></figure><figure class='gallery-item'>
			<div class='gallery-icon landscape'>
				<a href='https://www.ff-kolkwitz.de/wp-content/uploads/2018/08/2018-Nr046-004.jpg' rel="lightbox[2128]"><img loading="lazy" decoding="async" width="250" height="141" src="https://www.ff-kolkwitz.de/wp-content/uploads/2018/08/2018-Nr046-004-250x141.jpg" class="attachment-thumbnail size-thumbnail" alt="" aria-describedby="gallery-1-2132" srcset="https://www.ff-kolkwitz.de/wp-content/uploads/2018/08/2018-Nr046-004-250x141.jpg 250w, https://www.ff-kolkwitz.de/wp-content/uploads/2018/08/2018-Nr046-004-850x478.jpg 850w, https://www.ff-kolkwitz.de/wp-content/uploads/2018/08/2018-Nr046-004-768x432.jpg 768w, https://www.ff-kolkwitz.de/wp-content/uploads/2018/08/2018-Nr046-004-1200x675.jpg 1200w, https://www.ff-kolkwitz.de/wp-content/uploads/2018/08/2018-Nr046-004.jpg 2000w" sizes="auto, (max-width: 250px) 100vw, 250px" /></a>
			</div>
				<figcaption class='wp-caption-text gallery-caption' id='gallery-1-2132'>
				Sämtliche Fahrzeuge der Ortswehr Kolkwitz waren im Einsatz
				</figcaption></figure><figure class='gallery-item'>
			<div class='gallery-icon landscape'>
				<a href='https://www.ff-kolkwitz.de/wp-content/uploads/2018/08/2018-Nr046-003.jpg' rel="lightbox[2128]"><img loading="lazy" decoding="async" width="250" height="141" src="https://www.ff-kolkwitz.de/wp-content/uploads/2018/08/2018-Nr046-003-250x141.jpg" class="attachment-thumbnail size-thumbnail" alt="" srcset="https://www.ff-kolkwitz.de/wp-content/uploads/2018/08/2018-Nr046-003-250x141.jpg 250w, https://www.ff-kolkwitz.de/wp-content/uploads/2018/08/2018-Nr046-003-850x478.jpg 850w, https://www.ff-kolkwitz.de/wp-content/uploads/2018/08/2018-Nr046-003-768x432.jpg 768w, https://www.ff-kolkwitz.de/wp-content/uploads/2018/08/2018-Nr046-003-1200x675.jpg 1200w" sizes="auto, (max-width: 250px) 100vw, 250px" /></a>
			</div></figure><figure class='gallery-item'>
			<div class='gallery-icon landscape'>
				<a href='https://www.ff-kolkwitz.de/wp-content/uploads/2018/08/2018-Nr046-002.jpg' rel="lightbox[2128]"><img loading="lazy" decoding="async" width="250" height="141" src="https://www.ff-kolkwitz.de/wp-content/uploads/2018/08/2018-Nr046-002-250x141.jpg" class="attachment-thumbnail size-thumbnail" alt="" aria-describedby="gallery-1-2130" srcset="https://www.ff-kolkwitz.de/wp-content/uploads/2018/08/2018-Nr046-002-250x141.jpg 250w, https://www.ff-kolkwitz.de/wp-content/uploads/2018/08/2018-Nr046-002-850x478.jpg 850w, https://www.ff-kolkwitz.de/wp-content/uploads/2018/08/2018-Nr046-002-768x432.jpg 768w, https://www.ff-kolkwitz.de/wp-content/uploads/2018/08/2018-Nr046-002-1200x675.jpg 1200w, https://www.ff-kolkwitz.de/wp-content/uploads/2018/08/2018-Nr046-002.jpg 1959w" sizes="auto, (max-width: 250px) 100vw, 250px" /></a>
			</div>
				<figcaption class='wp-caption-text gallery-caption' id='gallery-1-2130'>
				Reste der Heizungsanlage
				</figcaption></figure><figure class='gallery-item'>
			<div class='gallery-icon landscape'>
				<a href='https://www.ff-kolkwitz.de/wp-content/uploads/2018/08/2018-Nr046-001.jpg' rel="lightbox[2128]"><img loading="lazy" decoding="async" width="250" height="141" src="https://www.ff-kolkwitz.de/wp-content/uploads/2018/08/2018-Nr046-001-250x141.jpg" class="attachment-thumbnail size-thumbnail" alt="" aria-describedby="gallery-1-2129" srcset="https://www.ff-kolkwitz.de/wp-content/uploads/2018/08/2018-Nr046-001-250x141.jpg 250w, https://www.ff-kolkwitz.de/wp-content/uploads/2018/08/2018-Nr046-001-850x478.jpg 850w, https://www.ff-kolkwitz.de/wp-content/uploads/2018/08/2018-Nr046-001-768x432.jpg 768w, https://www.ff-kolkwitz.de/wp-content/uploads/2018/08/2018-Nr046-001-1200x675.jpg 1200w, https://www.ff-kolkwitz.de/wp-content/uploads/2018/08/2018-Nr046-001.jpg 1959w" sizes="auto, (max-width: 250px) 100vw, 250px" /></a>
			</div>
				<figcaption class='wp-caption-text gallery-caption' id='gallery-1-2129'>
				Unter Atemschutz arbeiten die Feuerwehrleute im Keller
				</figcaption></figure>
		</div>
