{"id":2144,"date":"2018-08-19T16:00:00","date_gmt":"2018-08-19T14:00:00","guid":{"rendered":"https:\/\/www.ff-kolkwitz.de\/?post_type=einsatz&#038;p=2144"},"modified":"2018-08-20T09:30:12","modified_gmt":"2018-08-20T07:30:12","slug":"waldbrand-12","status":"publish","type":"einsatz","link":"https:\/\/www.ff-kolkwitz.de\/?einsatz=waldbrand-12","title":{"rendered":"Waldbrand"},"content":{"rendered":"<p>Das Kolkwitzer Tankl\u00f6schfahrzeug wurde zu einem Waldbrand alarmiert: An der B169 zwischen Drebkau und Klein O\u00dfnig war ein Feuer gemeldet worden. Vor Ort konnten wir allerdings keinen Brand feststellen und wieder abr\u00fccken.<\/p>\n","protected":false},"author":1,"featured_media":2145,"template":"","meta":{"einsatz_weight":1,"footnotes":""},"categories":[144],"tags":[],"einsatzart":[],"fahrzeug":[29],"exteinsatzmittel":[115,114,42,116,117],"alarmierungsart":[],"evw_unit":[],"class_list":["post-2144","einsatz","type-einsatz","status-publish","has-post-thumbnail","hentry","category-einsatz","fahrzeug-tlf","exteinsatzmittel-ffw-casel","exteinsatzmittel-ffw-drebkau","exteinsatzmittel-ffw-eichow","exteinsatzmittel-ffw-leuthen","exteinsatzmittel-ffw-schorbus"],"_links":{"self":[{"href":"https:\/\/www.ff-kolkwitz.de\/index.php?rest_route=\/wp\/v2\/einsatz\/2144","targetHints":{"allow":["GET"]}}],"collection":[{"href":"https:\/\/www.ff-kolkwitz.de\/index.php?rest_route=\/wp\/v2\/einsatz"}],"about":[{"href":"https:\/\/www.ff-kolkwitz.de\/index.php?rest_route=\/wp\/v2\/types\/einsatz"}],"author":[{"embeddable":true,"href":"https:\/\/www.ff-kolkwitz.de\/index.php?rest_route=\/wp\/v2\/users\/1"}],"version-history":[{"count":1,"href":"https:\/\/www.ff-kolkwitz.de\/index.php?rest_route=\/wp\/v2\/einsatz\/2144\/revisions"}],"predecessor-version":[{"id":2146,"href":"https:\/\/www.ff-kolkwitz.de\/index.php?rest_route=\/wp\/v2\/einsatz\/2144\/revisions\/2146"}],"wp:featuredmedia":[{"embeddable":true,"href":"https:\/\/www.ff-kolkwitz.de\/index.php?rest_route=\/wp\/v2\/media\/2145"}],"wp:attachment":[{"href":"https:\/\/www.ff-kolkwitz.de\/index.php?rest_route=%2Fwp%2Fv2%2Fmedia&parent=2144"}],"wp:term":[{"taxonomy":"category","embeddable":true,"href":"https:\/\/www.ff-kolkwitz.de\/index.php?rest_route=%2Fwp%2Fv2%2Fcategories&post=2144"},{"taxonomy":"post_tag","embeddable":true,"href":"https:\/\/www.ff-kolkwitz.de\/index.php?rest_route=%2Fwp%2Fv2%2Ftags&post=2144"},{"taxonomy":"einsatzart","embeddable":true,"href":"https:\/\/www.ff-kolkwitz.de\/index.php?rest_route=%2Fwp%2Fv2%2Feinsatzart&post=2144"},{"taxonomy":"fahrzeug","embeddable":true,"href":"https:\/\/www.ff-kolkwitz.de\/index.php?rest_route=%2Fwp%2Fv2%2Ffahrzeug&post=2144"},{"taxonomy":"exteinsatzmittel","embeddable":true,"href":"https:\/\/www.ff-kolkwitz.de\/index.php?rest_route=%2Fwp%2Fv2%2Fexteinsatzmittel&post=2144"},{"taxonomy":"alarmierungsart","embeddable":true,"href":"https:\/\/www.ff-kolkwitz.de\/index.php?rest_route=%2Fwp%2Fv2%2Falarmierungsart&post=2144"},{"taxonomy":"evw_unit","embeddable":true,"href":"https:\/\/www.ff-kolkwitz.de\/index.php?rest_route=%2Fwp%2Fv2%2Fevw_unit&post=2144"}],"curies":[{"name":"wp","href":"https:\/\/api.w.org\/{rel}","templated":true}]}}

<p>Das Kolkwitzer Tanklöschfahrzeug wurde zu einem Waldbrand alarmiert: An der B169 zwischen Drebkau und Klein Oßnig war ein Feuer gemeldet worden. Vor Ort konnten wir allerdings keinen Brand feststellen und wieder abrücken.</p>
