{"id":2229,"date":"2018-09-30T20:11:00","date_gmt":"2018-09-30T18:11:00","guid":{"rendered":"https:\/\/www.ff-kolkwitz.de\/?post_type=einsatz&#038;p=2229"},"modified":"2018-09-30T23:10:02","modified_gmt":"2018-09-30T21:10:02","slug":"verkehrsunfall-34","status":"publish","type":"einsatz","link":"https:\/\/www.ff-kolkwitz.de\/?einsatz=verkehrsunfall-34","title":{"rendered":"Verkehrsunfall"},"content":{"rendered":"<p>Ein Auto war von der Stra\u00dfe abgekommen und im Stra\u00dfengraben gegen einen Baum geprallt. Die Fuerwehr konnte die Fahrerin gemeinsam mit dem Rettungsdienst aus dem Fahrzeug befreien und in den Rettungswagen bringen.<\/p>\n<p>Ausserdem wurde die Einsatzstelle abgesichert und ausgeleuchtet, auslaufende Fl\u00fcssigkeiten aufgefangen und der Brandschutz sichergestellt.<\/p>\n<p>Im Anschlu\u00df wurden mit der Kettens\u00e4ge \u00c4ste entfernt, damit das Auto freiliegt.<\/p>\n<div id='gallery-1' class='gallery galleryid-2229 gallery-columns-3 gallery-size-thumbnail'><figure class='gallery-item'>\n\t\t\t<div class='gallery-icon landscape'>\n\t\t\t\t<a href='https:\/\/www.ff-kolkwitz.de\/wp-content\/uploads\/2018\/09\/0218-Nr060-001.jpg' rel=\"lightbox[2229]\"><img loading=\"lazy\" decoding=\"async\" width=\"250\" height=\"141\" src=\"https:\/\/www.ff-kolkwitz.de\/wp-content\/uploads\/2018\/09\/0218-Nr060-001-250x141.jpg\" class=\"attachment-thumbnail size-thumbnail\" alt=\"\" srcset=\"https:\/\/www.ff-kolkwitz.de\/wp-content\/uploads\/2018\/09\/0218-Nr060-001-250x141.jpg 250w, https:\/\/www.ff-kolkwitz.de\/wp-content\/uploads\/2018\/09\/0218-Nr060-001-850x478.jpg 850w, https:\/\/www.ff-kolkwitz.de\/wp-content\/uploads\/2018\/09\/0218-Nr060-001-768x432.jpg 768w, https:\/\/www.ff-kolkwitz.de\/wp-content\/uploads\/2018\/09\/0218-Nr060-001-1200x675.jpg 1200w\" sizes=\"auto, (max-width: 250px) 100vw, 250px\" \/><\/a>\n\t\t\t<\/div><\/figure><figure class='gallery-item'>\n\t\t\t<div class='gallery-icon landscape'>\n\t\t\t\t<a href='https:\/\/www.ff-kolkwitz.de\/wp-content\/uploads\/2018\/09\/0218-Nr060-002.jpg' rel=\"lightbox[2229]\"><img loading=\"lazy\" decoding=\"async\" width=\"250\" height=\"141\" src=\"https:\/\/www.ff-kolkwitz.de\/wp-content\/uploads\/2018\/09\/0218-Nr060-002-250x141.jpg\" class=\"attachment-thumbnail size-thumbnail\" alt=\"\" srcset=\"https:\/\/www.ff-kolkwitz.de\/wp-content\/uploads\/2018\/09\/0218-Nr060-002-250x141.jpg 250w, https:\/\/www.ff-kolkwitz.de\/wp-content\/uploads\/2018\/09\/0218-Nr060-002-850x478.jpg 850w, https:\/\/www.ff-kolkwitz.de\/wp-content\/uploads\/2018\/09\/0218-Nr060-002-768x432.jpg 768w, https:\/\/www.ff-kolkwitz.de\/wp-content\/uploads\/2018\/09\/0218-Nr060-002-1200x675.jpg 1200w\" sizes=\"auto, (max-width: 250px) 100vw, 250px\" \/><\/a>\n\t\t\t<\/div><\/figure><figure class='gallery-item'>\n\t\t\t<div class='gallery-icon landscape'>\n\t\t\t\t<a href='https:\/\/www.ff-kolkwitz.de\/wp-content\/uploads\/2018\/09\/0218-Nr060-003.jpg' rel=\"lightbox[2229]\"><img loading=\"lazy\" decoding=\"async\" width=\"250\" height=\"141\" src=\"https:\/\/www.ff-kolkwitz.de\/wp-content\/uploads\/2018\/09\/0218-Nr060-003-250x141.jpg\" class=\"attachment-thumbnail size-thumbnail\" alt=\"\" srcset=\"https:\/\/www.ff-kolkwitz.de\/wp-content\/uploads\/2018\/09\/0218-Nr060-003-250x141.jpg 250w, https:\/\/www.ff-kolkwitz.de\/wp-content\/uploads\/2018\/09\/0218-Nr060-003-850x478.jpg 850w, https:\/\/www.ff-kolkwitz.de\/wp-content\/uploads\/2018\/09\/0218-Nr060-003-768x432.jpg 768w, https:\/\/www.ff-kolkwitz.de\/wp-content\/uploads\/2018\/09\/0218-Nr060-003-1200x675.jpg 1200w\" sizes=\"auto, (max-width: 250px) 100vw, 250px\" \/><\/a>\n\t\t\t<\/div><\/figure>\n\t\t<\/div>\n\n","protected":false},"author":1,"featured_media":2232,"template":"","meta":{"einsatz_weight":1,"footnotes":""},"categories":[144],"tags":[],"einsatzart":[67],"fahrzeug":[98,184,29],"exteinsatzmittel":[12,36,43,26,25],"alarmierungsart":[],"evw_unit":[],"class_list":["post-2229","einsatz","type-einsatz","status-publish","has-post-thumbnail","hentry","category-einsatz","einsatzart-klemm","fahrzeug-elw","fahrzeug-hlf20","fahrzeug-tlf","exteinsatzmittel-ffw-glinzig","exteinsatzmittel-klein-gaglow","exteinsatzmittel-ffw-limberg","exteinsatzmittel-polizei","exteinsatzmittel-rettungsdienst"],"_links":{"self":[{"href":"https:\/\/www.ff-kolkwitz.de\/index.php?rest_route=\/wp\/v2\/einsatz\/2229","targetHints":{"allow":["GET"]}}],"collection":[{"href":"https:\/\/www.ff-kolkwitz.de\/index.php?rest_route=\/wp\/v2\/einsatz"}],"about":[{"href":"https:\/\/www.ff-kolkwitz.de\/index.php?rest_route=\/wp\/v2\/types\/einsatz"}],"author":[{"embeddable":true,"href":"https:\/\/www.ff-kolkwitz.de\/index.php?rest_route=\/wp\/v2\/users\/1"}],"version-history":[{"count":1,"href":"https:\/\/www.ff-kolkwitz.de\/index.php?rest_route=\/wp\/v2\/einsatz\/2229\/revisions"}],"predecessor-version":[{"id":2233,"href":"https:\/\/www.ff-kolkwitz.de\/index.php?rest_route=\/wp\/v2\/einsatz\/2229\/revisions\/2233"}],"wp:featuredmedia":[{"embeddable":true,"href":"https:\/\/www.ff-kolkwitz.de\/index.php?rest_route=\/wp\/v2\/media\/2232"}],"wp:attachment":[{"href":"https:\/\/www.ff-kolkwitz.de\/index.php?rest_route=%2Fwp%2Fv2%2Fmedia&parent=2229"}],"wp:term":[{"taxonomy":"category","embeddable":true,"href":"https:\/\/www.ff-kolkwitz.de\/index.php?rest_route=%2Fwp%2Fv2%2Fcategories&post=2229"},{"taxonomy":"post_tag","embeddable":true,"href":"https:\/\/www.ff-kolkwitz.de\/index.php?rest_route=%2Fwp%2Fv2%2Ftags&post=2229"},{"taxonomy":"einsatzart","embeddable":true,"href":"https:\/\/www.ff-kolkwitz.de\/index.php?rest_route=%2Fwp%2Fv2%2Feinsatzart&post=2229"},{"taxonomy":"fahrzeug","embeddable":true,"href":"https:\/\/www.ff-kolkwitz.de\/index.php?rest_route=%2Fwp%2Fv2%2Ffahrzeug&post=2229"},{"taxonomy":"exteinsatzmittel","embeddable":true,"href":"https:\/\/www.ff-kolkwitz.de\/index.php?rest_route=%2Fwp%2Fv2%2Fexteinsatzmittel&post=2229"},{"taxonomy":"alarmierungsart","embeddable":true,"href":"https:\/\/www.ff-kolkwitz.de\/index.php?rest_route=%2Fwp%2Fv2%2Falarmierungsart&post=2229"},{"taxonomy":"evw_unit","embeddable":true,"href":"https:\/\/www.ff-kolkwitz.de\/index.php?rest_route=%2Fwp%2Fv2%2Fevw_unit&post=2229"}],"curies":[{"name":"wp","href":"https:\/\/api.w.org\/{rel}","templated":true}]}}

<p>Ein Auto war von der Straße abgekommen und im Straßengraben gegen einen Baum geprallt. Die Fuerwehr konnte die Fahrerin gemeinsam mit dem Rettungsdienst aus dem Fahrzeug befreien und in den Rettungswagen bringen.</p>
<p>Ausserdem wurde die Einsatzstelle abgesichert und ausgeleuchtet, auslaufende Flüssigkeiten aufgefangen und der Brandschutz sichergestellt.</p>
<p>Im Anschluß wurden mit der Kettensäge Äste entfernt, damit das Auto freiliegt.</p>
<div id='gallery-1' class='gallery galleryid-2229 gallery-columns-3 gallery-size-thumbnail'><figure class='gallery-item'>
			<div class='gallery-icon landscape'>
				<a href='https://www.ff-kolkwitz.de/wp-content/uploads/2018/09/0218-Nr060-001.jpg' rel="lightbox[2229]"><img loading="lazy" decoding="async" width="250" height="141" src="https://www.ff-kolkwitz.de/wp-content/uploads/2018/09/0218-Nr060-001-250x141.jpg" class="attachment-thumbnail size-thumbnail" alt="" srcset="https://www.ff-kolkwitz.de/wp-content/uploads/2018/09/0218-Nr060-001-250x141.jpg 250w, https://www.ff-kolkwitz.de/wp-content/uploads/2018/09/0218-Nr060-001-850x478.jpg 850w, https://www.ff-kolkwitz.de/wp-content/uploads/2018/09/0218-Nr060-001-768x432.jpg 768w, https://www.ff-kolkwitz.de/wp-content/uploads/2018/09/0218-Nr060-001-1200x675.jpg 1200w" sizes="auto, (max-width: 250px) 100vw, 250px" /></a>
			</div></figure><figure class='gallery-item'>
			<div class='gallery-icon landscape'>
				<a href='https://www.ff-kolkwitz.de/wp-content/uploads/2018/09/0218-Nr060-002.jpg' rel="lightbox[2229]"><img loading="lazy" decoding="async" width="250" height="141" src="https://www.ff-kolkwitz.de/wp-content/uploads/2018/09/0218-Nr060-002-250x141.jpg" class="attachment-thumbnail size-thumbnail" alt="" srcset="https://www.ff-kolkwitz.de/wp-content/uploads/2018/09/0218-Nr060-002-250x141.jpg 250w, https://www.ff-kolkwitz.de/wp-content/uploads/2018/09/0218-Nr060-002-850x478.jpg 850w, https://www.ff-kolkwitz.de/wp-content/uploads/2018/09/0218-Nr060-002-768x432.jpg 768w, https://www.ff-kolkwitz.de/wp-content/uploads/2018/09/0218-Nr060-002-1200x675.jpg 1200w" sizes="auto, (max-width: 250px) 100vw, 250px" /></a>
			</div></figure><figure class='gallery-item'>
			<div class='gallery-icon landscape'>
				<a href='https://www.ff-kolkwitz.de/wp-content/uploads/2018/09/0218-Nr060-003.jpg' rel="lightbox[2229]"><img loading="lazy" decoding="async" width="250" height="141" src="https://www.ff-kolkwitz.de/wp-content/uploads/2018/09/0218-Nr060-003-250x141.jpg" class="attachment-thumbnail size-thumbnail" alt="" srcset="https://www.ff-kolkwitz.de/wp-content/uploads/2018/09/0218-Nr060-003-250x141.jpg 250w, https://www.ff-kolkwitz.de/wp-content/uploads/2018/09/0218-Nr060-003-850x478.jpg 850w, https://www.ff-kolkwitz.de/wp-content/uploads/2018/09/0218-Nr060-003-768x432.jpg 768w, https://www.ff-kolkwitz.de/wp-content/uploads/2018/09/0218-Nr060-003-1200x675.jpg 1200w" sizes="auto, (max-width: 250px) 100vw, 250px" /></a>
			</div></figure>
		</div>
