{"id":237,"date":"2015-01-09T16:55:00","date_gmt":"2015-01-09T16:55:00","guid":{"rendered":"http:\/\/www.ff-kolkwitz.de\/?post_type=einsatz&#038;p=237"},"modified":"2017-05-28T21:20:07","modified_gmt":"2017-05-28T19:20:07","slug":"baum-auf-auto","status":"publish","type":"einsatz","link":"https:\/\/www.ff-kolkwitz.de\/?einsatz=baum-auf-auto","title":{"rendered":"Baum auf Auto"},"content":{"rendered":"<p>Ein Baum war auf die Stra\u00dfe gefallen. Die Feuerwehr sicherte die Einsatzstelle, s\u00e4gte den Baum klein und ber\u00e4umte die Stra\u00dfe<\/p>\n<p><a href=\"https:\/\/www.ff-kolkwitz.de\/wp-content\/uploads\/2015\/01\/Nr03-02.jpg\" rel=\"lightbox[237]\"><img loading=\"lazy\" decoding=\"async\" class=\"aligncenter size-medium wp-image-242\" src=\"https:\/\/www.ff-kolkwitz.de\/wp-content\/uploads\/2015\/01\/Nr03-02-300x225.jpg\" alt=\"Nr03-02\" width=\"300\" height=\"225\" srcset=\"https:\/\/www.ff-kolkwitz.de\/wp-content\/uploads\/2015\/01\/Nr03-02-300x225.jpg 300w, https:\/\/www.ff-kolkwitz.de\/wp-content\/uploads\/2015\/01\/Nr03-02-1024x768.jpg 1024w\" sizes=\"auto, (max-width: 300px) 100vw, 300px\" \/><\/a> <a href=\"https:\/\/www.ff-kolkwitz.de\/wp-content\/uploads\/2015\/01\/Nr03-01.jpg\" rel=\"lightbox[237]\"><img loading=\"lazy\" decoding=\"async\" class=\"aligncenter wp-image-243 size-medium\" src=\"https:\/\/www.ff-kolkwitz.de\/wp-content\/uploads\/2015\/01\/Nr03-01-300x225.jpg\" alt=\"Nr03-01\" width=\"300\" height=\"225\" srcset=\"https:\/\/www.ff-kolkwitz.de\/wp-content\/uploads\/2015\/01\/Nr03-01-300x225.jpg 300w, https:\/\/www.ff-kolkwitz.de\/wp-content\/uploads\/2015\/01\/Nr03-01-1024x768.jpg 1024w\" sizes=\"auto, (max-width: 300px) 100vw, 300px\" \/><\/a><\/p>\n","protected":false},"author":1,"featured_media":0,"template":"","meta":{"einsatz_weight":1,"footnotes":""},"categories":[144],"tags":[],"einsatzart":[3],"fahrzeug":[10,9],"exteinsatzmittel":[],"alarmierungsart":[],"evw_unit":[],"class_list":["post-237","einsatz","type-einsatz","status-publish","hentry","category-einsatz","einsatzart-natur","fahrzeug-kdow","fahrzeug-lf-1612"],"_links":{"self":[{"href":"https:\/\/www.ff-kolkwitz.de\/index.php?rest_route=\/wp\/v2\/einsatz\/237","targetHints":{"allow":["GET"]}}],"collection":[{"href":"https:\/\/www.ff-kolkwitz.de\/index.php?rest_route=\/wp\/v2\/einsatz"}],"about":[{"href":"https:\/\/www.ff-kolkwitz.de\/index.php?rest_route=\/wp\/v2\/types\/einsatz"}],"author":[{"embeddable":true,"href":"https:\/\/www.ff-kolkwitz.de\/index.php?rest_route=\/wp\/v2\/users\/1"}],"version-history":[{"count":1,"href":"https:\/\/www.ff-kolkwitz.de\/index.php?rest_route=\/wp\/v2\/einsatz\/237\/revisions"}],"predecessor-version":[{"id":1442,"href":"https:\/\/www.ff-kolkwitz.de\/index.php?rest_route=\/wp\/v2\/einsatz\/237\/revisions\/1442"}],"wp:attachment":[{"href":"https:\/\/www.ff-kolkwitz.de\/index.php?rest_route=%2Fwp%2Fv2%2Fmedia&parent=237"}],"wp:term":[{"taxonomy":"category","embeddable":true,"href":"https:\/\/www.ff-kolkwitz.de\/index.php?rest_route=%2Fwp%2Fv2%2Fcategories&post=237"},{"taxonomy":"post_tag","embeddable":true,"href":"https:\/\/www.ff-kolkwitz.de\/index.php?rest_route=%2Fwp%2Fv2%2Ftags&post=237"},{"taxonomy":"einsatzart","embeddable":true,"href":"https:\/\/www.ff-kolkwitz.de\/index.php?rest_route=%2Fwp%2Fv2%2Feinsatzart&post=237"},{"taxonomy":"fahrzeug","embeddable":true,"href":"https:\/\/www.ff-kolkwitz.de\/index.php?rest_route=%2Fwp%2Fv2%2Ffahrzeug&post=237"},{"taxonomy":"exteinsatzmittel","embeddable":true,"href":"https:\/\/www.ff-kolkwitz.de\/index.php?rest_route=%2Fwp%2Fv2%2Fexteinsatzmittel&post=237"},{"taxonomy":"alarmierungsart","embeddable":true,"href":"https:\/\/www.ff-kolkwitz.de\/index.php?rest_route=%2Fwp%2Fv2%2Falarmierungsart&post=237"},{"taxonomy":"evw_unit","embeddable":true,"href":"https:\/\/www.ff-kolkwitz.de\/index.php?rest_route=%2Fwp%2Fv2%2Fevw_unit&post=237"}],"curies":[{"name":"wp","href":"https:\/\/api.w.org\/{rel}","templated":true}]}}

<p>Ein Baum war auf die Straße gefallen. Die Feuerwehr sicherte die Einsatzstelle, sägte den Baum klein und beräumte die Straße</p>
<p><a href="https://www.ff-kolkwitz.de/wp-content/uploads/2015/01/Nr03-02.jpg" rel="lightbox[237]"><img loading="lazy" decoding="async" class="aligncenter size-medium wp-image-242" src="https://www.ff-kolkwitz.de/wp-content/uploads/2015/01/Nr03-02-300x225.jpg" alt="Nr03-02" width="300" height="225" srcset="https://www.ff-kolkwitz.de/wp-content/uploads/2015/01/Nr03-02-300x225.jpg 300w, https://www.ff-kolkwitz.de/wp-content/uploads/2015/01/Nr03-02-1024x768.jpg 1024w" sizes="auto, (max-width: 300px) 100vw, 300px" /></a> <a href="https://www.ff-kolkwitz.de/wp-content/uploads/2015/01/Nr03-01.jpg" rel="lightbox[237]"><img loading="lazy" decoding="async" class="aligncenter wp-image-243 size-medium" src="https://www.ff-kolkwitz.de/wp-content/uploads/2015/01/Nr03-01-300x225.jpg" alt="Nr03-01" width="300" height="225" srcset="https://www.ff-kolkwitz.de/wp-content/uploads/2015/01/Nr03-01-300x225.jpg 300w, https://www.ff-kolkwitz.de/wp-content/uploads/2015/01/Nr03-01-1024x768.jpg 1024w" sizes="auto, (max-width: 300px) 100vw, 300px" /></a></p>
