{"id":2626,"date":"2019-06-30T21:46:00","date_gmt":"2019-06-30T19:46:00","guid":{"rendered":"https:\/\/www.ff-kolkwitz.de\/?post_type=einsatz&#038;p=2626"},"modified":"2020-01-04T23:25:14","modified_gmt":"2020-01-04T21:25:14","slug":"tierleichen-im-kleidercontainer","status":"publish","type":"einsatz","link":"https:\/\/www.ff-kolkwitz.de\/?einsatz=tierleichen-im-kleidercontainer","title":{"rendered":"Tierleichen im Kleidercontainer"},"content":{"rendered":"<p>Anwohner hatten die Polizei informiert, weil sie Verwesungsgeruch aus einem Altkleidercontainer bemerkt hatten. Die bekam den Container aber nicht ge\u00f6ffnet und rief die Feuerwehr zur Unterst\u00fctzung. Tats\u00e4chlich zeigte sich der Beh\u00e4lter als recht widerstandsf\u00e4hig, konnte aber mit Spreizer und Trennschleifer schlie\u00dflich ge\u00f6ffnet werden. Die Quelle f\u00fcr den Gestank waren drei tote Kaninchen, die jemand im Container entsorgt hatte. Die Feuerwehr half dabei, die \u00dcberreste zu sichern und reinigte den Container mit Wasser.<\/p>\n<div id='gallery-1' class='gallery galleryid-2626 gallery-columns-2 gallery-size-thumbnail'><figure class='gallery-item'>\n\t\t\t<div class='gallery-icon landscape'>\n\t\t\t\t<a href='https:\/\/www.ff-kolkwitz.de\/wp-content\/uploads\/2019\/06\/2019-Nr037-001.jpg' rel=\"lightbox[2626]\"><img loading=\"lazy\" decoding=\"async\" width=\"250\" height=\"141\" src=\"https:\/\/www.ff-kolkwitz.de\/wp-content\/uploads\/2019\/06\/2019-Nr037-001-250x141.jpg\" class=\"attachment-thumbnail size-thumbnail\" alt=\"\" aria-describedby=\"gallery-1-2627\" srcset=\"https:\/\/www.ff-kolkwitz.de\/wp-content\/uploads\/2019\/06\/2019-Nr037-001-250x141.jpg 250w, https:\/\/www.ff-kolkwitz.de\/wp-content\/uploads\/2019\/06\/2019-Nr037-001-850x478.jpg 850w, https:\/\/www.ff-kolkwitz.de\/wp-content\/uploads\/2019\/06\/2019-Nr037-001-1200x675.jpg 1200w\" sizes=\"auto, (max-width: 250px) 100vw, 250px\" \/><\/a>\n\t\t\t<\/div>\n\t\t\t\t<figcaption class='wp-caption-text gallery-caption' id='gallery-1-2627'>\n\t\t\t\tMit dem Spreizer wird der Bolzen freigelegt&#8230;\n\t\t\t\t<\/figcaption><\/figure><figure class='gallery-item'>\n\t\t\t<div class='gallery-icon landscape'>\n\t\t\t\t<a href='https:\/\/www.ff-kolkwitz.de\/wp-content\/uploads\/2019\/06\/2019-Nr037-002.jpg' rel=\"lightbox[2626]\"><img loading=\"lazy\" decoding=\"async\" width=\"250\" height=\"141\" src=\"https:\/\/www.ff-kolkwitz.de\/wp-content\/uploads\/2019\/06\/2019-Nr037-002-250x141.jpg\" class=\"attachment-thumbnail size-thumbnail\" alt=\"\" aria-describedby=\"gallery-1-2628\" srcset=\"https:\/\/www.ff-kolkwitz.de\/wp-content\/uploads\/2019\/06\/2019-Nr037-002-250x141.jpg 250w, https:\/\/www.ff-kolkwitz.de\/wp-content\/uploads\/2019\/06\/2019-Nr037-002-850x478.jpg 850w, https:\/\/www.ff-kolkwitz.de\/wp-content\/uploads\/2019\/06\/2019-Nr037-002-1200x675.jpg 1200w\" sizes=\"auto, (max-width: 250px) 100vw, 250px\" \/><\/a>\n\t\t\t<\/div>\n\t\t\t\t<figcaption class='wp-caption-text gallery-caption' id='gallery-1-2628'>\n\t\t\t\tUnd mit dem Trennschleifer zers\u00e4gt\n\t\t\t\t<\/figcaption><\/figure>\n\t\t<\/div>\n\n","protected":false},"author":1,"featured_media":2628,"template":"","meta":{"einsatz_weight":1,"footnotes":""},"categories":[144],"tags":[],"einsatzart":[64],"fahrzeug":[98,29],"exteinsatzmittel":[26],"alarmierungsart":[],"evw_unit":[],"class_list":["post-2626","einsatz","type-einsatz","status-publish","has-post-thumbnail","hentry","category-einsatz","einsatzart-klein-hilfeleistung","fahrzeug-elw","fahrzeug-tlf","exteinsatzmittel-polizei"],"_links":{"self":[{"href":"https:\/\/www.ff-kolkwitz.de\/index.php?rest_route=\/wp\/v2\/einsatz\/2626","targetHints":{"allow":["GET"]}}],"collection":[{"href":"https:\/\/www.ff-kolkwitz.de\/index.php?rest_route=\/wp\/v2\/einsatz"}],"about":[{"href":"https:\/\/www.ff-kolkwitz.de\/index.php?rest_route=\/wp\/v2\/types\/einsatz"}],"author":[{"embeddable":true,"href":"https:\/\/www.ff-kolkwitz.de\/index.php?rest_route=\/wp\/v2\/users\/1"}],"version-history":[{"count":1,"href":"https:\/\/www.ff-kolkwitz.de\/index.php?rest_route=\/wp\/v2\/einsatz\/2626\/revisions"}],"predecessor-version":[{"id":2629,"href":"https:\/\/www.ff-kolkwitz.de\/index.php?rest_route=\/wp\/v2\/einsatz\/2626\/revisions\/2629"}],"wp:featuredmedia":[{"embeddable":true,"href":"https:\/\/www.ff-kolkwitz.de\/index.php?rest_route=\/wp\/v2\/media\/2628"}],"wp:attachment":[{"href":"https:\/\/www.ff-kolkwitz.de\/index.php?rest_route=%2Fwp%2Fv2%2Fmedia&parent=2626"}],"wp:term":[{"taxonomy":"category","embeddable":true,"href":"https:\/\/www.ff-kolkwitz.de\/index.php?rest_route=%2Fwp%2Fv2%2Fcategories&post=2626"},{"taxonomy":"post_tag","embeddable":true,"href":"https:\/\/www.ff-kolkwitz.de\/index.php?rest_route=%2Fwp%2Fv2%2Ftags&post=2626"},{"taxonomy":"einsatzart","embeddable":true,"href":"https:\/\/www.ff-kolkwitz.de\/index.php?rest_route=%2Fwp%2Fv2%2Feinsatzart&post=2626"},{"taxonomy":"fahrzeug","embeddable":true,"href":"https:\/\/www.ff-kolkwitz.de\/index.php?rest_route=%2Fwp%2Fv2%2Ffahrzeug&post=2626"},{"taxonomy":"exteinsatzmittel","embeddable":true,"href":"https:\/\/www.ff-kolkwitz.de\/index.php?rest_route=%2Fwp%2Fv2%2Fexteinsatzmittel&post=2626"},{"taxonomy":"alarmierungsart","embeddable":true,"href":"https:\/\/www.ff-kolkwitz.de\/index.php?rest_route=%2Fwp%2Fv2%2Falarmierungsart&post=2626"},{"taxonomy":"evw_unit","embeddable":true,"href":"https:\/\/www.ff-kolkwitz.de\/index.php?rest_route=%2Fwp%2Fv2%2Fevw_unit&post=2626"}],"curies":[{"name":"wp","href":"https:\/\/api.w.org\/{rel}","templated":true}]}}

<p>Anwohner hatten die Polizei informiert, weil sie Verwesungsgeruch aus einem Altkleidercontainer bemerkt hatten. Die bekam den Container aber nicht geöffnet und rief die Feuerwehr zur Unterstützung. Tatsächlich zeigte sich der Behälter als recht widerstandsfähig, konnte aber mit Spreizer und Trennschleifer schließlich geöffnet werden. Die Quelle für den Gestank waren drei tote Kaninchen, die jemand im Container entsorgt hatte. Die Feuerwehr half dabei, die Überreste zu sichern und reinigte den Container mit Wasser.</p>
<div id='gallery-1' class='gallery galleryid-2626 gallery-columns-2 gallery-size-thumbnail'><figure class='gallery-item'>
			<div class='gallery-icon landscape'>
				<a href='https://www.ff-kolkwitz.de/wp-content/uploads/2019/06/2019-Nr037-001.jpg' rel="lightbox[2626]"><img loading="lazy" decoding="async" width="250" height="141" src="https://www.ff-kolkwitz.de/wp-content/uploads/2019/06/2019-Nr037-001-250x141.jpg" class="attachment-thumbnail size-thumbnail" alt="" aria-describedby="gallery-1-2627" srcset="https://www.ff-kolkwitz.de/wp-content/uploads/2019/06/2019-Nr037-001-250x141.jpg 250w, https://www.ff-kolkwitz.de/wp-content/uploads/2019/06/2019-Nr037-001-850x478.jpg 850w, https://www.ff-kolkwitz.de/wp-content/uploads/2019/06/2019-Nr037-001-1200x675.jpg 1200w" sizes="auto, (max-width: 250px) 100vw, 250px" /></a>
			</div>
				<figcaption class='wp-caption-text gallery-caption' id='gallery-1-2627'>
				Mit dem Spreizer wird der Bolzen freigelegt&#8230;
				</figcaption></figure><figure class='gallery-item'>
			<div class='gallery-icon landscape'>
				<a href='https://www.ff-kolkwitz.de/wp-content/uploads/2019/06/2019-Nr037-002.jpg' rel="lightbox[2626]"><img loading="lazy" decoding="async" width="250" height="141" src="https://www.ff-kolkwitz.de/wp-content/uploads/2019/06/2019-Nr037-002-250x141.jpg" class="attachment-thumbnail size-thumbnail" alt="" aria-describedby="gallery-1-2628" srcset="https://www.ff-kolkwitz.de/wp-content/uploads/2019/06/2019-Nr037-002-250x141.jpg 250w, https://www.ff-kolkwitz.de/wp-content/uploads/2019/06/2019-Nr037-002-850x478.jpg 850w, https://www.ff-kolkwitz.de/wp-content/uploads/2019/06/2019-Nr037-002-1200x675.jpg 1200w" sizes="auto, (max-width: 250px) 100vw, 250px" /></a>
			</div>
				<figcaption class='wp-caption-text gallery-caption' id='gallery-1-2628'>
				Und mit dem Trennschleifer zersägt
				</figcaption></figure>
		</div>
