{"id":2722,"date":"2019-07-26T15:15:00","date_gmt":"2019-07-26T13:15:00","guid":{"rendered":"https:\/\/www.ff-kolkwitz.de\/?post_type=einsatz&#038;p=2722"},"modified":"2019-07-27T14:26:33","modified_gmt":"2019-07-27T12:26:33","slug":"flaechenbrand-6","status":"publish","type":"einsatz","link":"https:\/\/www.ff-kolkwitz.de\/?einsatz=flaechenbrand-6","title":{"rendered":"Fl\u00e4chenbrand"},"content":{"rendered":"<p>In der N\u00e4he eines\u00a0 Umspannwerkes Richtung Cottbus ist es zu einen Fl\u00e4chenbrand gekommen. Es brannten mehrere B\u00fcsche und B\u00e4ume.<\/p>\n<div id='gallery-1' class='gallery galleryid-2722 gallery-columns-2 gallery-size-thumbnail'><figure class='gallery-item'>\n\t\t\t<div class='gallery-icon landscape'>\n\t\t\t\t<a href='https:\/\/www.ff-kolkwitz.de\/wp-content\/uploads\/2019\/07\/2019-nr048-001.jpg' rel=\"lightbox[2722]\"><img loading=\"lazy\" decoding=\"async\" width=\"250\" height=\"141\" src=\"https:\/\/www.ff-kolkwitz.de\/wp-content\/uploads\/2019\/07\/2019-nr048-001-250x141.jpg\" class=\"attachment-thumbnail size-thumbnail\" alt=\"\" srcset=\"https:\/\/www.ff-kolkwitz.de\/wp-content\/uploads\/2019\/07\/2019-nr048-001-250x141.jpg 250w, https:\/\/www.ff-kolkwitz.de\/wp-content\/uploads\/2019\/07\/2019-nr048-001-850x478.jpg 850w, https:\/\/www.ff-kolkwitz.de\/wp-content\/uploads\/2019\/07\/2019-nr048-001-768x432.jpg 768w, https:\/\/www.ff-kolkwitz.de\/wp-content\/uploads\/2019\/07\/2019-nr048-001-1200x675.jpg 1200w\" sizes=\"auto, (max-width: 250px) 100vw, 250px\" \/><\/a>\n\t\t\t<\/div><\/figure><figure class='gallery-item'>\n\t\t\t<div class='gallery-icon landscape'>\n\t\t\t\t<a href='https:\/\/www.ff-kolkwitz.de\/wp-content\/uploads\/2019\/07\/2019-nr048-002.jpg' rel=\"lightbox[2722]\"><img loading=\"lazy\" decoding=\"async\" width=\"250\" height=\"141\" src=\"https:\/\/www.ff-kolkwitz.de\/wp-content\/uploads\/2019\/07\/2019-nr048-002-250x141.jpg\" class=\"attachment-thumbnail size-thumbnail\" alt=\"\" srcset=\"https:\/\/www.ff-kolkwitz.de\/wp-content\/uploads\/2019\/07\/2019-nr048-002-250x141.jpg 250w, https:\/\/www.ff-kolkwitz.de\/wp-content\/uploads\/2019\/07\/2019-nr048-002-850x478.jpg 850w, https:\/\/www.ff-kolkwitz.de\/wp-content\/uploads\/2019\/07\/2019-nr048-002-768x432.jpg 768w, https:\/\/www.ff-kolkwitz.de\/wp-content\/uploads\/2019\/07\/2019-nr048-002-1200x675.jpg 1200w\" sizes=\"auto, (max-width: 250px) 100vw, 250px\" \/><\/a>\n\t\t\t<\/div><\/figure><figure class='gallery-item'>\n\t\t\t<div class='gallery-icon landscape'>\n\t\t\t\t<a href='https:\/\/www.ff-kolkwitz.de\/wp-content\/uploads\/2019\/07\/2019-nr048-003.jpg' rel=\"lightbox[2722]\"><img loading=\"lazy\" decoding=\"async\" width=\"250\" height=\"141\" src=\"https:\/\/www.ff-kolkwitz.de\/wp-content\/uploads\/2019\/07\/2019-nr048-003-250x141.jpg\" class=\"attachment-thumbnail size-thumbnail\" alt=\"\" srcset=\"https:\/\/www.ff-kolkwitz.de\/wp-content\/uploads\/2019\/07\/2019-nr048-003-250x141.jpg 250w, https:\/\/www.ff-kolkwitz.de\/wp-content\/uploads\/2019\/07\/2019-nr048-003-850x478.jpg 850w, https:\/\/www.ff-kolkwitz.de\/wp-content\/uploads\/2019\/07\/2019-nr048-003-768x432.jpg 768w, https:\/\/www.ff-kolkwitz.de\/wp-content\/uploads\/2019\/07\/2019-nr048-003-1200x675.jpg 1200w\" sizes=\"auto, (max-width: 250px) 100vw, 250px\" \/><\/a>\n\t\t\t<\/div><\/figure><figure class='gallery-item'>\n\t\t\t<div class='gallery-icon landscape'>\n\t\t\t\t<a href='https:\/\/www.ff-kolkwitz.de\/wp-content\/uploads\/2019\/07\/2019-nr048-004.jpg' rel=\"lightbox[2722]\"><img loading=\"lazy\" decoding=\"async\" width=\"250\" height=\"141\" src=\"https:\/\/www.ff-kolkwitz.de\/wp-content\/uploads\/2019\/07\/2019-nr048-004-250x141.jpg\" class=\"attachment-thumbnail size-thumbnail\" alt=\"\" srcset=\"https:\/\/www.ff-kolkwitz.de\/wp-content\/uploads\/2019\/07\/2019-nr048-004-250x141.jpg 250w, https:\/\/www.ff-kolkwitz.de\/wp-content\/uploads\/2019\/07\/2019-nr048-004-850x478.jpg 850w, https:\/\/www.ff-kolkwitz.de\/wp-content\/uploads\/2019\/07\/2019-nr048-004-768x432.jpg 768w, https:\/\/www.ff-kolkwitz.de\/wp-content\/uploads\/2019\/07\/2019-nr048-004-1200x675.jpg 1200w\" sizes=\"auto, (max-width: 250px) 100vw, 250px\" \/><\/a>\n\t\t\t<\/div><\/figure>\n\t\t<\/div>\n\n","protected":false},"author":12,"featured_media":2724,"template":"","meta":{"einsatz_weight":1,"footnotes":""},"categories":[144],"tags":[],"einsatzart":[56],"fahrzeug":[98,186,29,185],"exteinsatzmittel":[28,34,42,12,91,37,41,116],"alarmierungsart":[],"evw_unit":[],"class_list":["post-2722","einsatz","type-einsatz","status-publish","has-post-thumbnail","hentry","category-einsatz","einsatzart-flaeche","fahrzeug-elw","fahrzeug-gtlf-zt-323","fahrzeug-tlf","fahrzeug-tlf-w50","exteinsatzmittel-bahn","exteinsatzmittel-bf-cottbus","exteinsatzmittel-ffw-eichow","exteinsatzmittel-ffw-glinzig","exteinsatzmittel-ffw-gulben","exteinsatzmittel-krieschow","exteinsatzmittel-ffw-kunersdorf","exteinsatzmittel-ffw-leuthen"],"_links":{"self":[{"href":"https:\/\/www.ff-kolkwitz.de\/index.php?rest_route=\/wp\/v2\/einsatz\/2722","targetHints":{"allow":["GET"]}}],"collection":[{"href":"https:\/\/www.ff-kolkwitz.de\/index.php?rest_route=\/wp\/v2\/einsatz"}],"about":[{"href":"https:\/\/www.ff-kolkwitz.de\/index.php?rest_route=\/wp\/v2\/types\/einsatz"}],"author":[{"embeddable":true,"href":"https:\/\/www.ff-kolkwitz.de\/index.php?rest_route=\/wp\/v2\/users\/12"}],"version-history":[{"count":2,"href":"https:\/\/www.ff-kolkwitz.de\/index.php?rest_route=\/wp\/v2\/einsatz\/2722\/revisions"}],"predecessor-version":[{"id":2728,"href":"https:\/\/www.ff-kolkwitz.de\/index.php?rest_route=\/wp\/v2\/einsatz\/2722\/revisions\/2728"}],"wp:featuredmedia":[{"embeddable":true,"href":"https:\/\/www.ff-kolkwitz.de\/index.php?rest_route=\/wp\/v2\/media\/2724"}],"wp:attachment":[{"href":"https:\/\/www.ff-kolkwitz.de\/index.php?rest_route=%2Fwp%2Fv2%2Fmedia&parent=2722"}],"wp:term":[{"taxonomy":"category","embeddable":true,"href":"https:\/\/www.ff-kolkwitz.de\/index.php?rest_route=%2Fwp%2Fv2%2Fcategories&post=2722"},{"taxonomy":"post_tag","embeddable":true,"href":"https:\/\/www.ff-kolkwitz.de\/index.php?rest_route=%2Fwp%2Fv2%2Ftags&post=2722"},{"taxonomy":"einsatzart","embeddable":true,"href":"https:\/\/www.ff-kolkwitz.de\/index.php?rest_route=%2Fwp%2Fv2%2Feinsatzart&post=2722"},{"taxonomy":"fahrzeug","embeddable":true,"href":"https:\/\/www.ff-kolkwitz.de\/index.php?rest_route=%2Fwp%2Fv2%2Ffahrzeug&post=2722"},{"taxonomy":"exteinsatzmittel","embeddable":true,"href":"https:\/\/www.ff-kolkwitz.de\/index.php?rest_route=%2Fwp%2Fv2%2Fexteinsatzmittel&post=2722"},{"taxonomy":"alarmierungsart","embeddable":true,"href":"https:\/\/www.ff-kolkwitz.de\/index.php?rest_route=%2Fwp%2Fv2%2Falarmierungsart&post=2722"},{"taxonomy":"evw_unit","embeddable":true,"href":"https:\/\/www.ff-kolkwitz.de\/index.php?rest_route=%2Fwp%2Fv2%2Fevw_unit&post=2722"}],"curies":[{"name":"wp","href":"https:\/\/api.w.org\/{rel}","templated":true}]}}

Flächenbrand

<p>In der Nähe eines  Umspannwerkes Richtung Cottbus ist es zu einen Flächenbrand gekommen. Es brannten mehrere Büsche und Bäume.</p>
<div id='gallery-1' class='gallery galleryid-2722 gallery-columns-2 gallery-size-thumbnail'><figure class='gallery-item'>
			<div class='gallery-icon landscape'>
				<a href='https://www.ff-kolkwitz.de/wp-content/uploads/2019/07/2019-nr048-001.jpg' rel="lightbox[2722]"><img loading="lazy" decoding="async" width="250" height="141" src="https://www.ff-kolkwitz.de/wp-content/uploads/2019/07/2019-nr048-001-250x141.jpg" class="attachment-thumbnail size-thumbnail" alt="" srcset="https://www.ff-kolkwitz.de/wp-content/uploads/2019/07/2019-nr048-001-250x141.jpg 250w, https://www.ff-kolkwitz.de/wp-content/uploads/2019/07/2019-nr048-001-850x478.jpg 850w, https://www.ff-kolkwitz.de/wp-content/uploads/2019/07/2019-nr048-001-768x432.jpg 768w, https://www.ff-kolkwitz.de/wp-content/uploads/2019/07/2019-nr048-001-1200x675.jpg 1200w" sizes="auto, (max-width: 250px) 100vw, 250px" /></a>
			</div></figure><figure class='gallery-item'>
			<div class='gallery-icon landscape'>
				<a href='https://www.ff-kolkwitz.de/wp-content/uploads/2019/07/2019-nr048-002.jpg' rel="lightbox[2722]"><img loading="lazy" decoding="async" width="250" height="141" src="https://www.ff-kolkwitz.de/wp-content/uploads/2019/07/2019-nr048-002-250x141.jpg" class="attachment-thumbnail size-thumbnail" alt="" srcset="https://www.ff-kolkwitz.de/wp-content/uploads/2019/07/2019-nr048-002-250x141.jpg 250w, https://www.ff-kolkwitz.de/wp-content/uploads/2019/07/2019-nr048-002-850x478.jpg 850w, https://www.ff-kolkwitz.de/wp-content/uploads/2019/07/2019-nr048-002-768x432.jpg 768w, https://www.ff-kolkwitz.de/wp-content/uploads/2019/07/2019-nr048-002-1200x675.jpg 1200w" sizes="auto, (max-width: 250px) 100vw, 250px" /></a>
			</div></figure><figure class='gallery-item'>
			<div class='gallery-icon landscape'>
				<a href='https://www.ff-kolkwitz.de/wp-content/uploads/2019/07/2019-nr048-003.jpg' rel="lightbox[2722]"><img loading="lazy" decoding="async" width="250" height="141" src="https://www.ff-kolkwitz.de/wp-content/uploads/2019/07/2019-nr048-003-250x141.jpg" class="attachment-thumbnail size-thumbnail" alt="" srcset="https://www.ff-kolkwitz.de/wp-content/uploads/2019/07/2019-nr048-003-250x141.jpg 250w, https://www.ff-kolkwitz.de/wp-content/uploads/2019/07/2019-nr048-003-850x478.jpg 850w, https://www.ff-kolkwitz.de/wp-content/uploads/2019/07/2019-nr048-003-768x432.jpg 768w, https://www.ff-kolkwitz.de/wp-content/uploads/2019/07/2019-nr048-003-1200x675.jpg 1200w" sizes="auto, (max-width: 250px) 100vw, 250px" /></a>
			</div></figure><figure class='gallery-item'>
			<div class='gallery-icon landscape'>
				<a href='https://www.ff-kolkwitz.de/wp-content/uploads/2019/07/2019-nr048-004.jpg' rel="lightbox[2722]"><img loading="lazy" decoding="async" width="250" height="141" src="https://www.ff-kolkwitz.de/wp-content/uploads/2019/07/2019-nr048-004-250x141.jpg" class="attachment-thumbnail size-thumbnail" alt="" srcset="https://www.ff-kolkwitz.de/wp-content/uploads/2019/07/2019-nr048-004-250x141.jpg 250w, https://www.ff-kolkwitz.de/wp-content/uploads/2019/07/2019-nr048-004-850x478.jpg 850w, https://www.ff-kolkwitz.de/wp-content/uploads/2019/07/2019-nr048-004-768x432.jpg 768w, https://www.ff-kolkwitz.de/wp-content/uploads/2019/07/2019-nr048-004-1200x675.jpg 1200w" sizes="auto, (max-width: 250px) 100vw, 250px" /></a>
			</div></figure>
		</div>
