{"id":2896,"date":"2019-12-18T05:04:00","date_gmt":"2019-12-18T03:04:00","guid":{"rendered":"https:\/\/www.ff-kolkwitz.de\/?post_type=einsatz&#038;p=2896"},"modified":"2020-01-04T23:47:42","modified_gmt":"2020-01-04T21:47:42","slug":"gebaeudebrand-2","status":"publish","type":"einsatz","link":"https:\/\/www.ff-kolkwitz.de\/?einsatz=gebaeudebrand-2","title":{"rendered":"Geb\u00e4udebrand"},"content":{"rendered":"<p>Im Ortsteil Babow brannte es auf einem Dreiseitenhof. Eine Lagerhalle, in der drei Traktoren und ein M\u00e4hdrescher abgestellt waren, brannte komplett herunter. Ein angrenzendes Verwaltungsgeb\u00e4ude wurde ebenfalls schwer besch\u00e4digt. Zus\u00e4tzlich wurde ein weiterer Traktor durch die Brandeinwirkung beeintr\u00e4chtigt. Personen waren nicht in Gefahr. Allerdings wurden durch den Brand auch einige St\u00e4lle zerst\u00f6rt, wodurch mehrere G\u00e4nse ums Leben kamen.<br \/>\nDie Feuerwehr konnte weitere V\u00f6gel in Sicherheit bringen und eine Katze retten.<br \/>\nUnter Atemschutz und mit Schaum wurde das Feuer gel\u00f6scht. Der Bauhof versorgte die Einsatzkr\u00e4fte mit neuen Schl\u00e4uchen und Atemschutzger\u00e4ten.<\/p>\n<div id='gallery-1' class='gallery galleryid-2896 gallery-columns-3 gallery-size-thumbnail'><figure class='gallery-item'>\n\t\t\t<div class='gallery-icon landscape'>\n\t\t\t\t<a href='https:\/\/www.ff-kolkwitz.de\/?attachment_id=2897#main'><img loading=\"lazy\" decoding=\"async\" width=\"250\" height=\"141\" src=\"https:\/\/www.ff-kolkwitz.de\/wp-content\/uploads\/2019\/12\/2019-Nr73-001-250x141.jpg\" class=\"attachment-thumbnail size-thumbnail\" alt=\"\" srcset=\"https:\/\/www.ff-kolkwitz.de\/wp-content\/uploads\/2019\/12\/2019-Nr73-001-250x141.jpg 250w, https:\/\/www.ff-kolkwitz.de\/wp-content\/uploads\/2019\/12\/2019-Nr73-001-850x478.jpg 850w, https:\/\/www.ff-kolkwitz.de\/wp-content\/uploads\/2019\/12\/2019-Nr73-001-1200x675.jpg 1200w\" sizes=\"auto, (max-width: 250px) 100vw, 250px\" \/><\/a>\n\t\t\t<\/div><\/figure><figure class='gallery-item'>\n\t\t\t<div class='gallery-icon landscape'>\n\t\t\t\t<a href='https:\/\/www.ff-kolkwitz.de\/?attachment_id=2898#main'><img loading=\"lazy\" decoding=\"async\" width=\"250\" height=\"141\" src=\"https:\/\/www.ff-kolkwitz.de\/wp-content\/uploads\/2019\/12\/2019-Nr73-002-250x141.jpg\" class=\"attachment-thumbnail size-thumbnail\" alt=\"\" srcset=\"https:\/\/www.ff-kolkwitz.de\/wp-content\/uploads\/2019\/12\/2019-Nr73-002-250x141.jpg 250w, https:\/\/www.ff-kolkwitz.de\/wp-content\/uploads\/2019\/12\/2019-Nr73-002-850x478.jpg 850w, https:\/\/www.ff-kolkwitz.de\/wp-content\/uploads\/2019\/12\/2019-Nr73-002-1200x675.jpg 1200w\" sizes=\"auto, (max-width: 250px) 100vw, 250px\" \/><\/a>\n\t\t\t<\/div><\/figure><figure class='gallery-item'>\n\t\t\t<div class='gallery-icon landscape'>\n\t\t\t\t<a href='https:\/\/www.ff-kolkwitz.de\/?attachment_id=2899#main'><img loading=\"lazy\" decoding=\"async\" width=\"250\" height=\"141\" src=\"https:\/\/www.ff-kolkwitz.de\/wp-content\/uploads\/2019\/12\/2019-Nr73-003-250x141.jpg\" class=\"attachment-thumbnail size-thumbnail\" alt=\"\" srcset=\"https:\/\/www.ff-kolkwitz.de\/wp-content\/uploads\/2019\/12\/2019-Nr73-003-250x141.jpg 250w, https:\/\/www.ff-kolkwitz.de\/wp-content\/uploads\/2019\/12\/2019-Nr73-003-850x478.jpg 850w, https:\/\/www.ff-kolkwitz.de\/wp-content\/uploads\/2019\/12\/2019-Nr73-003-1200x675.jpg 1200w\" sizes=\"auto, (max-width: 250px) 100vw, 250px\" \/><\/a>\n\t\t\t<\/div><\/figure><figure class='gallery-item'>\n\t\t\t<div class='gallery-icon landscape'>\n\t\t\t\t<a href='https:\/\/www.ff-kolkwitz.de\/?attachment_id=2900#main'><img loading=\"lazy\" decoding=\"async\" width=\"250\" height=\"141\" src=\"https:\/\/www.ff-kolkwitz.de\/wp-content\/uploads\/2019\/12\/2019-Nr73-004-250x141.jpg\" class=\"attachment-thumbnail size-thumbnail\" alt=\"\" srcset=\"https:\/\/www.ff-kolkwitz.de\/wp-content\/uploads\/2019\/12\/2019-Nr73-004-250x141.jpg 250w, https:\/\/www.ff-kolkwitz.de\/wp-content\/uploads\/2019\/12\/2019-Nr73-004-850x478.jpg 850w, https:\/\/www.ff-kolkwitz.de\/wp-content\/uploads\/2019\/12\/2019-Nr73-004-1200x675.jpg 1200w\" sizes=\"auto, (max-width: 250px) 100vw, 250px\" \/><\/a>\n\t\t\t<\/div><\/figure><figure class='gallery-item'>\n\t\t\t<div class='gallery-icon landscape'>\n\t\t\t\t<a href='https:\/\/www.ff-kolkwitz.de\/?attachment_id=2901#main'><img loading=\"lazy\" decoding=\"async\" width=\"250\" height=\"141\" src=\"https:\/\/www.ff-kolkwitz.de\/wp-content\/uploads\/2019\/12\/2019-Nr73-005-250x141.jpg\" class=\"attachment-thumbnail size-thumbnail\" alt=\"\" srcset=\"https:\/\/www.ff-kolkwitz.de\/wp-content\/uploads\/2019\/12\/2019-Nr73-005-250x141.jpg 250w, https:\/\/www.ff-kolkwitz.de\/wp-content\/uploads\/2019\/12\/2019-Nr73-005-850x478.jpg 850w, https:\/\/www.ff-kolkwitz.de\/wp-content\/uploads\/2019\/12\/2019-Nr73-005-1200x675.jpg 1200w\" sizes=\"auto, (max-width: 250px) 100vw, 250px\" \/><\/a>\n\t\t\t<\/div><\/figure><figure class='gallery-item'>\n\t\t\t<div class='gallery-icon landscape'>\n\t\t\t\t<a href='https:\/\/www.ff-kolkwitz.de\/?attachment_id=2902#main'><img loading=\"lazy\" decoding=\"async\" width=\"250\" height=\"141\" src=\"https:\/\/www.ff-kolkwitz.de\/wp-content\/uploads\/2019\/12\/2019-Nr73-006-250x141.jpg\" class=\"attachment-thumbnail size-thumbnail\" alt=\"\" srcset=\"https:\/\/www.ff-kolkwitz.de\/wp-content\/uploads\/2019\/12\/2019-Nr73-006-250x141.jpg 250w, https:\/\/www.ff-kolkwitz.de\/wp-content\/uploads\/2019\/12\/2019-Nr73-006-850x478.jpg 850w, https:\/\/www.ff-kolkwitz.de\/wp-content\/uploads\/2019\/12\/2019-Nr73-006-1200x675.jpg 1200w\" sizes=\"auto, (max-width: 250px) 100vw, 250px\" \/><\/a>\n\t\t\t<\/div><\/figure><figure class='gallery-item'>\n\t\t\t<div class='gallery-icon landscape'>\n\t\t\t\t<a href='https:\/\/www.ff-kolkwitz.de\/?attachment_id=2903#main'><img loading=\"lazy\" decoding=\"async\" width=\"250\" height=\"141\" src=\"https:\/\/www.ff-kolkwitz.de\/wp-content\/uploads\/2019\/12\/2019-Nr73-007-250x141.jpg\" class=\"attachment-thumbnail size-thumbnail\" alt=\"\" srcset=\"https:\/\/www.ff-kolkwitz.de\/wp-content\/uploads\/2019\/12\/2019-Nr73-007-250x141.jpg 250w, https:\/\/www.ff-kolkwitz.de\/wp-content\/uploads\/2019\/12\/2019-Nr73-007-850x478.jpg 850w, https:\/\/www.ff-kolkwitz.de\/wp-content\/uploads\/2019\/12\/2019-Nr73-007-1200x675.jpg 1200w\" sizes=\"auto, (max-width: 250px) 100vw, 250px\" \/><\/a>\n\t\t\t<\/div><\/figure><figure class='gallery-item'>\n\t\t\t<div class='gallery-icon landscape'>\n\t\t\t\t<a href='https:\/\/www.ff-kolkwitz.de\/?attachment_id=2904#main'><img loading=\"lazy\" decoding=\"async\" width=\"250\" height=\"141\" src=\"https:\/\/www.ff-kolkwitz.de\/wp-content\/uploads\/2019\/12\/2019-Nr73-008-250x141.jpg\" class=\"attachment-thumbnail size-thumbnail\" alt=\"\" srcset=\"https:\/\/www.ff-kolkwitz.de\/wp-content\/uploads\/2019\/12\/2019-Nr73-008-250x141.jpg 250w, https:\/\/www.ff-kolkwitz.de\/wp-content\/uploads\/2019\/12\/2019-Nr73-008-850x478.jpg 850w, https:\/\/www.ff-kolkwitz.de\/wp-content\/uploads\/2019\/12\/2019-Nr73-008-1200x675.jpg 1200w\" sizes=\"auto, (max-width: 250px) 100vw, 250px\" \/><\/a>\n\t\t\t<\/div><\/figure><figure class='gallery-item'>\n\t\t\t<div class='gallery-icon landscape'>\n\t\t\t\t<a href='https:\/\/www.ff-kolkwitz.de\/?attachment_id=2905#main'><img loading=\"lazy\" decoding=\"async\" width=\"250\" height=\"141\" src=\"https:\/\/www.ff-kolkwitz.de\/wp-content\/uploads\/2019\/12\/2019-Nr73-009-250x141.jpg\" class=\"attachment-thumbnail size-thumbnail\" alt=\"\" srcset=\"https:\/\/www.ff-kolkwitz.de\/wp-content\/uploads\/2019\/12\/2019-Nr73-009-250x141.jpg 250w, https:\/\/www.ff-kolkwitz.de\/wp-content\/uploads\/2019\/12\/2019-Nr73-009-850x478.jpg 850w, https:\/\/www.ff-kolkwitz.de\/wp-content\/uploads\/2019\/12\/2019-Nr73-009-1200x675.jpg 1200w\" sizes=\"auto, (max-width: 250px) 100vw, 250px\" \/><\/a>\n\t\t\t<\/div><\/figure><figure class='gallery-item'>\n\t\t\t<div class='gallery-icon landscape'>\n\t\t\t\t<a href='https:\/\/www.ff-kolkwitz.de\/?attachment_id=2906#main'><img loading=\"lazy\" decoding=\"async\" width=\"250\" height=\"141\" src=\"https:\/\/www.ff-kolkwitz.de\/wp-content\/uploads\/2019\/12\/2019-Nr73-010-250x141.jpg\" class=\"attachment-thumbnail size-thumbnail\" alt=\"\" srcset=\"https:\/\/www.ff-kolkwitz.de\/wp-content\/uploads\/2019\/12\/2019-Nr73-010-250x141.jpg 250w, https:\/\/www.ff-kolkwitz.de\/wp-content\/uploads\/2019\/12\/2019-Nr73-010-850x478.jpg 850w, https:\/\/www.ff-kolkwitz.de\/wp-content\/uploads\/2019\/12\/2019-Nr73-010-1200x675.jpg 1200w\" sizes=\"auto, (max-width: 250px) 100vw, 250px\" \/><\/a>\n\t\t\t<\/div><\/figure><figure class='gallery-item'>\n\t\t\t<div class='gallery-icon landscape'>\n\t\t\t\t<a href='https:\/\/www.ff-kolkwitz.de\/?attachment_id=2907#main'><img loading=\"lazy\" decoding=\"async\" width=\"250\" height=\"141\" src=\"https:\/\/www.ff-kolkwitz.de\/wp-content\/uploads\/2019\/12\/2019-Nr73-011-250x141.jpg\" class=\"attachment-thumbnail size-thumbnail\" alt=\"\" srcset=\"https:\/\/www.ff-kolkwitz.de\/wp-content\/uploads\/2019\/12\/2019-Nr73-011-250x141.jpg 250w, https:\/\/www.ff-kolkwitz.de\/wp-content\/uploads\/2019\/12\/2019-Nr73-011-850x478.jpg 850w, https:\/\/www.ff-kolkwitz.de\/wp-content\/uploads\/2019\/12\/2019-Nr73-011-1200x675.jpg 1200w\" sizes=\"auto, (max-width: 250px) 100vw, 250px\" \/><\/a>\n\t\t\t<\/div><\/figure>\n\t\t<\/div>\n\n<p>Fotos: Christian Otte<\/p>\n","protected":false},"author":1,"featured_media":2907,"template":"","meta":{"einsatz_weight":1,"footnotes":""},"categories":[144],"tags":[],"einsatzart":[53],"fahrzeug":[98,184,29,208],"exteinsatzmittel":[175,131,118,42,12,37,41,43,206,94,26,25],"alarmierungsart":[],"evw_unit":[],"class_list":["post-2896","einsatz","type-einsatz","status-publish","has-post-thumbnail","hentry","category-einsatz","einsatzart-gebaeude-gross","fahrzeug-elw","fahrzeug-hlf20","fahrzeug-tlf","fahrzeug-wache","exteinsatzmittel-bauhof","exteinsatzmittel-ffw-babow","exteinsatzmittel-ffw-cottbus","exteinsatzmittel-ffw-eichow","exteinsatzmittel-ffw-glinzig","exteinsatzmittel-krieschow","exteinsatzmittel-ffw-kunersdorf","exteinsatzmittel-ffw-limberg","exteinsatzmittel-ffw-mueschen","exteinsatzmittel-ffw-werben","exteinsatzmittel-polizei","exteinsatzmittel-rettungsdienst"],"_links":{"self":[{"href":"https:\/\/www.ff-kolkwitz.de\/index.php?rest_route=\/wp\/v2\/einsatz\/2896","targetHints":{"allow":["GET"]}}],"collection":[{"href":"https:\/\/www.ff-kolkwitz.de\/index.php?rest_route=\/wp\/v2\/einsatz"}],"about":[{"href":"https:\/\/www.ff-kolkwitz.de\/index.php?rest_route=\/wp\/v2\/types\/einsatz"}],"author":[{"embeddable":true,"href":"https:\/\/www.ff-kolkwitz.de\/index.php?rest_route=\/wp\/v2\/users\/1"}],"version-history":[{"count":2,"href":"https:\/\/www.ff-kolkwitz.de\/index.php?rest_route=\/wp\/v2\/einsatz\/2896\/revisions"}],"predecessor-version":[{"id":2909,"href":"https:\/\/www.ff-kolkwitz.de\/index.php?rest_route=\/wp\/v2\/einsatz\/2896\/revisions\/2909"}],"wp:featuredmedia":[{"embeddable":true,"href":"https:\/\/www.ff-kolkwitz.de\/index.php?rest_route=\/wp\/v2\/media\/2907"}],"wp:attachment":[{"href":"https:\/\/www.ff-kolkwitz.de\/index.php?rest_route=%2Fwp%2Fv2%2Fmedia&parent=2896"}],"wp:term":[{"taxonomy":"category","embeddable":true,"href":"https:\/\/www.ff-kolkwitz.de\/index.php?rest_route=%2Fwp%2Fv2%2Fcategories&post=2896"},{"taxonomy":"post_tag","embeddable":true,"href":"https:\/\/www.ff-kolkwitz.de\/index.php?rest_route=%2Fwp%2Fv2%2Ftags&post=2896"},{"taxonomy":"einsatzart","embeddable":true,"href":"https:\/\/www.ff-kolkwitz.de\/index.php?rest_route=%2Fwp%2Fv2%2Feinsatzart&post=2896"},{"taxonomy":"fahrzeug","embeddable":true,"href":"https:\/\/www.ff-kolkwitz.de\/index.php?rest_route=%2Fwp%2Fv2%2Ffahrzeug&post=2896"},{"taxonomy":"exteinsatzmittel","embeddable":true,"href":"https:\/\/www.ff-kolkwitz.de\/index.php?rest_route=%2Fwp%2Fv2%2Fexteinsatzmittel&post=2896"},{"taxonomy":"alarmierungsart","embeddable":true,"href":"https:\/\/www.ff-kolkwitz.de\/index.php?rest_route=%2Fwp%2Fv2%2Falarmierungsart&post=2896"},{"taxonomy":"evw_unit","embeddable":true,"href":"https:\/\/www.ff-kolkwitz.de\/index.php?rest_route=%2Fwp%2Fv2%2Fevw_unit&post=2896"}],"curies":[{"name":"wp","href":"https:\/\/api.w.org\/{rel}","templated":true}]}}

Gebäudebrand

<p>Im Ortsteil Babow brannte es auf einem Dreiseitenhof. Eine Lagerhalle, in der drei Traktoren und ein Mähdrescher abgestellt waren, brannte komplett herunter. Ein angrenzendes Verwaltungsgebäude wurde ebenfalls schwer beschädigt. Zusätzlich wurde ein weiterer Traktor durch die Brandeinwirkung beeinträchtigt. Personen waren nicht in Gefahr. Allerdings wurden durch den Brand auch einige Ställe zerstört, wodurch mehrere Gänse ums Leben kamen.<br />
Die Feuerwehr konnte weitere Vögel in Sicherheit bringen und eine Katze retten.<br />
Unter Atemschutz und mit Schaum wurde das Feuer gelöscht. Der Bauhof versorgte die Einsatzkräfte mit neuen Schläuchen und Atemschutzgeräten.</p>
<div id='gallery-1' class='gallery galleryid-2896 gallery-columns-3 gallery-size-thumbnail'><figure class='gallery-item'>
			<div class='gallery-icon landscape'>
				<a href='https://www.ff-kolkwitz.de/?attachment_id=2897#main'><img loading="lazy" decoding="async" width="250" height="141" src="https://www.ff-kolkwitz.de/wp-content/uploads/2019/12/2019-Nr73-001-250x141.jpg" class="attachment-thumbnail size-thumbnail" alt="" srcset="https://www.ff-kolkwitz.de/wp-content/uploads/2019/12/2019-Nr73-001-250x141.jpg 250w, https://www.ff-kolkwitz.de/wp-content/uploads/2019/12/2019-Nr73-001-850x478.jpg 850w, https://www.ff-kolkwitz.de/wp-content/uploads/2019/12/2019-Nr73-001-1200x675.jpg 1200w" sizes="auto, (max-width: 250px) 100vw, 250px" /></a>
			</div></figure><figure class='gallery-item'>
			<div class='gallery-icon landscape'>
				<a href='https://www.ff-kolkwitz.de/?attachment_id=2898#main'><img loading="lazy" decoding="async" width="250" height="141" src="https://www.ff-kolkwitz.de/wp-content/uploads/2019/12/2019-Nr73-002-250x141.jpg" class="attachment-thumbnail size-thumbnail" alt="" srcset="https://www.ff-kolkwitz.de/wp-content/uploads/2019/12/2019-Nr73-002-250x141.jpg 250w, https://www.ff-kolkwitz.de/wp-content/uploads/2019/12/2019-Nr73-002-850x478.jpg 850w, https://www.ff-kolkwitz.de/wp-content/uploads/2019/12/2019-Nr73-002-1200x675.jpg 1200w" sizes="auto, (max-width: 250px) 100vw, 250px" /></a>
			</div></figure><figure class='gallery-item'>
			<div class='gallery-icon landscape'>
				<a href='https://www.ff-kolkwitz.de/?attachment_id=2899#main'><img loading="lazy" decoding="async" width="250" height="141" src="https://www.ff-kolkwitz.de/wp-content/uploads/2019/12/2019-Nr73-003-250x141.jpg" class="attachment-thumbnail size-thumbnail" alt="" srcset="https://www.ff-kolkwitz.de/wp-content/uploads/2019/12/2019-Nr73-003-250x141.jpg 250w, https://www.ff-kolkwitz.de/wp-content/uploads/2019/12/2019-Nr73-003-850x478.jpg 850w, https://www.ff-kolkwitz.de/wp-content/uploads/2019/12/2019-Nr73-003-1200x675.jpg 1200w" sizes="auto, (max-width: 250px) 100vw, 250px" /></a>
			</div></figure><figure class='gallery-item'>
			<div class='gallery-icon landscape'>
				<a href='https://www.ff-kolkwitz.de/?attachment_id=2900#main'><img loading="lazy" decoding="async" width="250" height="141" src="https://www.ff-kolkwitz.de/wp-content/uploads/2019/12/2019-Nr73-004-250x141.jpg" class="attachment-thumbnail size-thumbnail" alt="" srcset="https://www.ff-kolkwitz.de/wp-content/uploads/2019/12/2019-Nr73-004-250x141.jpg 250w, https://www.ff-kolkwitz.de/wp-content/uploads/2019/12/2019-Nr73-004-850x478.jpg 850w, https://www.ff-kolkwitz.de/wp-content/uploads/2019/12/2019-Nr73-004-1200x675.jpg 1200w" sizes="auto, (max-width: 250px) 100vw, 250px" /></a>
			</div></figure><figure class='gallery-item'>
			<div class='gallery-icon landscape'>
				<a href='https://www.ff-kolkwitz.de/?attachment_id=2901#main'><img loading="lazy" decoding="async" width="250" height="141" src="https://www.ff-kolkwitz.de/wp-content/uploads/2019/12/2019-Nr73-005-250x141.jpg" class="attachment-thumbnail size-thumbnail" alt="" srcset="https://www.ff-kolkwitz.de/wp-content/uploads/2019/12/2019-Nr73-005-250x141.jpg 250w, https://www.ff-kolkwitz.de/wp-content/uploads/2019/12/2019-Nr73-005-850x478.jpg 850w, https://www.ff-kolkwitz.de/wp-content/uploads/2019/12/2019-Nr73-005-1200x675.jpg 1200w" sizes="auto, (max-width: 250px) 100vw, 250px" /></a>
			</div></figure><figure class='gallery-item'>
			<div class='gallery-icon landscape'>
				<a href='https://www.ff-kolkwitz.de/?attachment_id=2902#main'><img loading="lazy" decoding="async" width="250" height="141" src="https://www.ff-kolkwitz.de/wp-content/uploads/2019/12/2019-Nr73-006-250x141.jpg" class="attachment-thumbnail size-thumbnail" alt="" srcset="https://www.ff-kolkwitz.de/wp-content/uploads/2019/12/2019-Nr73-006-250x141.jpg 250w, https://www.ff-kolkwitz.de/wp-content/uploads/2019/12/2019-Nr73-006-850x478.jpg 850w, https://www.ff-kolkwitz.de/wp-content/uploads/2019/12/2019-Nr73-006-1200x675.jpg 1200w" sizes="auto, (max-width: 250px) 100vw, 250px" /></a>
			</div></figure><figure class='gallery-item'>
			<div class='gallery-icon landscape'>
				<a href='https://www.ff-kolkwitz.de/?attachment_id=2903#main'><img loading="lazy" decoding="async" width="250" height="141" src="https://www.ff-kolkwitz.de/wp-content/uploads/2019/12/2019-Nr73-007-250x141.jpg" class="attachment-thumbnail size-thumbnail" alt="" srcset="https://www.ff-kolkwitz.de/wp-content/uploads/2019/12/2019-Nr73-007-250x141.jpg 250w, https://www.ff-kolkwitz.de/wp-content/uploads/2019/12/2019-Nr73-007-850x478.jpg 850w, https://www.ff-kolkwitz.de/wp-content/uploads/2019/12/2019-Nr73-007-1200x675.jpg 1200w" sizes="auto, (max-width: 250px) 100vw, 250px" /></a>
			</div></figure><figure class='gallery-item'>
			<div class='gallery-icon landscape'>
				<a href='https://www.ff-kolkwitz.de/?attachment_id=2904#main'><img loading="lazy" decoding="async" width="250" height="141" src="https://www.ff-kolkwitz.de/wp-content/uploads/2019/12/2019-Nr73-008-250x141.jpg" class="attachment-thumbnail size-thumbnail" alt="" srcset="https://www.ff-kolkwitz.de/wp-content/uploads/2019/12/2019-Nr73-008-250x141.jpg 250w, https://www.ff-kolkwitz.de/wp-content/uploads/2019/12/2019-Nr73-008-850x478.jpg 850w, https://www.ff-kolkwitz.de/wp-content/uploads/2019/12/2019-Nr73-008-1200x675.jpg 1200w" sizes="auto, (max-width: 250px) 100vw, 250px" /></a>
			</div></figure><figure class='gallery-item'>
			<div class='gallery-icon landscape'>
				<a href='https://www.ff-kolkwitz.de/?attachment_id=2905#main'><img loading="lazy" decoding="async" width="250" height="141" src="https://www.ff-kolkwitz.de/wp-content/uploads/2019/12/2019-Nr73-009-250x141.jpg" class="attachment-thumbnail size-thumbnail" alt="" srcset="https://www.ff-kolkwitz.de/wp-content/uploads/2019/12/2019-Nr73-009-250x141.jpg 250w, https://www.ff-kolkwitz.de/wp-content/uploads/2019/12/2019-Nr73-009-850x478.jpg 850w, https://www.ff-kolkwitz.de/wp-content/uploads/2019/12/2019-Nr73-009-1200x675.jpg 1200w" sizes="auto, (max-width: 250px) 100vw, 250px" /></a>
			</div></figure><figure class='gallery-item'>
			<div class='gallery-icon landscape'>
				<a href='https://www.ff-kolkwitz.de/?attachment_id=2906#main'><img loading="lazy" decoding="async" width="250" height="141" src="https://www.ff-kolkwitz.de/wp-content/uploads/2019/12/2019-Nr73-010-250x141.jpg" class="attachment-thumbnail size-thumbnail" alt="" srcset="https://www.ff-kolkwitz.de/wp-content/uploads/2019/12/2019-Nr73-010-250x141.jpg 250w, https://www.ff-kolkwitz.de/wp-content/uploads/2019/12/2019-Nr73-010-850x478.jpg 850w, https://www.ff-kolkwitz.de/wp-content/uploads/2019/12/2019-Nr73-010-1200x675.jpg 1200w" sizes="auto, (max-width: 250px) 100vw, 250px" /></a>
			</div></figure><figure class='gallery-item'>
			<div class='gallery-icon landscape'>
				<a href='https://www.ff-kolkwitz.de/?attachment_id=2907#main'><img loading="lazy" decoding="async" width="250" height="141" src="https://www.ff-kolkwitz.de/wp-content/uploads/2019/12/2019-Nr73-011-250x141.jpg" class="attachment-thumbnail size-thumbnail" alt="" srcset="https://www.ff-kolkwitz.de/wp-content/uploads/2019/12/2019-Nr73-011-250x141.jpg 250w, https://www.ff-kolkwitz.de/wp-content/uploads/2019/12/2019-Nr73-011-850x478.jpg 850w, https://www.ff-kolkwitz.de/wp-content/uploads/2019/12/2019-Nr73-011-1200x675.jpg 1200w" sizes="auto, (max-width: 250px) 100vw, 250px" /></a>
			</div></figure>
		</div>

<p>Fotos: Christian Otte</p>
