{"id":3076,"date":"2020-05-29T17:27:00","date_gmt":"2020-05-29T15:27:00","guid":{"rendered":"https:\/\/www.ff-kolkwitz.de\/?post_type=einsatz&#038;p=3076"},"modified":"2020-06-01T11:25:18","modified_gmt":"2020-06-01T09:25:18","slug":"oelspur-12","status":"publish","type":"einsatz","link":"https:\/\/www.ff-kolkwitz.de\/?einsatz=oelspur-12","title":{"rendered":"\u00d6lspur"},"content":{"rendered":"<p>Eine etwa 200m lange \u00d6lspur zog sich \u00fcber die Stra\u00dfe. Die Feuerwehr streute die Spur mit Bindemittel ab und kehrte selbiges anschlie\u00dfend wieder zusammen. Eine \u00d6lpf\u00fctze hatte sich neben der Stra\u00dfe gebildet. Der kontaminierte Bereich wurde ausgehoben.<\/p>\n<div id='gallery-1' class='gallery galleryid-3076 gallery-columns-2 gallery-size-thumbnail'><figure class='gallery-item'>\n\t\t\t<div class='gallery-icon landscape'>\n\t\t\t\t<a href='https:\/\/www.ff-kolkwitz.de\/wp-content\/uploads\/2020\/06\/2020-Nr017-001.jpg' rel=\"lightbox[3076]\"><img loading=\"lazy\" decoding=\"async\" width=\"250\" height=\"141\" src=\"https:\/\/www.ff-kolkwitz.de\/wp-content\/uploads\/2020\/06\/2020-Nr017-001-250x141.jpg\" class=\"attachment-thumbnail size-thumbnail\" alt=\"\" aria-describedby=\"gallery-1-3077\" srcset=\"https:\/\/www.ff-kolkwitz.de\/wp-content\/uploads\/2020\/06\/2020-Nr017-001-250x141.jpg 250w, https:\/\/www.ff-kolkwitz.de\/wp-content\/uploads\/2020\/06\/2020-Nr017-001-850x478.jpg 850w, https:\/\/www.ff-kolkwitz.de\/wp-content\/uploads\/2020\/06\/2020-Nr017-001-1200x675.jpg 1200w, https:\/\/www.ff-kolkwitz.de\/wp-content\/uploads\/2020\/06\/2020-Nr017-001-768x432.jpg 768w, https:\/\/www.ff-kolkwitz.de\/wp-content\/uploads\/2020\/06\/2020-Nr017-001-1536x864.jpg 1536w, https:\/\/www.ff-kolkwitz.de\/wp-content\/uploads\/2020\/06\/2020-Nr017-001-2048x1152.jpg 2048w\" sizes=\"auto, (max-width: 250px) 100vw, 250px\" \/><\/a>\n\t\t\t<\/div>\n\t\t\t\t<figcaption class='wp-caption-text gallery-caption' id='gallery-1-3077'>\n\t\t\t\tMit \u00d6lbindemittel wurde das \u00d6l aufgefangen\n\t\t\t\t<\/figcaption><\/figure><figure class='gallery-item'>\n\t\t\t<div class='gallery-icon landscape'>\n\t\t\t\t<a href='https:\/\/www.ff-kolkwitz.de\/wp-content\/uploads\/2020\/06\/2020-Nr017-002.jpg' rel=\"lightbox[3076]\"><img loading=\"lazy\" decoding=\"async\" width=\"250\" height=\"141\" src=\"https:\/\/www.ff-kolkwitz.de\/wp-content\/uploads\/2020\/06\/2020-Nr017-002-250x141.jpg\" class=\"attachment-thumbnail size-thumbnail\" alt=\"\" aria-describedby=\"gallery-1-3078\" srcset=\"https:\/\/www.ff-kolkwitz.de\/wp-content\/uploads\/2020\/06\/2020-Nr017-002-250x141.jpg 250w, https:\/\/www.ff-kolkwitz.de\/wp-content\/uploads\/2020\/06\/2020-Nr017-002-850x478.jpg 850w, https:\/\/www.ff-kolkwitz.de\/wp-content\/uploads\/2020\/06\/2020-Nr017-002-1200x675.jpg 1200w, https:\/\/www.ff-kolkwitz.de\/wp-content\/uploads\/2020\/06\/2020-Nr017-002-768x432.jpg 768w, https:\/\/www.ff-kolkwitz.de\/wp-content\/uploads\/2020\/06\/2020-Nr017-002-1536x864.jpg 1536w, https:\/\/www.ff-kolkwitz.de\/wp-content\/uploads\/2020\/06\/2020-Nr017-002-2048x1152.jpg 2048w\" sizes=\"auto, (max-width: 250px) 100vw, 250px\" \/><\/a>\n\t\t\t<\/div>\n\t\t\t\t<figcaption class='wp-caption-text gallery-caption' id='gallery-1-3078'>\n\t\t\t\tMit \u00d6lbindemittel wurde das \u00d6l aufgefangen\n\t\t\t\t<\/figcaption><\/figure><figure class='gallery-item'>\n\t\t\t<div class='gallery-icon portrait'>\n\t\t\t\t<a href='https:\/\/www.ff-kolkwitz.de\/wp-content\/uploads\/2020\/06\/2020-Nr017-003.jpg' rel=\"lightbox[3076]\"><img loading=\"lazy\" decoding=\"async\" width=\"250\" height=\"141\" src=\"https:\/\/www.ff-kolkwitz.de\/wp-content\/uploads\/2020\/06\/2020-Nr017-003-250x141.jpg\" class=\"attachment-thumbnail size-thumbnail\" alt=\"\" aria-describedby=\"gallery-1-3079\" srcset=\"https:\/\/www.ff-kolkwitz.de\/wp-content\/uploads\/2020\/06\/2020-Nr017-003-250x141.jpg 250w, https:\/\/www.ff-kolkwitz.de\/wp-content\/uploads\/2020\/06\/2020-Nr017-003-850x478.jpg 850w\" sizes=\"auto, (max-width: 250px) 100vw, 250px\" \/><\/a>\n\t\t\t<\/div>\n\t\t\t\t<figcaption class='wp-caption-text gallery-caption' id='gallery-1-3079'>\n\t\t\t\tEine \u00d6lpf\u00fctze musste ausgehoben werden\n\t\t\t\t<\/figcaption><\/figure><figure class='gallery-item'>\n\t\t\t<div class='gallery-icon portrait'>\n\t\t\t\t<a href='https:\/\/www.ff-kolkwitz.de\/wp-content\/uploads\/2020\/06\/2020-Nr017-004.jpg' rel=\"lightbox[3076]\"><img loading=\"lazy\" decoding=\"async\" width=\"250\" height=\"141\" src=\"https:\/\/www.ff-kolkwitz.de\/wp-content\/uploads\/2020\/06\/2020-Nr017-004-250x141.jpg\" class=\"attachment-thumbnail size-thumbnail\" alt=\"\" aria-describedby=\"gallery-1-3080\" srcset=\"https:\/\/www.ff-kolkwitz.de\/wp-content\/uploads\/2020\/06\/2020-Nr017-004-250x141.jpg 250w, https:\/\/www.ff-kolkwitz.de\/wp-content\/uploads\/2020\/06\/2020-Nr017-004-850x478.jpg 850w\" sizes=\"auto, (max-width: 250px) 100vw, 250px\" \/><\/a>\n\t\t\t<\/div>\n\t\t\t\t<figcaption class='wp-caption-text gallery-caption' id='gallery-1-3080'>\n\t\t\t\tMit \u00d6lbindemittel wurde das \u00d6l aufgefangen\n\t\t\t\t<\/figcaption><\/figure>\n\t\t<\/div>\n\n","protected":false},"author":1,"featured_media":3077,"template":"","meta":{"einsatz_weight":1,"footnotes":""},"categories":[144],"tags":[],"einsatzart":[78],"fahrzeug":[98,40,184,185],"exteinsatzmittel":[],"alarmierungsart":[],"evw_unit":[],"class_list":["post-3076","einsatz","type-einsatz","status-publish","has-post-thumbnail","hentry","category-einsatz","einsatzart-oel-land","fahrzeug-elw","fahrzeug-fwa-oel","fahrzeug-hlf20","fahrzeug-tlf-w50"],"_links":{"self":[{"href":"https:\/\/www.ff-kolkwitz.de\/index.php?rest_route=\/wp\/v2\/einsatz\/3076","targetHints":{"allow":["GET"]}}],"collection":[{"href":"https:\/\/www.ff-kolkwitz.de\/index.php?rest_route=\/wp\/v2\/einsatz"}],"about":[{"href":"https:\/\/www.ff-kolkwitz.de\/index.php?rest_route=\/wp\/v2\/types\/einsatz"}],"author":[{"embeddable":true,"href":"https:\/\/www.ff-kolkwitz.de\/index.php?rest_route=\/wp\/v2\/users\/1"}],"version-history":[{"count":1,"href":"https:\/\/www.ff-kolkwitz.de\/index.php?rest_route=\/wp\/v2\/einsatz\/3076\/revisions"}],"predecessor-version":[{"id":3081,"href":"https:\/\/www.ff-kolkwitz.de\/index.php?rest_route=\/wp\/v2\/einsatz\/3076\/revisions\/3081"}],"wp:featuredmedia":[{"embeddable":true,"href":"https:\/\/www.ff-kolkwitz.de\/index.php?rest_route=\/wp\/v2\/media\/3077"}],"wp:attachment":[{"href":"https:\/\/www.ff-kolkwitz.de\/index.php?rest_route=%2Fwp%2Fv2%2Fmedia&parent=3076"}],"wp:term":[{"taxonomy":"category","embeddable":true,"href":"https:\/\/www.ff-kolkwitz.de\/index.php?rest_route=%2Fwp%2Fv2%2Fcategories&post=3076"},{"taxonomy":"post_tag","embeddable":true,"href":"https:\/\/www.ff-kolkwitz.de\/index.php?rest_route=%2Fwp%2Fv2%2Ftags&post=3076"},{"taxonomy":"einsatzart","embeddable":true,"href":"https:\/\/www.ff-kolkwitz.de\/index.php?rest_route=%2Fwp%2Fv2%2Feinsatzart&post=3076"},{"taxonomy":"fahrzeug","embeddable":true,"href":"https:\/\/www.ff-kolkwitz.de\/index.php?rest_route=%2Fwp%2Fv2%2Ffahrzeug&post=3076"},{"taxonomy":"exteinsatzmittel","embeddable":true,"href":"https:\/\/www.ff-kolkwitz.de\/index.php?rest_route=%2Fwp%2Fv2%2Fexteinsatzmittel&post=3076"},{"taxonomy":"alarmierungsart","embeddable":true,"href":"https:\/\/www.ff-kolkwitz.de\/index.php?rest_route=%2Fwp%2Fv2%2Falarmierungsart&post=3076"},{"taxonomy":"evw_unit","embeddable":true,"href":"https:\/\/www.ff-kolkwitz.de\/index.php?rest_route=%2Fwp%2Fv2%2Fevw_unit&post=3076"}],"curies":[{"name":"wp","href":"https:\/\/api.w.org\/{rel}","templated":true}]}}

Ölspur

<p>Eine etwa 200m lange Ölspur zog sich über die Straße. Die Feuerwehr streute die Spur mit Bindemittel ab und kehrte selbiges anschließend wieder zusammen. Eine Ölpfütze hatte sich neben der Straße gebildet. Der kontaminierte Bereich wurde ausgehoben.</p>
<div id='gallery-1' class='gallery galleryid-3076 gallery-columns-2 gallery-size-thumbnail'><figure class='gallery-item'>
			<div class='gallery-icon landscape'>
				<a href='https://www.ff-kolkwitz.de/wp-content/uploads/2020/06/2020-Nr017-001.jpg' rel="lightbox[3076]"><img loading="lazy" decoding="async" width="250" height="141" src="https://www.ff-kolkwitz.de/wp-content/uploads/2020/06/2020-Nr017-001-250x141.jpg" class="attachment-thumbnail size-thumbnail" alt="" aria-describedby="gallery-1-3077" srcset="https://www.ff-kolkwitz.de/wp-content/uploads/2020/06/2020-Nr017-001-250x141.jpg 250w, https://www.ff-kolkwitz.de/wp-content/uploads/2020/06/2020-Nr017-001-850x478.jpg 850w, https://www.ff-kolkwitz.de/wp-content/uploads/2020/06/2020-Nr017-001-1200x675.jpg 1200w, https://www.ff-kolkwitz.de/wp-content/uploads/2020/06/2020-Nr017-001-768x432.jpg 768w, https://www.ff-kolkwitz.de/wp-content/uploads/2020/06/2020-Nr017-001-1536x864.jpg 1536w, https://www.ff-kolkwitz.de/wp-content/uploads/2020/06/2020-Nr017-001-2048x1152.jpg 2048w" sizes="auto, (max-width: 250px) 100vw, 250px" /></a>
			</div>
				<figcaption class='wp-caption-text gallery-caption' id='gallery-1-3077'>
				Mit Ölbindemittel wurde das Öl aufgefangen
				</figcaption></figure><figure class='gallery-item'>
			<div class='gallery-icon landscape'>
				<a href='https://www.ff-kolkwitz.de/wp-content/uploads/2020/06/2020-Nr017-002.jpg' rel="lightbox[3076]"><img loading="lazy" decoding="async" width="250" height="141" src="https://www.ff-kolkwitz.de/wp-content/uploads/2020/06/2020-Nr017-002-250x141.jpg" class="attachment-thumbnail size-thumbnail" alt="" aria-describedby="gallery-1-3078" srcset="https://www.ff-kolkwitz.de/wp-content/uploads/2020/06/2020-Nr017-002-250x141.jpg 250w, https://www.ff-kolkwitz.de/wp-content/uploads/2020/06/2020-Nr017-002-850x478.jpg 850w, https://www.ff-kolkwitz.de/wp-content/uploads/2020/06/2020-Nr017-002-1200x675.jpg 1200w, https://www.ff-kolkwitz.de/wp-content/uploads/2020/06/2020-Nr017-002-768x432.jpg 768w, https://www.ff-kolkwitz.de/wp-content/uploads/2020/06/2020-Nr017-002-1536x864.jpg 1536w, https://www.ff-kolkwitz.de/wp-content/uploads/2020/06/2020-Nr017-002-2048x1152.jpg 2048w" sizes="auto, (max-width: 250px) 100vw, 250px" /></a>
			</div>
				<figcaption class='wp-caption-text gallery-caption' id='gallery-1-3078'>
				Mit Ölbindemittel wurde das Öl aufgefangen
				</figcaption></figure><figure class='gallery-item'>
			<div class='gallery-icon portrait'>
				<a href='https://www.ff-kolkwitz.de/wp-content/uploads/2020/06/2020-Nr017-003.jpg' rel="lightbox[3076]"><img loading="lazy" decoding="async" width="250" height="141" src="https://www.ff-kolkwitz.de/wp-content/uploads/2020/06/2020-Nr017-003-250x141.jpg" class="attachment-thumbnail size-thumbnail" alt="" aria-describedby="gallery-1-3079" srcset="https://www.ff-kolkwitz.de/wp-content/uploads/2020/06/2020-Nr017-003-250x141.jpg 250w, https://www.ff-kolkwitz.de/wp-content/uploads/2020/06/2020-Nr017-003-850x478.jpg 850w" sizes="auto, (max-width: 250px) 100vw, 250px" /></a>
			</div>
				<figcaption class='wp-caption-text gallery-caption' id='gallery-1-3079'>
				Eine Ölpfütze musste ausgehoben werden
				</figcaption></figure><figure class='gallery-item'>
			<div class='gallery-icon portrait'>
				<a href='https://www.ff-kolkwitz.de/wp-content/uploads/2020/06/2020-Nr017-004.jpg' rel="lightbox[3076]"><img loading="lazy" decoding="async" width="250" height="141" src="https://www.ff-kolkwitz.de/wp-content/uploads/2020/06/2020-Nr017-004-250x141.jpg" class="attachment-thumbnail size-thumbnail" alt="" aria-describedby="gallery-1-3080" srcset="https://www.ff-kolkwitz.de/wp-content/uploads/2020/06/2020-Nr017-004-250x141.jpg 250w, https://www.ff-kolkwitz.de/wp-content/uploads/2020/06/2020-Nr017-004-850x478.jpg 850w" sizes="auto, (max-width: 250px) 100vw, 250px" /></a>
			</div>
				<figcaption class='wp-caption-text gallery-caption' id='gallery-1-3080'>
				Mit Ölbindemittel wurde das Öl aufgefangen
				</figcaption></figure>
		</div>
