{"id":3298,"date":"2021-01-06T10:06:00","date_gmt":"2021-01-06T08:06:00","guid":{"rendered":"https:\/\/www.ff-kolkwitz.de\/?post_type=einsatz&#038;p=3298"},"modified":"2021-03-17T21:09:20","modified_gmt":"2021-03-17T19:09:20","slug":"baum-droht-zu-kippen","status":"publish","type":"einsatz","link":"https:\/\/www.ff-kolkwitz.de\/?einsatz=baum-droht-zu-kippen","title":{"rendered":"Baum droht zu kippen"},"content":{"rendered":"<p>Der Landesbetrieb Stra\u00dfenwesen hatte bei Routinekontrollen mehrere abgeknickte Baumkronen entdeckt, die auf die Fahrbahn zu st\u00fcrzen drohte. Die Feuerwehr sicherte die Einsatzstelle und sperrte f\u00fcr die Dauer der F\u00e4llarbeiten die Stra\u00dfe, die dann schnell ber\u00e4umt war.<\/p>\n<div id='gallery-1' class='gallery galleryid-3298 gallery-columns-2 gallery-size-thumbnail'><figure class='gallery-item'>\n\t\t\t<div class='gallery-icon landscape'>\n\t\t\t\t<a href='https:\/\/www.ff-kolkwitz.de\/wp-content\/uploads\/2021\/01\/2021-Nr002-001.jpg' rel=\"lightbox[3298]\"><img loading=\"lazy\" decoding=\"async\" width=\"250\" height=\"141\" src=\"https:\/\/www.ff-kolkwitz.de\/wp-content\/uploads\/2021\/01\/2021-Nr002-001-250x141.jpg\" class=\"attachment-thumbnail size-thumbnail\" alt=\"\" aria-describedby=\"gallery-1-3299\" srcset=\"https:\/\/www.ff-kolkwitz.de\/wp-content\/uploads\/2021\/01\/2021-Nr002-001-250x141.jpg 250w, https:\/\/www.ff-kolkwitz.de\/wp-content\/uploads\/2021\/01\/2021-Nr002-001-850x478.jpg 850w, https:\/\/www.ff-kolkwitz.de\/wp-content\/uploads\/2021\/01\/2021-Nr002-001-1200x675.jpg 1200w, https:\/\/www.ff-kolkwitz.de\/wp-content\/uploads\/2021\/01\/2021-Nr002-001-768x432.jpg 768w, https:\/\/www.ff-kolkwitz.de\/wp-content\/uploads\/2021\/01\/2021-Nr002-001-1536x864.jpg 1536w, https:\/\/www.ff-kolkwitz.de\/wp-content\/uploads\/2021\/01\/2021-Nr002-001-2048x1152.jpg 2048w\" sizes=\"auto, (max-width: 250px) 100vw, 250px\" \/><\/a>\n\t\t\t<\/div>\n\t\t\t\t<figcaption class='wp-caption-text gallery-caption' id='gallery-1-3299'>\n\t\t\t\tF\u00e4llarbeiten\n\t\t\t\t<\/figcaption><\/figure><figure class='gallery-item'>\n\t\t\t<div class='gallery-icon landscape'>\n\t\t\t\t<a href='https:\/\/www.ff-kolkwitz.de\/wp-content\/uploads\/2021\/01\/2021-Nr002-002-scaled.jpg' rel=\"lightbox[3298]\"><img loading=\"lazy\" decoding=\"async\" width=\"250\" height=\"141\" src=\"https:\/\/www.ff-kolkwitz.de\/wp-content\/uploads\/2021\/01\/2021-Nr002-002-250x141.jpg\" class=\"attachment-thumbnail size-thumbnail\" alt=\"\" aria-describedby=\"gallery-1-3300\" srcset=\"https:\/\/www.ff-kolkwitz.de\/wp-content\/uploads\/2021\/01\/2021-Nr002-002-250x141.jpg 250w, https:\/\/www.ff-kolkwitz.de\/wp-content\/uploads\/2021\/01\/2021-Nr002-002-850x478.jpg 850w, https:\/\/www.ff-kolkwitz.de\/wp-content\/uploads\/2021\/01\/2021-Nr002-002-1200x675.jpg 1200w, https:\/\/www.ff-kolkwitz.de\/wp-content\/uploads\/2021\/01\/2021-Nr002-002-768x432.jpg 768w, https:\/\/www.ff-kolkwitz.de\/wp-content\/uploads\/2021\/01\/2021-Nr002-002-1536x864.jpg 1536w, https:\/\/www.ff-kolkwitz.de\/wp-content\/uploads\/2021\/01\/2021-Nr002-002-2048x1152.jpg 2048w\" sizes=\"auto, (max-width: 250px) 100vw, 250px\" \/><\/a>\n\t\t\t<\/div>\n\t\t\t\t<figcaption class='wp-caption-text gallery-caption' id='gallery-1-3300'>\n\t\t\t\tUnd schon erledigt\n\t\t\t\t<\/figcaption><\/figure>\n\t\t<\/div>\n\n","protected":false},"author":1,"featured_media":3299,"template":"","meta":{"einsatz_weight":1,"footnotes":""},"categories":[144],"tags":[],"einsatzart":[3],"fahrzeug":[98,184,208],"exteinsatzmittel":[210],"alarmierungsart":[],"evw_unit":[],"class_list":["post-3298","einsatz","type-einsatz","status-publish","has-post-thumbnail","hentry","category-einsatz","einsatzart-natur","fahrzeug-elw","fahrzeug-hlf20","fahrzeug-wache","exteinsatzmittel-landesbetrieb-strassenwesen"],"_links":{"self":[{"href":"https:\/\/www.ff-kolkwitz.de\/index.php?rest_route=\/wp\/v2\/einsatz\/3298","targetHints":{"allow":["GET"]}}],"collection":[{"href":"https:\/\/www.ff-kolkwitz.de\/index.php?rest_route=\/wp\/v2\/einsatz"}],"about":[{"href":"https:\/\/www.ff-kolkwitz.de\/index.php?rest_route=\/wp\/v2\/types\/einsatz"}],"author":[{"embeddable":true,"href":"https:\/\/www.ff-kolkwitz.de\/index.php?rest_route=\/wp\/v2\/users\/1"}],"version-history":[{"count":1,"href":"https:\/\/www.ff-kolkwitz.de\/index.php?rest_route=\/wp\/v2\/einsatz\/3298\/revisions"}],"predecessor-version":[{"id":3301,"href":"https:\/\/www.ff-kolkwitz.de\/index.php?rest_route=\/wp\/v2\/einsatz\/3298\/revisions\/3301"}],"wp:featuredmedia":[{"embeddable":true,"href":"https:\/\/www.ff-kolkwitz.de\/index.php?rest_route=\/wp\/v2\/media\/3299"}],"wp:attachment":[{"href":"https:\/\/www.ff-kolkwitz.de\/index.php?rest_route=%2Fwp%2Fv2%2Fmedia&parent=3298"}],"wp:term":[{"taxonomy":"category","embeddable":true,"href":"https:\/\/www.ff-kolkwitz.de\/index.php?rest_route=%2Fwp%2Fv2%2Fcategories&post=3298"},{"taxonomy":"post_tag","embeddable":true,"href":"https:\/\/www.ff-kolkwitz.de\/index.php?rest_route=%2Fwp%2Fv2%2Ftags&post=3298"},{"taxonomy":"einsatzart","embeddable":true,"href":"https:\/\/www.ff-kolkwitz.de\/index.php?rest_route=%2Fwp%2Fv2%2Feinsatzart&post=3298"},{"taxonomy":"fahrzeug","embeddable":true,"href":"https:\/\/www.ff-kolkwitz.de\/index.php?rest_route=%2Fwp%2Fv2%2Ffahrzeug&post=3298"},{"taxonomy":"exteinsatzmittel","embeddable":true,"href":"https:\/\/www.ff-kolkwitz.de\/index.php?rest_route=%2Fwp%2Fv2%2Fexteinsatzmittel&post=3298"},{"taxonomy":"alarmierungsart","embeddable":true,"href":"https:\/\/www.ff-kolkwitz.de\/index.php?rest_route=%2Fwp%2Fv2%2Falarmierungsart&post=3298"},{"taxonomy":"evw_unit","embeddable":true,"href":"https:\/\/www.ff-kolkwitz.de\/index.php?rest_route=%2Fwp%2Fv2%2Fevw_unit&post=3298"}],"curies":[{"name":"wp","href":"https:\/\/api.w.org\/{rel}","templated":true}]}}

<p>Der Landesbetrieb Straßenwesen hatte bei Routinekontrollen mehrere abgeknickte Baumkronen entdeckt, die auf die Fahrbahn zu stürzen drohte. Die Feuerwehr sicherte die Einsatzstelle und sperrte für die Dauer der Fällarbeiten die Straße, die dann schnell beräumt war.</p>
<div id='gallery-1' class='gallery galleryid-3298 gallery-columns-2 gallery-size-thumbnail'><figure class='gallery-item'>
			<div class='gallery-icon landscape'>
				<a href='https://www.ff-kolkwitz.de/wp-content/uploads/2021/01/2021-Nr002-001.jpg' rel="lightbox[3298]"><img loading="lazy" decoding="async" width="250" height="141" src="https://www.ff-kolkwitz.de/wp-content/uploads/2021/01/2021-Nr002-001-250x141.jpg" class="attachment-thumbnail size-thumbnail" alt="" aria-describedby="gallery-1-3299" srcset="https://www.ff-kolkwitz.de/wp-content/uploads/2021/01/2021-Nr002-001-250x141.jpg 250w, https://www.ff-kolkwitz.de/wp-content/uploads/2021/01/2021-Nr002-001-850x478.jpg 850w, https://www.ff-kolkwitz.de/wp-content/uploads/2021/01/2021-Nr002-001-1200x675.jpg 1200w, https://www.ff-kolkwitz.de/wp-content/uploads/2021/01/2021-Nr002-001-768x432.jpg 768w, https://www.ff-kolkwitz.de/wp-content/uploads/2021/01/2021-Nr002-001-1536x864.jpg 1536w, https://www.ff-kolkwitz.de/wp-content/uploads/2021/01/2021-Nr002-001-2048x1152.jpg 2048w" sizes="auto, (max-width: 250px) 100vw, 250px" /></a>
			</div>
				<figcaption class='wp-caption-text gallery-caption' id='gallery-1-3299'>
				Fällarbeiten
				</figcaption></figure><figure class='gallery-item'>
			<div class='gallery-icon landscape'>
				<a href='https://www.ff-kolkwitz.de/wp-content/uploads/2021/01/2021-Nr002-002-scaled.jpg' rel="lightbox[3298]"><img loading="lazy" decoding="async" width="250" height="141" src="https://www.ff-kolkwitz.de/wp-content/uploads/2021/01/2021-Nr002-002-250x141.jpg" class="attachment-thumbnail size-thumbnail" alt="" aria-describedby="gallery-1-3300" srcset="https://www.ff-kolkwitz.de/wp-content/uploads/2021/01/2021-Nr002-002-250x141.jpg 250w, https://www.ff-kolkwitz.de/wp-content/uploads/2021/01/2021-Nr002-002-850x478.jpg 850w, https://www.ff-kolkwitz.de/wp-content/uploads/2021/01/2021-Nr002-002-1200x675.jpg 1200w, https://www.ff-kolkwitz.de/wp-content/uploads/2021/01/2021-Nr002-002-768x432.jpg 768w, https://www.ff-kolkwitz.de/wp-content/uploads/2021/01/2021-Nr002-002-1536x864.jpg 1536w, https://www.ff-kolkwitz.de/wp-content/uploads/2021/01/2021-Nr002-002-2048x1152.jpg 2048w" sizes="auto, (max-width: 250px) 100vw, 250px" /></a>
			</div>
				<figcaption class='wp-caption-text gallery-caption' id='gallery-1-3300'>
				Und schon erledigt
				</figcaption></figure>
		</div>
