{"id":3351,"date":"2021-03-13T15:05:00","date_gmt":"2021-03-13T13:05:00","guid":{"rendered":"https:\/\/www.ff-kolkwitz.de\/?post_type=einsatz&#038;p=3351"},"modified":"2021-03-17T16:22:30","modified_gmt":"2021-03-17T14:22:30","slug":"baum-auf-strasse-20","status":"publish","type":"einsatz","link":"https:\/\/www.ff-kolkwitz.de\/?einsatz=baum-auf-strasse-20","title":{"rendered":"Baum auf Stra\u00dfe"},"content":{"rendered":"<p>Ein leichtes L\u00fcftchen hatte daf\u00fcr gesorgt dass eine morsche Birke die Stra\u00dfe blockierte. Schon bei Anfahrt wurde klar, dass wir keine Kettens\u00e4ge brauchen. Nach einer kurzen Erkundung war klar 7 Mann 2 Frauen einmal angepackt. Und zack war die Stra\u00dfe wieder frei.<\/p>\n<div id='gallery-1' class='gallery galleryid-3351 gallery-columns-3 gallery-size-thumbnail'><figure class='gallery-item'>\n\t\t\t<div class='gallery-icon landscape'>\n\t\t\t\t<a href='https:\/\/www.ff-kolkwitz.de\/?attachment_id=3352#main'><img loading=\"lazy\" decoding=\"async\" width=\"250\" height=\"141\" src=\"https:\/\/www.ff-kolkwitz.de\/wp-content\/uploads\/2021\/03\/2021-Nr0xx-001-250x141.jpg\" class=\"attachment-thumbnail size-thumbnail\" alt=\"\" aria-describedby=\"gallery-1-3352\" srcset=\"https:\/\/www.ff-kolkwitz.de\/wp-content\/uploads\/2021\/03\/2021-Nr0xx-001-250x141.jpg 250w, https:\/\/www.ff-kolkwitz.de\/wp-content\/uploads\/2021\/03\/2021-Nr0xx-001-850x478.jpg 850w\" sizes=\"auto, (max-width: 250px) 100vw, 250px\" \/><\/a>\n\t\t\t<\/div>\n\t\t\t\t<figcaption class='wp-caption-text gallery-caption' id='gallery-1-3352'>\n\t\t\t\tDa liegt der Kaventsmann\n\t\t\t\t<\/figcaption><\/figure><figure class='gallery-item'>\n\t\t\t<div class='gallery-icon landscape'>\n\t\t\t\t<a href='https:\/\/www.ff-kolkwitz.de\/?attachment_id=3353#main'><img loading=\"lazy\" decoding=\"async\" width=\"250\" height=\"141\" src=\"https:\/\/www.ff-kolkwitz.de\/wp-content\/uploads\/2021\/03\/2021-Nr0xx-002-250x141.jpg\" class=\"attachment-thumbnail size-thumbnail\" alt=\"\" aria-describedby=\"gallery-1-3353\" srcset=\"https:\/\/www.ff-kolkwitz.de\/wp-content\/uploads\/2021\/03\/2021-Nr0xx-002-250x141.jpg 250w, https:\/\/www.ff-kolkwitz.de\/wp-content\/uploads\/2021\/03\/2021-Nr0xx-002-850x478.jpg 850w\" sizes=\"auto, (max-width: 250px) 100vw, 250px\" \/><\/a>\n\t\t\t<\/div>\n\t\t\t\t<figcaption class='wp-caption-text gallery-caption' id='gallery-1-3353'>\n\t\t\t\tVermutlich h\u00e4tte auch ein Feuerwehrmann gereicht, aber die Feuerwehr geht immer Truppweise vor \ud83d\ude42\n\t\t\t\t<\/figcaption><\/figure>\n\t\t<\/div>\n\n","protected":false},"author":1,"featured_media":3352,"template":"","meta":{"einsatz_weight":1,"footnotes":""},"categories":[144],"tags":[],"einsatzart":[3],"fahrzeug":[98,184,208],"exteinsatzmittel":[],"alarmierungsart":[],"evw_unit":[],"class_list":["post-3351","einsatz","type-einsatz","status-publish","has-post-thumbnail","hentry","category-einsatz","einsatzart-natur","fahrzeug-elw","fahrzeug-hlf20","fahrzeug-wache"],"_links":{"self":[{"href":"https:\/\/www.ff-kolkwitz.de\/index.php?rest_route=\/wp\/v2\/einsatz\/3351","targetHints":{"allow":["GET"]}}],"collection":[{"href":"https:\/\/www.ff-kolkwitz.de\/index.php?rest_route=\/wp\/v2\/einsatz"}],"about":[{"href":"https:\/\/www.ff-kolkwitz.de\/index.php?rest_route=\/wp\/v2\/types\/einsatz"}],"author":[{"embeddable":true,"href":"https:\/\/www.ff-kolkwitz.de\/index.php?rest_route=\/wp\/v2\/users\/1"}],"version-history":[{"count":1,"href":"https:\/\/www.ff-kolkwitz.de\/index.php?rest_route=\/wp\/v2\/einsatz\/3351\/revisions"}],"predecessor-version":[{"id":3354,"href":"https:\/\/www.ff-kolkwitz.de\/index.php?rest_route=\/wp\/v2\/einsatz\/3351\/revisions\/3354"}],"wp:featuredmedia":[{"embeddable":true,"href":"https:\/\/www.ff-kolkwitz.de\/index.php?rest_route=\/wp\/v2\/media\/3352"}],"wp:attachment":[{"href":"https:\/\/www.ff-kolkwitz.de\/index.php?rest_route=%2Fwp%2Fv2%2Fmedia&parent=3351"}],"wp:term":[{"taxonomy":"category","embeddable":true,"href":"https:\/\/www.ff-kolkwitz.de\/index.php?rest_route=%2Fwp%2Fv2%2Fcategories&post=3351"},{"taxonomy":"post_tag","embeddable":true,"href":"https:\/\/www.ff-kolkwitz.de\/index.php?rest_route=%2Fwp%2Fv2%2Ftags&post=3351"},{"taxonomy":"einsatzart","embeddable":true,"href":"https:\/\/www.ff-kolkwitz.de\/index.php?rest_route=%2Fwp%2Fv2%2Feinsatzart&post=3351"},{"taxonomy":"fahrzeug","embeddable":true,"href":"https:\/\/www.ff-kolkwitz.de\/index.php?rest_route=%2Fwp%2Fv2%2Ffahrzeug&post=3351"},{"taxonomy":"exteinsatzmittel","embeddable":true,"href":"https:\/\/www.ff-kolkwitz.de\/index.php?rest_route=%2Fwp%2Fv2%2Fexteinsatzmittel&post=3351"},{"taxonomy":"alarmierungsart","embeddable":true,"href":"https:\/\/www.ff-kolkwitz.de\/index.php?rest_route=%2Fwp%2Fv2%2Falarmierungsart&post=3351"},{"taxonomy":"evw_unit","embeddable":true,"href":"https:\/\/www.ff-kolkwitz.de\/index.php?rest_route=%2Fwp%2Fv2%2Fevw_unit&post=3351"}],"curies":[{"name":"wp","href":"https:\/\/api.w.org\/{rel}","templated":true}]}}

Baum auf Straße

<p>Ein leichtes Lüftchen hatte dafür gesorgt dass eine morsche Birke die Straße blockierte. Schon bei Anfahrt wurde klar, dass wir keine Kettensäge brauchen. Nach einer kurzen Erkundung war klar 7 Mann 2 Frauen einmal angepackt. Und zack war die Straße wieder frei.</p>
<div id='gallery-1' class='gallery galleryid-3351 gallery-columns-3 gallery-size-thumbnail'><figure class='gallery-item'>
			<div class='gallery-icon landscape'>
				<a href='https://www.ff-kolkwitz.de/?attachment_id=3352#main'><img loading="lazy" decoding="async" width="250" height="141" src="https://www.ff-kolkwitz.de/wp-content/uploads/2021/03/2021-Nr0xx-001-250x141.jpg" class="attachment-thumbnail size-thumbnail" alt="" aria-describedby="gallery-1-3352" srcset="https://www.ff-kolkwitz.de/wp-content/uploads/2021/03/2021-Nr0xx-001-250x141.jpg 250w, https://www.ff-kolkwitz.de/wp-content/uploads/2021/03/2021-Nr0xx-001-850x478.jpg 850w" sizes="auto, (max-width: 250px) 100vw, 250px" /></a>
			</div>
				<figcaption class='wp-caption-text gallery-caption' id='gallery-1-3352'>
				Da liegt der Kaventsmann
				</figcaption></figure><figure class='gallery-item'>
			<div class='gallery-icon landscape'>
				<a href='https://www.ff-kolkwitz.de/?attachment_id=3353#main'><img loading="lazy" decoding="async" width="250" height="141" src="https://www.ff-kolkwitz.de/wp-content/uploads/2021/03/2021-Nr0xx-002-250x141.jpg" class="attachment-thumbnail size-thumbnail" alt="" aria-describedby="gallery-1-3353" srcset="https://www.ff-kolkwitz.de/wp-content/uploads/2021/03/2021-Nr0xx-002-250x141.jpg 250w, https://www.ff-kolkwitz.de/wp-content/uploads/2021/03/2021-Nr0xx-002-850x478.jpg 850w" sizes="auto, (max-width: 250px) 100vw, 250px" /></a>
			</div>
				<figcaption class='wp-caption-text gallery-caption' id='gallery-1-3353'>
				Vermutlich hätte auch ein Feuerwehrmann gereicht, aber die Feuerwehr geht immer Truppweise vor 🙂
				</figcaption></figure>
		</div>
