{"id":3355,"date":"2021-03-16T20:32:00","date_gmt":"2021-03-16T18:32:00","guid":{"rendered":"https:\/\/www.ff-kolkwitz.de\/?post_type=einsatz&#038;p=3355"},"modified":"2021-03-17T16:22:46","modified_gmt":"2021-03-17T14:22:46","slug":"gluehender-raeucherofen","status":"publish","type":"einsatz","link":"https:\/\/www.ff-kolkwitz.de\/?einsatz=gluehender-raeucherofen","title":{"rendered":"Gl\u00fchender R\u00e4ucherofen"},"content":{"rendered":"<p>Ein gemeldeter Geb\u00e4udebrand klein in Zahsow stellte sich als \u00fcberhitzter R\u00e4ucherofen heraus. Die Feuerwehr k\u00fchlte das Ger\u00e4t mit Wasser und kontrollierte mit der W\u00e4rmebildkamera, ob die Hitze eventuell Geb\u00e4udeteile des Nebengelasses in Mitleidenschaft gezogen hatte. Dabei gingen die Einsatzkr\u00e4fte mit Atemschutz vor.<\/p>\n<div id='gallery-1' class='gallery galleryid-3355 gallery-columns-2 gallery-size-thumbnail'><figure class='gallery-item'>\n\t\t\t<div class='gallery-icon landscape'>\n\t\t\t\t<a href='https:\/\/www.ff-kolkwitz.de\/wp-content\/uploads\/2021\/03\/2021-Nr013-001-scaled.jpg' rel=\"lightbox[3355]\"><img loading=\"lazy\" decoding=\"async\" width=\"250\" height=\"141\" src=\"https:\/\/www.ff-kolkwitz.de\/wp-content\/uploads\/2021\/03\/2021-Nr013-001-250x141.jpg\" class=\"attachment-thumbnail size-thumbnail\" alt=\"\" aria-describedby=\"gallery-1-3356\" srcset=\"https:\/\/www.ff-kolkwitz.de\/wp-content\/uploads\/2021\/03\/2021-Nr013-001-250x141.jpg 250w, https:\/\/www.ff-kolkwitz.de\/wp-content\/uploads\/2021\/03\/2021-Nr013-001-850x478.jpg 850w, https:\/\/www.ff-kolkwitz.de\/wp-content\/uploads\/2021\/03\/2021-Nr013-001-1200x675.jpg 1200w\" sizes=\"auto, (max-width: 250px) 100vw, 250px\" \/><\/a>\n\t\t\t<\/div>\n\t\t\t\t<figcaption class='wp-caption-text gallery-caption' id='gallery-1-3356'>\n\t\t\t\tGro\u00dfes Aufgebot in Zahsow\n\t\t\t\t<\/figcaption><\/figure><figure class='gallery-item'>\n\t\t\t<div class='gallery-icon landscape'>\n\t\t\t\t<a href='https:\/\/www.ff-kolkwitz.de\/wp-content\/uploads\/2021\/03\/2021-Nr013-002.jpg' rel=\"lightbox[3355]\"><img loading=\"lazy\" decoding=\"async\" width=\"250\" height=\"141\" src=\"https:\/\/www.ff-kolkwitz.de\/wp-content\/uploads\/2021\/03\/2021-Nr013-002-250x141.jpg\" class=\"attachment-thumbnail size-thumbnail\" alt=\"\" aria-describedby=\"gallery-1-3357\" srcset=\"https:\/\/www.ff-kolkwitz.de\/wp-content\/uploads\/2021\/03\/2021-Nr013-002-250x141.jpg 250w, https:\/\/www.ff-kolkwitz.de\/wp-content\/uploads\/2021\/03\/2021-Nr013-002-850x478.jpg 850w, https:\/\/www.ff-kolkwitz.de\/wp-content\/uploads\/2021\/03\/2021-Nr013-002-1200x675.jpg 1200w\" sizes=\"auto, (max-width: 250px) 100vw, 250px\" \/><\/a>\n\t\t\t<\/div>\n\t\t\t\t<figcaption class='wp-caption-text gallery-caption' id='gallery-1-3357'>\n\t\t\t\tSuche nach weiteren Glutnestern\n\t\t\t\t<\/figcaption><\/figure>\n\t\t<\/div>\n\n","protected":false},"author":1,"featured_media":3356,"template":"","meta":{"einsatz_weight":1,"footnotes":""},"categories":[144],"tags":[],"einsatzart":[52],"fahrzeug":[98,184,10,29],"exteinsatzmittel":[42,91,37,41,43,26,25],"alarmierungsart":[],"evw_unit":[],"class_list":["post-3355","einsatz","type-einsatz","status-publish","has-post-thumbnail","hentry","category-einsatz","einsatzart-gebaeude-klein","fahrzeug-elw","fahrzeug-hlf20","fahrzeug-kdow","fahrzeug-tlf","exteinsatzmittel-ffw-eichow","exteinsatzmittel-ffw-gulben","exteinsatzmittel-krieschow","exteinsatzmittel-ffw-kunersdorf","exteinsatzmittel-ffw-limberg","exteinsatzmittel-polizei","exteinsatzmittel-rettungsdienst"],"_links":{"self":[{"href":"https:\/\/www.ff-kolkwitz.de\/index.php?rest_route=\/wp\/v2\/einsatz\/3355","targetHints":{"allow":["GET"]}}],"collection":[{"href":"https:\/\/www.ff-kolkwitz.de\/index.php?rest_route=\/wp\/v2\/einsatz"}],"about":[{"href":"https:\/\/www.ff-kolkwitz.de\/index.php?rest_route=\/wp\/v2\/types\/einsatz"}],"author":[{"embeddable":true,"href":"https:\/\/www.ff-kolkwitz.de\/index.php?rest_route=\/wp\/v2\/users\/1"}],"version-history":[{"count":1,"href":"https:\/\/www.ff-kolkwitz.de\/index.php?rest_route=\/wp\/v2\/einsatz\/3355\/revisions"}],"predecessor-version":[{"id":3358,"href":"https:\/\/www.ff-kolkwitz.de\/index.php?rest_route=\/wp\/v2\/einsatz\/3355\/revisions\/3358"}],"wp:featuredmedia":[{"embeddable":true,"href":"https:\/\/www.ff-kolkwitz.de\/index.php?rest_route=\/wp\/v2\/media\/3356"}],"wp:attachment":[{"href":"https:\/\/www.ff-kolkwitz.de\/index.php?rest_route=%2Fwp%2Fv2%2Fmedia&parent=3355"}],"wp:term":[{"taxonomy":"category","embeddable":true,"href":"https:\/\/www.ff-kolkwitz.de\/index.php?rest_route=%2Fwp%2Fv2%2Fcategories&post=3355"},{"taxonomy":"post_tag","embeddable":true,"href":"https:\/\/www.ff-kolkwitz.de\/index.php?rest_route=%2Fwp%2Fv2%2Ftags&post=3355"},{"taxonomy":"einsatzart","embeddable":true,"href":"https:\/\/www.ff-kolkwitz.de\/index.php?rest_route=%2Fwp%2Fv2%2Feinsatzart&post=3355"},{"taxonomy":"fahrzeug","embeddable":true,"href":"https:\/\/www.ff-kolkwitz.de\/index.php?rest_route=%2Fwp%2Fv2%2Ffahrzeug&post=3355"},{"taxonomy":"exteinsatzmittel","embeddable":true,"href":"https:\/\/www.ff-kolkwitz.de\/index.php?rest_route=%2Fwp%2Fv2%2Fexteinsatzmittel&post=3355"},{"taxonomy":"alarmierungsart","embeddable":true,"href":"https:\/\/www.ff-kolkwitz.de\/index.php?rest_route=%2Fwp%2Fv2%2Falarmierungsart&post=3355"},{"taxonomy":"evw_unit","embeddable":true,"href":"https:\/\/www.ff-kolkwitz.de\/index.php?rest_route=%2Fwp%2Fv2%2Fevw_unit&post=3355"}],"curies":[{"name":"wp","href":"https:\/\/api.w.org\/{rel}","templated":true}]}}

Glühender Räucherofen

<p>Ein gemeldeter Gebäudebrand klein in Zahsow stellte sich als überhitzter Räucherofen heraus. Die Feuerwehr kühlte das Gerät mit Wasser und kontrollierte mit der Wärmebildkamera, ob die Hitze eventuell Gebäudeteile des Nebengelasses in Mitleidenschaft gezogen hatte. Dabei gingen die Einsatzkräfte mit Atemschutz vor.</p>
<div id='gallery-1' class='gallery galleryid-3355 gallery-columns-2 gallery-size-thumbnail'><figure class='gallery-item'>
			<div class='gallery-icon landscape'>
				<a href='https://www.ff-kolkwitz.de/wp-content/uploads/2021/03/2021-Nr013-001-scaled.jpg' rel="lightbox[3355]"><img loading="lazy" decoding="async" width="250" height="141" src="https://www.ff-kolkwitz.de/wp-content/uploads/2021/03/2021-Nr013-001-250x141.jpg" class="attachment-thumbnail size-thumbnail" alt="" aria-describedby="gallery-1-3356" srcset="https://www.ff-kolkwitz.de/wp-content/uploads/2021/03/2021-Nr013-001-250x141.jpg 250w, https://www.ff-kolkwitz.de/wp-content/uploads/2021/03/2021-Nr013-001-850x478.jpg 850w, https://www.ff-kolkwitz.de/wp-content/uploads/2021/03/2021-Nr013-001-1200x675.jpg 1200w" sizes="auto, (max-width: 250px) 100vw, 250px" /></a>
			</div>
				<figcaption class='wp-caption-text gallery-caption' id='gallery-1-3356'>
				Großes Aufgebot in Zahsow
				</figcaption></figure><figure class='gallery-item'>
			<div class='gallery-icon landscape'>
				<a href='https://www.ff-kolkwitz.de/wp-content/uploads/2021/03/2021-Nr013-002.jpg' rel="lightbox[3355]"><img loading="lazy" decoding="async" width="250" height="141" src="https://www.ff-kolkwitz.de/wp-content/uploads/2021/03/2021-Nr013-002-250x141.jpg" class="attachment-thumbnail size-thumbnail" alt="" aria-describedby="gallery-1-3357" srcset="https://www.ff-kolkwitz.de/wp-content/uploads/2021/03/2021-Nr013-002-250x141.jpg 250w, https://www.ff-kolkwitz.de/wp-content/uploads/2021/03/2021-Nr013-002-850x478.jpg 850w, https://www.ff-kolkwitz.de/wp-content/uploads/2021/03/2021-Nr013-002-1200x675.jpg 1200w" sizes="auto, (max-width: 250px) 100vw, 250px" /></a>
			</div>
				<figcaption class='wp-caption-text gallery-caption' id='gallery-1-3357'>
				Suche nach weiteren Glutnestern
				</figcaption></figure>
		</div>
