{"id":3445,"date":"2021-06-26T18:34:00","date_gmt":"2021-06-26T16:34:00","guid":{"rendered":"https:\/\/www.ff-kolkwitz.de\/?post_type=einsatz&#038;p=3445"},"modified":"2021-07-19T16:22:52","modified_gmt":"2021-07-19T14:22:52","slug":"waldbrand-21","status":"publish","type":"einsatz","link":"https:\/\/www.ff-kolkwitz.de\/?einsatz=waldbrand-21","title":{"rendered":"Waldbrand"},"content":{"rendered":"<p>Die Kolkwitzer Ortswehr wurde alarmiert, um die Drebkauer Einsatzkr\u00e4fte bei einem gemeldeten Waldbrand bei Laubst zu unterst\u00fctzen. Schon auf der Anfahrt kam die Entwarnung: Unsere Hilfe wurde nicht ben\u00f6tigt.<\/p>\n","protected":false},"author":1,"featured_media":3446,"template":"","meta":{"einsatz_weight":1,"footnotes":""},"categories":[144],"tags":[],"einsatzart":[57],"fahrzeug":[29,208],"exteinsatzmittel":[115,114,42,116,117],"alarmierungsart":[],"evw_unit":[],"class_list":["post-3445","einsatz","type-einsatz","status-publish","has-post-thumbnail","hentry","category-einsatz","einsatzart-wald","fahrzeug-tlf","fahrzeug-wache","exteinsatzmittel-ffw-casel","exteinsatzmittel-ffw-drebkau","exteinsatzmittel-ffw-eichow","exteinsatzmittel-ffw-leuthen","exteinsatzmittel-ffw-schorbus"],"_links":{"self":[{"href":"https:\/\/www.ff-kolkwitz.de\/index.php?rest_route=\/wp\/v2\/einsatz\/3445","targetHints":{"allow":["GET"]}}],"collection":[{"href":"https:\/\/www.ff-kolkwitz.de\/index.php?rest_route=\/wp\/v2\/einsatz"}],"about":[{"href":"https:\/\/www.ff-kolkwitz.de\/index.php?rest_route=\/wp\/v2\/types\/einsatz"}],"author":[{"embeddable":true,"href":"https:\/\/www.ff-kolkwitz.de\/index.php?rest_route=\/wp\/v2\/users\/1"}],"version-history":[{"count":1,"href":"https:\/\/www.ff-kolkwitz.de\/index.php?rest_route=\/wp\/v2\/einsatz\/3445\/revisions"}],"predecessor-version":[{"id":3452,"href":"https:\/\/www.ff-kolkwitz.de\/index.php?rest_route=\/wp\/v2\/einsatz\/3445\/revisions\/3452"}],"wp:featuredmedia":[{"embeddable":true,"href":"https:\/\/www.ff-kolkwitz.de\/index.php?rest_route=\/wp\/v2\/media\/3446"}],"wp:attachment":[{"href":"https:\/\/www.ff-kolkwitz.de\/index.php?rest_route=%2Fwp%2Fv2%2Fmedia&parent=3445"}],"wp:term":[{"taxonomy":"category","embeddable":true,"href":"https:\/\/www.ff-kolkwitz.de\/index.php?rest_route=%2Fwp%2Fv2%2Fcategories&post=3445"},{"taxonomy":"post_tag","embeddable":true,"href":"https:\/\/www.ff-kolkwitz.de\/index.php?rest_route=%2Fwp%2Fv2%2Ftags&post=3445"},{"taxonomy":"einsatzart","embeddable":true,"href":"https:\/\/www.ff-kolkwitz.de\/index.php?rest_route=%2Fwp%2Fv2%2Feinsatzart&post=3445"},{"taxonomy":"fahrzeug","embeddable":true,"href":"https:\/\/www.ff-kolkwitz.de\/index.php?rest_route=%2Fwp%2Fv2%2Ffahrzeug&post=3445"},{"taxonomy":"exteinsatzmittel","embeddable":true,"href":"https:\/\/www.ff-kolkwitz.de\/index.php?rest_route=%2Fwp%2Fv2%2Fexteinsatzmittel&post=3445"},{"taxonomy":"alarmierungsart","embeddable":true,"href":"https:\/\/www.ff-kolkwitz.de\/index.php?rest_route=%2Fwp%2Fv2%2Falarmierungsart&post=3445"},{"taxonomy":"evw_unit","embeddable":true,"href":"https:\/\/www.ff-kolkwitz.de\/index.php?rest_route=%2Fwp%2Fv2%2Fevw_unit&post=3445"}],"curies":[{"name":"wp","href":"https:\/\/api.w.org\/{rel}","templated":true}]}}

<p>Die Kolkwitzer Ortswehr wurde alarmiert, um die Drebkauer Einsatzkräfte bei einem gemeldeten Waldbrand bei Laubst zu unterstützen. Schon auf der Anfahrt kam die Entwarnung: Unsere Hilfe wurde nicht benötigt.</p>
