{"id":3721,"date":"2022-02-19T00:04:00","date_gmt":"2022-02-18T22:04:00","guid":{"rendered":"https:\/\/www.ff-kolkwitz.de\/?post_type=einsatz&#038;p=3721"},"modified":"2022-02-20T20:44:32","modified_gmt":"2022-02-20T18:44:32","slug":"baum-auf-strasse-25","status":"publish","type":"einsatz","link":"https:\/\/www.ff-kolkwitz.de\/?einsatz=baum-auf-strasse-25","title":{"rendered":"Baum auf Stra\u00dfe"},"content":{"rendered":"<p>Auf einem Privatgrundst\u00fcck war ein Baum umgeknickt und auf Fu\u00dfweg und Fahrbahn gefallen. Die Feuerwehr sperrte die Stra\u00dfe ab, leuchtete aus und zerlegte den Baum in handliche St\u00fccke. Au\u00dferdem sicherten wir den vom Baum eingedr\u00fcckten Zaun.<\/p>\n<div id='gallery-1' class='gallery galleryid-3721 gallery-columns-3 gallery-size-thumbnail'><figure class='gallery-item'>\n\t\t\t<div class='gallery-icon landscape'>\n\t\t\t\t<a href='https:\/\/www.ff-kolkwitz.de\/wp-content\/uploads\/2022\/02\/2022-Nr015-003.jpg' rel=\"lightbox[3721]\"><img loading=\"lazy\" decoding=\"async\" width=\"250\" height=\"141\" src=\"https:\/\/www.ff-kolkwitz.de\/wp-content\/uploads\/2022\/02\/2022-Nr015-003-250x141.jpg\" class=\"attachment-thumbnail size-thumbnail\" alt=\"\" srcset=\"https:\/\/www.ff-kolkwitz.de\/wp-content\/uploads\/2022\/02\/2022-Nr015-003-250x141.jpg 250w, https:\/\/www.ff-kolkwitz.de\/wp-content\/uploads\/2022\/02\/2022-Nr015-003-850x478.jpg 850w\" sizes=\"auto, (max-width: 250px) 100vw, 250px\" \/><\/a>\n\t\t\t<\/div><\/figure><figure class='gallery-item'>\n\t\t\t<div class='gallery-icon landscape'>\n\t\t\t\t<a href='https:\/\/www.ff-kolkwitz.de\/wp-content\/uploads\/2022\/02\/2022-Nr015-002-scaled.jpeg' rel=\"lightbox[3721]\"><img loading=\"lazy\" decoding=\"async\" width=\"250\" height=\"141\" src=\"https:\/\/www.ff-kolkwitz.de\/wp-content\/uploads\/2022\/02\/2022-Nr015-002-250x141.jpeg\" class=\"attachment-thumbnail size-thumbnail\" alt=\"\" srcset=\"https:\/\/www.ff-kolkwitz.de\/wp-content\/uploads\/2022\/02\/2022-Nr015-002-250x141.jpeg 250w, https:\/\/www.ff-kolkwitz.de\/wp-content\/uploads\/2022\/02\/2022-Nr015-002-850x478.jpeg 850w, https:\/\/www.ff-kolkwitz.de\/wp-content\/uploads\/2022\/02\/2022-Nr015-002-1200x675.jpeg 1200w, https:\/\/www.ff-kolkwitz.de\/wp-content\/uploads\/2022\/02\/2022-Nr015-002-768x432.jpeg 768w, https:\/\/www.ff-kolkwitz.de\/wp-content\/uploads\/2022\/02\/2022-Nr015-002-1536x864.jpeg 1536w, https:\/\/www.ff-kolkwitz.de\/wp-content\/uploads\/2022\/02\/2022-Nr015-002-2048x1152.jpeg 2048w\" sizes=\"auto, (max-width: 250px) 100vw, 250px\" \/><\/a>\n\t\t\t<\/div><\/figure><figure class='gallery-item'>\n\t\t\t<div class='gallery-icon landscape'>\n\t\t\t\t<a href='https:\/\/www.ff-kolkwitz.de\/wp-content\/uploads\/2022\/02\/2022-Nr015-001-scaled.jpeg' rel=\"lightbox[3721]\"><img loading=\"lazy\" decoding=\"async\" width=\"250\" height=\"141\" src=\"https:\/\/www.ff-kolkwitz.de\/wp-content\/uploads\/2022\/02\/2022-Nr015-001-250x141.jpeg\" class=\"attachment-thumbnail size-thumbnail\" alt=\"\" srcset=\"https:\/\/www.ff-kolkwitz.de\/wp-content\/uploads\/2022\/02\/2022-Nr015-001-250x141.jpeg 250w, https:\/\/www.ff-kolkwitz.de\/wp-content\/uploads\/2022\/02\/2022-Nr015-001-850x478.jpeg 850w, https:\/\/www.ff-kolkwitz.de\/wp-content\/uploads\/2022\/02\/2022-Nr015-001-1200x675.jpeg 1200w, https:\/\/www.ff-kolkwitz.de\/wp-content\/uploads\/2022\/02\/2022-Nr015-001-768x432.jpeg 768w, https:\/\/www.ff-kolkwitz.de\/wp-content\/uploads\/2022\/02\/2022-Nr015-001-1536x864.jpeg 1536w, https:\/\/www.ff-kolkwitz.de\/wp-content\/uploads\/2022\/02\/2022-Nr015-001-2048x1152.jpeg 2048w\" sizes=\"auto, (max-width: 250px) 100vw, 250px\" \/><\/a>\n\t\t\t<\/div><\/figure>\n\t\t<\/div>\n\n","protected":false},"author":1,"featured_media":3722,"template":"","meta":{"einsatz_weight":1,"footnotes":""},"categories":[144],"tags":[],"einsatzart":[3],"fahrzeug":[184,208],"exteinsatzmittel":[],"alarmierungsart":[],"evw_unit":[],"class_list":["post-3721","einsatz","type-einsatz","status-publish","has-post-thumbnail","hentry","category-einsatz","einsatzart-natur","fahrzeug-hlf20","fahrzeug-wache"],"_links":{"self":[{"href":"https:\/\/www.ff-kolkwitz.de\/index.php?rest_route=\/wp\/v2\/einsatz\/3721","targetHints":{"allow":["GET"]}}],"collection":[{"href":"https:\/\/www.ff-kolkwitz.de\/index.php?rest_route=\/wp\/v2\/einsatz"}],"about":[{"href":"https:\/\/www.ff-kolkwitz.de\/index.php?rest_route=\/wp\/v2\/types\/einsatz"}],"author":[{"embeddable":true,"href":"https:\/\/www.ff-kolkwitz.de\/index.php?rest_route=\/wp\/v2\/users\/1"}],"version-history":[{"count":1,"href":"https:\/\/www.ff-kolkwitz.de\/index.php?rest_route=\/wp\/v2\/einsatz\/3721\/revisions"}],"predecessor-version":[{"id":3725,"href":"https:\/\/www.ff-kolkwitz.de\/index.php?rest_route=\/wp\/v2\/einsatz\/3721\/revisions\/3725"}],"wp:featuredmedia":[{"embeddable":true,"href":"https:\/\/www.ff-kolkwitz.de\/index.php?rest_route=\/wp\/v2\/media\/3722"}],"wp:attachment":[{"href":"https:\/\/www.ff-kolkwitz.de\/index.php?rest_route=%2Fwp%2Fv2%2Fmedia&parent=3721"}],"wp:term":[{"taxonomy":"category","embeddable":true,"href":"https:\/\/www.ff-kolkwitz.de\/index.php?rest_route=%2Fwp%2Fv2%2Fcategories&post=3721"},{"taxonomy":"post_tag","embeddable":true,"href":"https:\/\/www.ff-kolkwitz.de\/index.php?rest_route=%2Fwp%2Fv2%2Ftags&post=3721"},{"taxonomy":"einsatzart","embeddable":true,"href":"https:\/\/www.ff-kolkwitz.de\/index.php?rest_route=%2Fwp%2Fv2%2Feinsatzart&post=3721"},{"taxonomy":"fahrzeug","embeddable":true,"href":"https:\/\/www.ff-kolkwitz.de\/index.php?rest_route=%2Fwp%2Fv2%2Ffahrzeug&post=3721"},{"taxonomy":"exteinsatzmittel","embeddable":true,"href":"https:\/\/www.ff-kolkwitz.de\/index.php?rest_route=%2Fwp%2Fv2%2Fexteinsatzmittel&post=3721"},{"taxonomy":"alarmierungsart","embeddable":true,"href":"https:\/\/www.ff-kolkwitz.de\/index.php?rest_route=%2Fwp%2Fv2%2Falarmierungsart&post=3721"},{"taxonomy":"evw_unit","embeddable":true,"href":"https:\/\/www.ff-kolkwitz.de\/index.php?rest_route=%2Fwp%2Fv2%2Fevw_unit&post=3721"}],"curies":[{"name":"wp","href":"https:\/\/api.w.org\/{rel}","templated":true}]}}

Baum auf Straße

<p>Auf einem Privatgrundstück war ein Baum umgeknickt und auf Fußweg und Fahrbahn gefallen. Die Feuerwehr sperrte die Straße ab, leuchtete aus und zerlegte den Baum in handliche Stücke. Außerdem sicherten wir den vom Baum eingedrückten Zaun.</p>
<div id='gallery-1' class='gallery galleryid-3721 gallery-columns-3 gallery-size-thumbnail'><figure class='gallery-item'>
			<div class='gallery-icon landscape'>
				<a href='https://www.ff-kolkwitz.de/wp-content/uploads/2022/02/2022-Nr015-003.jpg' rel="lightbox[3721]"><img loading="lazy" decoding="async" width="250" height="141" src="https://www.ff-kolkwitz.de/wp-content/uploads/2022/02/2022-Nr015-003-250x141.jpg" class="attachment-thumbnail size-thumbnail" alt="" srcset="https://www.ff-kolkwitz.de/wp-content/uploads/2022/02/2022-Nr015-003-250x141.jpg 250w, https://www.ff-kolkwitz.de/wp-content/uploads/2022/02/2022-Nr015-003-850x478.jpg 850w" sizes="auto, (max-width: 250px) 100vw, 250px" /></a>
			</div></figure><figure class='gallery-item'>
			<div class='gallery-icon landscape'>
				<a href='https://www.ff-kolkwitz.de/wp-content/uploads/2022/02/2022-Nr015-002-scaled.jpeg' rel="lightbox[3721]"><img loading="lazy" decoding="async" width="250" height="141" src="https://www.ff-kolkwitz.de/wp-content/uploads/2022/02/2022-Nr015-002-250x141.jpeg" class="attachment-thumbnail size-thumbnail" alt="" srcset="https://www.ff-kolkwitz.de/wp-content/uploads/2022/02/2022-Nr015-002-250x141.jpeg 250w, https://www.ff-kolkwitz.de/wp-content/uploads/2022/02/2022-Nr015-002-850x478.jpeg 850w, https://www.ff-kolkwitz.de/wp-content/uploads/2022/02/2022-Nr015-002-1200x675.jpeg 1200w, https://www.ff-kolkwitz.de/wp-content/uploads/2022/02/2022-Nr015-002-768x432.jpeg 768w, https://www.ff-kolkwitz.de/wp-content/uploads/2022/02/2022-Nr015-002-1536x864.jpeg 1536w, https://www.ff-kolkwitz.de/wp-content/uploads/2022/02/2022-Nr015-002-2048x1152.jpeg 2048w" sizes="auto, (max-width: 250px) 100vw, 250px" /></a>
			</div></figure><figure class='gallery-item'>
			<div class='gallery-icon landscape'>
				<a href='https://www.ff-kolkwitz.de/wp-content/uploads/2022/02/2022-Nr015-001-scaled.jpeg' rel="lightbox[3721]"><img loading="lazy" decoding="async" width="250" height="141" src="https://www.ff-kolkwitz.de/wp-content/uploads/2022/02/2022-Nr015-001-250x141.jpeg" class="attachment-thumbnail size-thumbnail" alt="" srcset="https://www.ff-kolkwitz.de/wp-content/uploads/2022/02/2022-Nr015-001-250x141.jpeg 250w, https://www.ff-kolkwitz.de/wp-content/uploads/2022/02/2022-Nr015-001-850x478.jpeg 850w, https://www.ff-kolkwitz.de/wp-content/uploads/2022/02/2022-Nr015-001-1200x675.jpeg 1200w, https://www.ff-kolkwitz.de/wp-content/uploads/2022/02/2022-Nr015-001-768x432.jpeg 768w, https://www.ff-kolkwitz.de/wp-content/uploads/2022/02/2022-Nr015-001-1536x864.jpeg 1536w, https://www.ff-kolkwitz.de/wp-content/uploads/2022/02/2022-Nr015-001-2048x1152.jpeg 2048w" sizes="auto, (max-width: 250px) 100vw, 250px" /></a>
			</div></figure>
		</div>
