{"id":391,"date":"2015-03-31T20:01:00","date_gmt":"2015-03-31T19:01:00","guid":{"rendered":"http:\/\/www.ffw-kolkwitz.de\/?post_type=einsatz&#038;p=391"},"modified":"2017-05-28T21:20:07","modified_gmt":"2017-05-28T19:20:07","slug":"baum-auf-strasse-5","status":"publish","type":"einsatz","link":"https:\/\/www.ff-kolkwitz.de\/?einsatz=baum-auf-strasse-5","title":{"rendered":"Baum auf Stra\u00dfe"},"content":{"rendered":"<p><a href=\"https:\/\/www.ff-kolkwitz.de\/wp-content\/uploads\/2015\/03\/Nr027_05.jpg\" rel=\"lightbox[391]\"><img loading=\"lazy\" decoding=\"async\" class=\"aligncenter size-large wp-image-397\" src=\"https:\/\/www.ff-kolkwitz.de\/wp-content\/uploads\/2015\/03\/Nr027_05-1024x576.jpg\" alt=\"Nr027_05\" width=\"565\" height=\"318\" srcset=\"https:\/\/www.ff-kolkwitz.de\/wp-content\/uploads\/2015\/03\/Nr027_05-1024x576.jpg 1024w, https:\/\/www.ff-kolkwitz.de\/wp-content\/uploads\/2015\/03\/Nr027_05-300x169.jpg 300w, https:\/\/www.ff-kolkwitz.de\/wp-content\/uploads\/2015\/03\/Nr027_05.jpg 1280w\" sizes=\"auto, (max-width: 565px) 100vw, 565px\" \/><\/a><\/p>\n<p>Mehrere B\u00e4ume waren auf die L49 gefallen, bzw drohten umzust\u00fcrzen. Die Feuerwehr sicherte die Einsatzstelle ab und leuchtete sie aus, f\u00e4llte die &#8220;Wackelkandidaten&#8221; und s\u00e4gte die umgefallen B\u00e4ume klein.<\/p>\n<p>Anschlie\u00dfend wurde die Stra\u00dfe ber\u00e4umt<\/p>\n<div id='gallery-1' class='gallery galleryid-391 gallery-columns-3 gallery-size-thumbnail'><figure class='gallery-item'>\n\t\t\t<div class='gallery-icon landscape'>\n\t\t\t\t<a href='https:\/\/www.ff-kolkwitz.de\/wp-content\/uploads\/2015\/03\/Nr027_08.jpg' rel=\"lightbox[391]\"><img loading=\"lazy\" decoding=\"async\" width=\"141\" height=\"141\" src=\"https:\/\/www.ff-kolkwitz.de\/wp-content\/uploads\/2015\/03\/Nr027_08-150x150.jpg\" class=\"attachment-thumbnail size-thumbnail\" alt=\"\" \/><\/a>\n\t\t\t<\/div><\/figure><figure class='gallery-item'>\n\t\t\t<div class='gallery-icon landscape'>\n\t\t\t\t<a href='https:\/\/www.ff-kolkwitz.de\/wp-content\/uploads\/2015\/03\/Nr027_07.jpg' rel=\"lightbox[391]\"><img loading=\"lazy\" decoding=\"async\" width=\"141\" height=\"141\" src=\"https:\/\/www.ff-kolkwitz.de\/wp-content\/uploads\/2015\/03\/Nr027_07-150x150.jpg\" class=\"attachment-thumbnail size-thumbnail\" alt=\"\" \/><\/a>\n\t\t\t<\/div><\/figure><figure class='gallery-item'>\n\t\t\t<div class='gallery-icon landscape'>\n\t\t\t\t<a href='https:\/\/www.ff-kolkwitz.de\/wp-content\/uploads\/2015\/03\/Nr027_06.jpg' rel=\"lightbox[391]\"><img loading=\"lazy\" decoding=\"async\" width=\"141\" height=\"141\" src=\"https:\/\/www.ff-kolkwitz.de\/wp-content\/uploads\/2015\/03\/Nr027_06-150x150.jpg\" class=\"attachment-thumbnail size-thumbnail\" alt=\"\" \/><\/a>\n\t\t\t<\/div><\/figure><figure class='gallery-item'>\n\t\t\t<div class='gallery-icon landscape'>\n\t\t\t\t<a href='https:\/\/www.ff-kolkwitz.de\/wp-content\/uploads\/2015\/03\/Nr027_05.jpg' rel=\"lightbox[391]\"><img loading=\"lazy\" decoding=\"async\" width=\"141\" height=\"141\" src=\"https:\/\/www.ff-kolkwitz.de\/wp-content\/uploads\/2015\/03\/Nr027_05-150x150.jpg\" class=\"attachment-thumbnail size-thumbnail\" alt=\"\" \/><\/a>\n\t\t\t<\/div><\/figure><figure class='gallery-item'>\n\t\t\t<div class='gallery-icon landscape'>\n\t\t\t\t<a href='https:\/\/www.ff-kolkwitz.de\/wp-content\/uploads\/2015\/03\/Nr027_04.jpg' rel=\"lightbox[391]\"><img loading=\"lazy\" decoding=\"async\" width=\"141\" height=\"141\" src=\"https:\/\/www.ff-kolkwitz.de\/wp-content\/uploads\/2015\/03\/Nr027_04-150x150.jpg\" class=\"attachment-thumbnail size-thumbnail\" alt=\"\" \/><\/a>\n\t\t\t<\/div><\/figure><figure class='gallery-item'>\n\t\t\t<div class='gallery-icon landscape'>\n\t\t\t\t<a href='https:\/\/www.ff-kolkwitz.de\/wp-content\/uploads\/2015\/03\/Nr027_01.jpg' rel=\"lightbox[391]\"><img loading=\"lazy\" decoding=\"async\" width=\"141\" height=\"141\" src=\"https:\/\/www.ff-kolkwitz.de\/wp-content\/uploads\/2015\/03\/Nr027_01-150x150.jpg\" class=\"attachment-thumbnail size-thumbnail\" alt=\"\" \/><\/a>\n\t\t\t<\/div><\/figure><figure class='gallery-item'>\n\t\t\t<div class='gallery-icon landscape'>\n\t\t\t\t<a href='https:\/\/www.ff-kolkwitz.de\/wp-content\/uploads\/2015\/03\/Nr027_02.jpg' rel=\"lightbox[391]\"><img loading=\"lazy\" decoding=\"async\" width=\"141\" height=\"141\" src=\"https:\/\/www.ff-kolkwitz.de\/wp-content\/uploads\/2015\/03\/Nr027_02-150x150.jpg\" class=\"attachment-thumbnail size-thumbnail\" alt=\"\" \/><\/a>\n\t\t\t<\/div><\/figure><figure class='gallery-item'>\n\t\t\t<div class='gallery-icon landscape'>\n\t\t\t\t<a href='https:\/\/www.ff-kolkwitz.de\/wp-content\/uploads\/2015\/03\/Nr027_03.jpg' rel=\"lightbox[391]\"><img loading=\"lazy\" decoding=\"async\" width=\"141\" height=\"141\" src=\"https:\/\/www.ff-kolkwitz.de\/wp-content\/uploads\/2015\/03\/Nr027_03-150x150.jpg\" class=\"attachment-thumbnail size-thumbnail\" alt=\"\" \/><\/a>\n\t\t\t<\/div><\/figure>\n\t\t<\/div>\n\n","protected":false},"author":1,"featured_media":0,"template":"","meta":{"einsatz_weight":1,"footnotes":""},"categories":[144],"tags":[],"einsatzart":[3],"fahrzeug":[10,9,29],"exteinsatzmittel":[43],"alarmierungsart":[],"evw_unit":[],"class_list":["post-391","einsatz","type-einsatz","status-publish","hentry","category-einsatz","einsatzart-natur","fahrzeug-kdow","fahrzeug-lf-1612","fahrzeug-tlf","exteinsatzmittel-ffw-limberg"],"_links":{"self":[{"href":"https:\/\/www.ff-kolkwitz.de\/index.php?rest_route=\/wp\/v2\/einsatz\/391","targetHints":{"allow":["GET"]}}],"collection":[{"href":"https:\/\/www.ff-kolkwitz.de\/index.php?rest_route=\/wp\/v2\/einsatz"}],"about":[{"href":"https:\/\/www.ff-kolkwitz.de\/index.php?rest_route=\/wp\/v2\/types\/einsatz"}],"author":[{"embeddable":true,"href":"https:\/\/www.ff-kolkwitz.de\/index.php?rest_route=\/wp\/v2\/users\/1"}],"version-history":[{"count":1,"href":"https:\/\/www.ff-kolkwitz.de\/index.php?rest_route=\/wp\/v2\/einsatz\/391\/revisions"}],"predecessor-version":[{"id":1466,"href":"https:\/\/www.ff-kolkwitz.de\/index.php?rest_route=\/wp\/v2\/einsatz\/391\/revisions\/1466"}],"wp:attachment":[{"href":"https:\/\/www.ff-kolkwitz.de\/index.php?rest_route=%2Fwp%2Fv2%2Fmedia&parent=391"}],"wp:term":[{"taxonomy":"category","embeddable":true,"href":"https:\/\/www.ff-kolkwitz.de\/index.php?rest_route=%2Fwp%2Fv2%2Fcategories&post=391"},{"taxonomy":"post_tag","embeddable":true,"href":"https:\/\/www.ff-kolkwitz.de\/index.php?rest_route=%2Fwp%2Fv2%2Ftags&post=391"},{"taxonomy":"einsatzart","embeddable":true,"href":"https:\/\/www.ff-kolkwitz.de\/index.php?rest_route=%2Fwp%2Fv2%2Feinsatzart&post=391"},{"taxonomy":"fahrzeug","embeddable":true,"href":"https:\/\/www.ff-kolkwitz.de\/index.php?rest_route=%2Fwp%2Fv2%2Ffahrzeug&post=391"},{"taxonomy":"exteinsatzmittel","embeddable":true,"href":"https:\/\/www.ff-kolkwitz.de\/index.php?rest_route=%2Fwp%2Fv2%2Fexteinsatzmittel&post=391"},{"taxonomy":"alarmierungsart","embeddable":true,"href":"https:\/\/www.ff-kolkwitz.de\/index.php?rest_route=%2Fwp%2Fv2%2Falarmierungsart&post=391"},{"taxonomy":"evw_unit","embeddable":true,"href":"https:\/\/www.ff-kolkwitz.de\/index.php?rest_route=%2Fwp%2Fv2%2Fevw_unit&post=391"}],"curies":[{"name":"wp","href":"https:\/\/api.w.org\/{rel}","templated":true}]}}

Baum auf Straße

<p><a href="https://www.ff-kolkwitz.de/wp-content/uploads/2015/03/Nr027_05.jpg" rel="lightbox[391]"><img loading="lazy" decoding="async" class="aligncenter size-large wp-image-397" src="https://www.ff-kolkwitz.de/wp-content/uploads/2015/03/Nr027_05-1024x576.jpg" alt="Nr027_05" width="565" height="318" srcset="https://www.ff-kolkwitz.de/wp-content/uploads/2015/03/Nr027_05-1024x576.jpg 1024w, https://www.ff-kolkwitz.de/wp-content/uploads/2015/03/Nr027_05-300x169.jpg 300w, https://www.ff-kolkwitz.de/wp-content/uploads/2015/03/Nr027_05.jpg 1280w" sizes="auto, (max-width: 565px) 100vw, 565px" /></a></p>
<p>Mehrere Bäume waren auf die L49 gefallen, bzw drohten umzustürzen. Die Feuerwehr sicherte die Einsatzstelle ab und leuchtete sie aus, fällte die &#8220;Wackelkandidaten&#8221; und sägte die umgefallen Bäume klein.</p>
<p>Anschließend wurde die Straße beräumt</p>
<div id='gallery-1' class='gallery galleryid-391 gallery-columns-3 gallery-size-thumbnail'><figure class='gallery-item'>
			<div class='gallery-icon landscape'>
				<a href='https://www.ff-kolkwitz.de/wp-content/uploads/2015/03/Nr027_08.jpg' rel="lightbox[391]"><img loading="lazy" decoding="async" width="141" height="141" src="https://www.ff-kolkwitz.de/wp-content/uploads/2015/03/Nr027_08-150x150.jpg" class="attachment-thumbnail size-thumbnail" alt="" /></a>
			</div></figure><figure class='gallery-item'>
			<div class='gallery-icon landscape'>
				<a href='https://www.ff-kolkwitz.de/wp-content/uploads/2015/03/Nr027_07.jpg' rel="lightbox[391]"><img loading="lazy" decoding="async" width="141" height="141" src="https://www.ff-kolkwitz.de/wp-content/uploads/2015/03/Nr027_07-150x150.jpg" class="attachment-thumbnail size-thumbnail" alt="" /></a>
			</div></figure><figure class='gallery-item'>
			<div class='gallery-icon landscape'>
				<a href='https://www.ff-kolkwitz.de/wp-content/uploads/2015/03/Nr027_06.jpg' rel="lightbox[391]"><img loading="lazy" decoding="async" width="141" height="141" src="https://www.ff-kolkwitz.de/wp-content/uploads/2015/03/Nr027_06-150x150.jpg" class="attachment-thumbnail size-thumbnail" alt="" /></a>
			</div></figure><figure class='gallery-item'>
			<div class='gallery-icon landscape'>
				<a href='https://www.ff-kolkwitz.de/wp-content/uploads/2015/03/Nr027_05.jpg' rel="lightbox[391]"><img loading="lazy" decoding="async" width="141" height="141" src="https://www.ff-kolkwitz.de/wp-content/uploads/2015/03/Nr027_05-150x150.jpg" class="attachment-thumbnail size-thumbnail" alt="" /></a>
			</div></figure><figure class='gallery-item'>
			<div class='gallery-icon landscape'>
				<a href='https://www.ff-kolkwitz.de/wp-content/uploads/2015/03/Nr027_04.jpg' rel="lightbox[391]"><img loading="lazy" decoding="async" width="141" height="141" src="https://www.ff-kolkwitz.de/wp-content/uploads/2015/03/Nr027_04-150x150.jpg" class="attachment-thumbnail size-thumbnail" alt="" /></a>
			</div></figure><figure class='gallery-item'>
			<div class='gallery-icon landscape'>
				<a href='https://www.ff-kolkwitz.de/wp-content/uploads/2015/03/Nr027_01.jpg' rel="lightbox[391]"><img loading="lazy" decoding="async" width="141" height="141" src="https://www.ff-kolkwitz.de/wp-content/uploads/2015/03/Nr027_01-150x150.jpg" class="attachment-thumbnail size-thumbnail" alt="" /></a>
			</div></figure><figure class='gallery-item'>
			<div class='gallery-icon landscape'>
				<a href='https://www.ff-kolkwitz.de/wp-content/uploads/2015/03/Nr027_02.jpg' rel="lightbox[391]"><img loading="lazy" decoding="async" width="141" height="141" src="https://www.ff-kolkwitz.de/wp-content/uploads/2015/03/Nr027_02-150x150.jpg" class="attachment-thumbnail size-thumbnail" alt="" /></a>
			</div></figure><figure class='gallery-item'>
			<div class='gallery-icon landscape'>
				<a href='https://www.ff-kolkwitz.de/wp-content/uploads/2015/03/Nr027_03.jpg' rel="lightbox[391]"><img loading="lazy" decoding="async" width="141" height="141" src="https://www.ff-kolkwitz.de/wp-content/uploads/2015/03/Nr027_03-150x150.jpg" class="attachment-thumbnail size-thumbnail" alt="" /></a>
			</div></figure>
		</div>
