{"id":4418,"date":"2023-09-08T09:50:00","date_gmt":"2023-09-08T07:50:00","guid":{"rendered":"https:\/\/www.ff-kolkwitz.de\/?post_type=einsatz&#038;p=4418"},"modified":"2023-09-10T19:59:31","modified_gmt":"2023-09-10T17:59:31","slug":"verkehrsunfall-85","status":"publish","type":"einsatz","link":"https:\/\/www.ff-kolkwitz.de\/?einsatz=verkehrsunfall-85","title":{"rendered":"Verkehrsunfall"},"content":{"rendered":"<p>Ein PKW war gegen zwei Laternen gefahren. Die Feuerwehr sicherte die Unfallstelle ab, stellte den Brandschutz sicher und fing auslaufende Betriebsstoffe auf. Au\u00dferdem &#8220;f\u00e4llte&#8221; die Feuerwehr die angeknickte Laterne mit dem Schneideger\u00e4t.<\/p>\n<p>Meldung der Polizei:<\/p>\n<blockquote><p>Am Mittwochmorgen gegen 09:30 Uhr fuhr der Fahrer eines PKW in der Zeppelinstra\u00dfe gegen zwei Stra\u00dfenlaternen. Er stieg aus dem Auto aus und wurde von einem Mann darauf aufmerksam gemacht, dass er verletzt ist. Er schlug den Zeugen und ergriff zu Fu\u00df die Flucht. Ein Kraftfahrer meldete wenig sp\u00e4ter der Polizei, dass ein Fahrradfahrer in Schlangenlinien in Richtung Vetschau unterwegs ist. Die Polizisten konnten den ihnen nicht unbekannten 38-J\u00e4hrigen am Fahrbahnrand liegend feststellen. Er hatte einem Atemalkoholwert von \u00fcber 2 Promille und eine beweissichernde Blutprobe wurde bei der Behandlung im Krankenhaus entnommen. Die Ermittlungen wegen Verkehrsunfallflucht, Trunkenheit im Stra\u00dfenverkehr und K\u00f6rperverletzung gegen ihn wurden eingeleitet. Der angerichtete Sachschaden ist noch nicht beziffert.<\/p><\/blockquote>\n<div id='gallery-1' class='gallery galleryid-4418 gallery-columns-2 gallery-size-thumbnail'><figure class='gallery-item'>\n\t\t\t<div class='gallery-icon landscape'>\n\t\t\t\t<a href='https:\/\/www.ff-kolkwitz.de\/wp-content\/uploads\/2023\/09\/2023-Nr058-002.jpg' rel=\"lightbox[4418]\"><img loading=\"lazy\" decoding=\"async\" width=\"250\" height=\"141\" src=\"https:\/\/www.ff-kolkwitz.de\/wp-content\/uploads\/2023\/09\/2023-Nr058-002-250x141.jpg\" class=\"attachment-thumbnail size-thumbnail\" alt=\"\" srcset=\"https:\/\/www.ff-kolkwitz.de\/wp-content\/uploads\/2023\/09\/2023-Nr058-002-250x141.jpg 250w, https:\/\/www.ff-kolkwitz.de\/wp-content\/uploads\/2023\/09\/2023-Nr058-002-850x478.jpg 850w, https:\/\/www.ff-kolkwitz.de\/wp-content\/uploads\/2023\/09\/2023-Nr058-002-1200x675.jpg 1200w\" sizes=\"auto, (max-width: 250px) 100vw, 250px\" \/><\/a>\n\t\t\t<\/div><\/figure><figure class='gallery-item'>\n\t\t\t<div class='gallery-icon landscape'>\n\t\t\t\t<a href='https:\/\/www.ff-kolkwitz.de\/wp-content\/uploads\/2023\/09\/2023-Nr058-001.jpg' rel=\"lightbox[4418]\"><img loading=\"lazy\" decoding=\"async\" width=\"250\" height=\"141\" src=\"https:\/\/www.ff-kolkwitz.de\/wp-content\/uploads\/2023\/09\/2023-Nr058-001-250x141.jpg\" class=\"attachment-thumbnail size-thumbnail\" alt=\"\" srcset=\"https:\/\/www.ff-kolkwitz.de\/wp-content\/uploads\/2023\/09\/2023-Nr058-001-250x141.jpg 250w, https:\/\/www.ff-kolkwitz.de\/wp-content\/uploads\/2023\/09\/2023-Nr058-001-850x478.jpg 850w, https:\/\/www.ff-kolkwitz.de\/wp-content\/uploads\/2023\/09\/2023-Nr058-001-1200x675.jpg 1200w\" sizes=\"auto, (max-width: 250px) 100vw, 250px\" \/><\/a>\n\t\t\t<\/div><\/figure>\n\t\t<\/div>\n\n","protected":false},"author":1,"featured_media":4419,"template":"","meta":{"einsatz_weight":1,"footnotes":""},"categories":[144],"tags":[],"einsatzart":[66],"fahrzeug":[98,184,10],"exteinsatzmittel":[42,12,37,26,25],"alarmierungsart":[],"evw_unit":[],"class_list":["post-4418","einsatz","type-einsatz","status-publish","has-post-thumbnail","hentry","category-einsatz","einsatzart-mit-personenschaden","fahrzeug-elw","fahrzeug-hlf20","fahrzeug-kdow","exteinsatzmittel-ffw-eichow","exteinsatzmittel-ffw-glinzig","exteinsatzmittel-krieschow","exteinsatzmittel-polizei","exteinsatzmittel-rettungsdienst"],"_links":{"self":[{"href":"https:\/\/www.ff-kolkwitz.de\/index.php?rest_route=\/wp\/v2\/einsatz\/4418","targetHints":{"allow":["GET"]}}],"collection":[{"href":"https:\/\/www.ff-kolkwitz.de\/index.php?rest_route=\/wp\/v2\/einsatz"}],"about":[{"href":"https:\/\/www.ff-kolkwitz.de\/index.php?rest_route=\/wp\/v2\/types\/einsatz"}],"author":[{"embeddable":true,"href":"https:\/\/www.ff-kolkwitz.de\/index.php?rest_route=\/wp\/v2\/users\/1"}],"version-history":[{"count":3,"href":"https:\/\/www.ff-kolkwitz.de\/index.php?rest_route=\/wp\/v2\/einsatz\/4418\/revisions"}],"predecessor-version":[{"id":4423,"href":"https:\/\/www.ff-kolkwitz.de\/index.php?rest_route=\/wp\/v2\/einsatz\/4418\/revisions\/4423"}],"wp:featuredmedia":[{"embeddable":true,"href":"https:\/\/www.ff-kolkwitz.de\/index.php?rest_route=\/wp\/v2\/media\/4419"}],"wp:attachment":[{"href":"https:\/\/www.ff-kolkwitz.de\/index.php?rest_route=%2Fwp%2Fv2%2Fmedia&parent=4418"}],"wp:term":[{"taxonomy":"category","embeddable":true,"href":"https:\/\/www.ff-kolkwitz.de\/index.php?rest_route=%2Fwp%2Fv2%2Fcategories&post=4418"},{"taxonomy":"post_tag","embeddable":true,"href":"https:\/\/www.ff-kolkwitz.de\/index.php?rest_route=%2Fwp%2Fv2%2Ftags&post=4418"},{"taxonomy":"einsatzart","embeddable":true,"href":"https:\/\/www.ff-kolkwitz.de\/index.php?rest_route=%2Fwp%2Fv2%2Feinsatzart&post=4418"},{"taxonomy":"fahrzeug","embeddable":true,"href":"https:\/\/www.ff-kolkwitz.de\/index.php?rest_route=%2Fwp%2Fv2%2Ffahrzeug&post=4418"},{"taxonomy":"exteinsatzmittel","embeddable":true,"href":"https:\/\/www.ff-kolkwitz.de\/index.php?rest_route=%2Fwp%2Fv2%2Fexteinsatzmittel&post=4418"},{"taxonomy":"alarmierungsart","embeddable":true,"href":"https:\/\/www.ff-kolkwitz.de\/index.php?rest_route=%2Fwp%2Fv2%2Falarmierungsart&post=4418"},{"taxonomy":"evw_unit","embeddable":true,"href":"https:\/\/www.ff-kolkwitz.de\/index.php?rest_route=%2Fwp%2Fv2%2Fevw_unit&post=4418"}],"curies":[{"name":"wp","href":"https:\/\/api.w.org\/{rel}","templated":true}]}}

<p>Ein PKW war gegen zwei Laternen gefahren. Die Feuerwehr sicherte die Unfallstelle ab, stellte den Brandschutz sicher und fing auslaufende Betriebsstoffe auf. Außerdem &#8220;fällte&#8221; die Feuerwehr die angeknickte Laterne mit dem Schneidegerät.</p>
<p>Meldung der Polizei:</p>
<blockquote><p>Am Mittwochmorgen gegen 09:30 Uhr fuhr der Fahrer eines PKW in der Zeppelinstraße gegen zwei Straßenlaternen. Er stieg aus dem Auto aus und wurde von einem Mann darauf aufmerksam gemacht, dass er verletzt ist. Er schlug den Zeugen und ergriff zu Fuß die Flucht. Ein Kraftfahrer meldete wenig später der Polizei, dass ein Fahrradfahrer in Schlangenlinien in Richtung Vetschau unterwegs ist. Die Polizisten konnten den ihnen nicht unbekannten 38-Jährigen am Fahrbahnrand liegend feststellen. Er hatte einem Atemalkoholwert von über 2 Promille und eine beweissichernde Blutprobe wurde bei der Behandlung im Krankenhaus entnommen. Die Ermittlungen wegen Verkehrsunfallflucht, Trunkenheit im Straßenverkehr und Körperverletzung gegen ihn wurden eingeleitet. Der angerichtete Sachschaden ist noch nicht beziffert.</p></blockquote>
<div id='gallery-1' class='gallery galleryid-4418 gallery-columns-2 gallery-size-thumbnail'><figure class='gallery-item'>
			<div class='gallery-icon landscape'>
				<a href='https://www.ff-kolkwitz.de/wp-content/uploads/2023/09/2023-Nr058-002.jpg' rel="lightbox[4418]"><img loading="lazy" decoding="async" width="250" height="141" src="https://www.ff-kolkwitz.de/wp-content/uploads/2023/09/2023-Nr058-002-250x141.jpg" class="attachment-thumbnail size-thumbnail" alt="" srcset="https://www.ff-kolkwitz.de/wp-content/uploads/2023/09/2023-Nr058-002-250x141.jpg 250w, https://www.ff-kolkwitz.de/wp-content/uploads/2023/09/2023-Nr058-002-850x478.jpg 850w, https://www.ff-kolkwitz.de/wp-content/uploads/2023/09/2023-Nr058-002-1200x675.jpg 1200w" sizes="auto, (max-width: 250px) 100vw, 250px" /></a>
			</div></figure><figure class='gallery-item'>
			<div class='gallery-icon landscape'>
				<a href='https://www.ff-kolkwitz.de/wp-content/uploads/2023/09/2023-Nr058-001.jpg' rel="lightbox[4418]"><img loading="lazy" decoding="async" width="250" height="141" src="https://www.ff-kolkwitz.de/wp-content/uploads/2023/09/2023-Nr058-001-250x141.jpg" class="attachment-thumbnail size-thumbnail" alt="" srcset="https://www.ff-kolkwitz.de/wp-content/uploads/2023/09/2023-Nr058-001-250x141.jpg 250w, https://www.ff-kolkwitz.de/wp-content/uploads/2023/09/2023-Nr058-001-850x478.jpg 850w, https://www.ff-kolkwitz.de/wp-content/uploads/2023/09/2023-Nr058-001-1200x675.jpg 1200w" sizes="auto, (max-width: 250px) 100vw, 250px" /></a>
			</div></figure>
		</div>
