{"id":4433,"date":"2023-09-14T19:46:00","date_gmt":"2023-09-14T17:46:00","guid":{"rendered":"https:\/\/www.ff-kolkwitz.de\/?post_type=einsatz&#038;p=4433"},"modified":"2023-09-18T21:16:21","modified_gmt":"2023-09-18T19:16:21","slug":"gebaeudebrand-8","status":"publish","type":"einsatz","link":"https:\/\/www.ff-kolkwitz.de\/?einsatz=gebaeudebrand-8","title":{"rendered":"Geb\u00e4udebrand"},"content":{"rendered":"<p>In einem Einfamilienhaus war ein Feuer ausgebrochen. Die Feuerwehr l\u00f6schte unter Atemschutz den Brand und sorgte anschlie\u00dfend mit dem Hochdruckl\u00fcfter daf\u00fcr, dass das Geb\u00e4ude rauchfrei geblasen wurde. Au\u00dferdem leuchtete die Feuerwehr nat\u00fcrlich die Einsatzstelle aus.<\/p>\n<p>Die Meldung der Polizei zum Einsatz:<\/p>\n<div data-iw-field=\"bilder\">\n<div class=\"pbb-article-text\" data-iw-field=\"text\">\n<blockquote><p>Feuerwehr und Polizei wurden am Donnerstagabend gegen 19:45 Uhr nach Babow gerufen, nachdem in einem Einfamilienhaus ein Brand ausgebrochen war.\u00a0 Die drei Bewohner konnten das Haus unverletzt verlassen, bevor sie den Notruf w\u00e4hlten. Die L\u00f6scharbeiten der Feuerwehr konnten gegen 20:30 Uhr beendet werden. Die Sch\u00e4den in dem derzeit nicht mehr bewohnbaren Haus wurden zun\u00e4chst auf rund 50.000 Euro gesch\u00e4tzt. Ersten Ermittlungen zufolge ist ein technischer Defekt als Brandursache wahrscheinlich.<\/p>\n<p>&nbsp;<\/p><\/blockquote>\n<\/div>\n<\/div>\n<div id='gallery-1' class='gallery galleryid-4433 gallery-columns-3 gallery-size-thumbnail'><figure class='gallery-item'>\n\t\t\t<div class='gallery-icon landscape'>\n\t\t\t\t<a href='https:\/\/www.ff-kolkwitz.de\/wp-content\/uploads\/2023\/09\/2023-Nr060-001.jpg' rel=\"lightbox[4433]\"><img loading=\"lazy\" decoding=\"async\" width=\"250\" height=\"141\" src=\"https:\/\/www.ff-kolkwitz.de\/wp-content\/uploads\/2023\/09\/2023-Nr060-001-250x141.jpg\" class=\"attachment-thumbnail size-thumbnail\" alt=\"\" aria-describedby=\"gallery-1-4435\" srcset=\"https:\/\/www.ff-kolkwitz.de\/wp-content\/uploads\/2023\/09\/2023-Nr060-001-250x141.jpg 250w, https:\/\/www.ff-kolkwitz.de\/wp-content\/uploads\/2023\/09\/2023-Nr060-001-850x478.jpg 850w\" sizes=\"auto, (max-width: 250px) 100vw, 250px\" \/><\/a>\n\t\t\t<\/div>\n\t\t\t\t<figcaption class='wp-caption-text gallery-caption' id='gallery-1-4435'>\n\t\t\t\tEinsatzstelle\n\t\t\t\t<\/figcaption><\/figure><figure class='gallery-item'>\n\t\t\t<div class='gallery-icon landscape'>\n\t\t\t\t<a href='https:\/\/www.ff-kolkwitz.de\/wp-content\/uploads\/2023\/09\/2023-Nr060-002.jpg' rel=\"lightbox[4433]\"><img loading=\"lazy\" decoding=\"async\" width=\"250\" height=\"141\" src=\"https:\/\/www.ff-kolkwitz.de\/wp-content\/uploads\/2023\/09\/2023-Nr060-002-250x141.jpg\" class=\"attachment-thumbnail size-thumbnail\" alt=\"\" aria-describedby=\"gallery-1-4434\" srcset=\"https:\/\/www.ff-kolkwitz.de\/wp-content\/uploads\/2023\/09\/2023-Nr060-002-250x141.jpg 250w, https:\/\/www.ff-kolkwitz.de\/wp-content\/uploads\/2023\/09\/2023-Nr060-002-850x478.jpg 850w\" sizes=\"auto, (max-width: 250px) 100vw, 250px\" \/><\/a>\n\t\t\t<\/div>\n\t\t\t\t<figcaption class='wp-caption-text gallery-caption' id='gallery-1-4434'>\n\t\t\t\tUnter Atemschutz wurde gel\u00f6scht\n\t\t\t\t<\/figcaption><\/figure><figure class='gallery-item'>\n\t\t\t<div class='gallery-icon landscape'>\n\t\t\t\t<a href='https:\/\/www.ff-kolkwitz.de\/wp-content\/uploads\/2023\/09\/2023-Nr060-003.jpg' rel=\"lightbox[4433]\"><img loading=\"lazy\" decoding=\"async\" width=\"250\" height=\"141\" src=\"https:\/\/www.ff-kolkwitz.de\/wp-content\/uploads\/2023\/09\/2023-Nr060-003-250x141.jpg\" class=\"attachment-thumbnail size-thumbnail\" alt=\"\" aria-describedby=\"gallery-1-4436\" srcset=\"https:\/\/www.ff-kolkwitz.de\/wp-content\/uploads\/2023\/09\/2023-Nr060-003-250x141.jpg 250w, https:\/\/www.ff-kolkwitz.de\/wp-content\/uploads\/2023\/09\/2023-Nr060-003-850x478.jpg 850w, https:\/\/www.ff-kolkwitz.de\/wp-content\/uploads\/2023\/09\/2023-Nr060-003-1200x675.jpg 1200w\" sizes=\"auto, (max-width: 250px) 100vw, 250px\" \/><\/a>\n\t\t\t<\/div>\n\t\t\t\t<figcaption class='wp-caption-text gallery-caption' id='gallery-1-4436'>\n\t\t\t\tMit dem L\u00fcfter wurde der Rauch aus dem Haus geblasen\n\t\t\t\t<\/figcaption><\/figure>\n\t\t<\/div>\n\n","protected":false},"author":1,"featured_media":4434,"template":"","meta":{"einsatz_weight":1,"footnotes":""},"categories":[144],"tags":[],"einsatzart":[53],"fahrzeug":[98,184,10,226,208],"exteinsatzmittel":[131,42,12,37,41,43,119,44,26,25],"alarmierungsart":[],"evw_unit":[],"class_list":["post-4433","einsatz","type-einsatz","status-publish","has-post-thumbnail","hentry","category-einsatz","einsatzart-gebaeude-gross","fahrzeug-elw","fahrzeug-hlf20","fahrzeug-kdow","fahrzeug-tlf-w-bb","fahrzeug-wache","exteinsatzmittel-ffw-babow","exteinsatzmittel-ffw-eichow","exteinsatzmittel-ffw-glinzig","exteinsatzmittel-krieschow","exteinsatzmittel-ffw-kunersdorf","exteinsatzmittel-ffw-limberg","exteinsatzmittel-ffw-papitz","exteinsatzmittel-ffw-vetschau","exteinsatzmittel-polizei","exteinsatzmittel-rettungsdienst"],"_links":{"self":[{"href":"https:\/\/www.ff-kolkwitz.de\/index.php?rest_route=\/wp\/v2\/einsatz\/4433","targetHints":{"allow":["GET"]}}],"collection":[{"href":"https:\/\/www.ff-kolkwitz.de\/index.php?rest_route=\/wp\/v2\/einsatz"}],"about":[{"href":"https:\/\/www.ff-kolkwitz.de\/index.php?rest_route=\/wp\/v2\/types\/einsatz"}],"author":[{"embeddable":true,"href":"https:\/\/www.ff-kolkwitz.de\/index.php?rest_route=\/wp\/v2\/users\/1"}],"version-history":[{"count":1,"href":"https:\/\/www.ff-kolkwitz.de\/index.php?rest_route=\/wp\/v2\/einsatz\/4433\/revisions"}],"predecessor-version":[{"id":4437,"href":"https:\/\/www.ff-kolkwitz.de\/index.php?rest_route=\/wp\/v2\/einsatz\/4433\/revisions\/4437"}],"wp:featuredmedia":[{"embeddable":true,"href":"https:\/\/www.ff-kolkwitz.de\/index.php?rest_route=\/wp\/v2\/media\/4434"}],"wp:attachment":[{"href":"https:\/\/www.ff-kolkwitz.de\/index.php?rest_route=%2Fwp%2Fv2%2Fmedia&parent=4433"}],"wp:term":[{"taxonomy":"category","embeddable":true,"href":"https:\/\/www.ff-kolkwitz.de\/index.php?rest_route=%2Fwp%2Fv2%2Fcategories&post=4433"},{"taxonomy":"post_tag","embeddable":true,"href":"https:\/\/www.ff-kolkwitz.de\/index.php?rest_route=%2Fwp%2Fv2%2Ftags&post=4433"},{"taxonomy":"einsatzart","embeddable":true,"href":"https:\/\/www.ff-kolkwitz.de\/index.php?rest_route=%2Fwp%2Fv2%2Feinsatzart&post=4433"},{"taxonomy":"fahrzeug","embeddable":true,"href":"https:\/\/www.ff-kolkwitz.de\/index.php?rest_route=%2Fwp%2Fv2%2Ffahrzeug&post=4433"},{"taxonomy":"exteinsatzmittel","embeddable":true,"href":"https:\/\/www.ff-kolkwitz.de\/index.php?rest_route=%2Fwp%2Fv2%2Fexteinsatzmittel&post=4433"},{"taxonomy":"alarmierungsart","embeddable":true,"href":"https:\/\/www.ff-kolkwitz.de\/index.php?rest_route=%2Fwp%2Fv2%2Falarmierungsart&post=4433"},{"taxonomy":"evw_unit","embeddable":true,"href":"https:\/\/www.ff-kolkwitz.de\/index.php?rest_route=%2Fwp%2Fv2%2Fevw_unit&post=4433"}],"curies":[{"name":"wp","href":"https:\/\/api.w.org\/{rel}","templated":true}]}}

Gebäudebrand

<p>In einem Einfamilienhaus war ein Feuer ausgebrochen. Die Feuerwehr löschte unter Atemschutz den Brand und sorgte anschließend mit dem Hochdrucklüfter dafür, dass das Gebäude rauchfrei geblasen wurde. Außerdem leuchtete die Feuerwehr natürlich die Einsatzstelle aus.</p>
<p>Die Meldung der Polizei zum Einsatz:</p>
<div data-iw-field="bilder">
<div class="pbb-article-text" data-iw-field="text">
<blockquote><p>Feuerwehr und Polizei wurden am Donnerstagabend gegen 19:45 Uhr nach Babow gerufen, nachdem in einem Einfamilienhaus ein Brand ausgebrochen war.  Die drei Bewohner konnten das Haus unverletzt verlassen, bevor sie den Notruf wählten. Die Löscharbeiten der Feuerwehr konnten gegen 20:30 Uhr beendet werden. Die Schäden in dem derzeit nicht mehr bewohnbaren Haus wurden zunächst auf rund 50.000 Euro geschätzt. Ersten Ermittlungen zufolge ist ein technischer Defekt als Brandursache wahrscheinlich.</p>
<p>&nbsp;</p></blockquote>
</div>
</div>
<div id='gallery-1' class='gallery galleryid-4433 gallery-columns-3 gallery-size-thumbnail'><figure class='gallery-item'>
			<div class='gallery-icon landscape'>
				<a href='https://www.ff-kolkwitz.de/wp-content/uploads/2023/09/2023-Nr060-001.jpg' rel="lightbox[4433]"><img loading="lazy" decoding="async" width="250" height="141" src="https://www.ff-kolkwitz.de/wp-content/uploads/2023/09/2023-Nr060-001-250x141.jpg" class="attachment-thumbnail size-thumbnail" alt="" aria-describedby="gallery-1-4435" srcset="https://www.ff-kolkwitz.de/wp-content/uploads/2023/09/2023-Nr060-001-250x141.jpg 250w, https://www.ff-kolkwitz.de/wp-content/uploads/2023/09/2023-Nr060-001-850x478.jpg 850w" sizes="auto, (max-width: 250px) 100vw, 250px" /></a>
			</div>
				<figcaption class='wp-caption-text gallery-caption' id='gallery-1-4435'>
				Einsatzstelle
				</figcaption></figure><figure class='gallery-item'>
			<div class='gallery-icon landscape'>
				<a href='https://www.ff-kolkwitz.de/wp-content/uploads/2023/09/2023-Nr060-002.jpg' rel="lightbox[4433]"><img loading="lazy" decoding="async" width="250" height="141" src="https://www.ff-kolkwitz.de/wp-content/uploads/2023/09/2023-Nr060-002-250x141.jpg" class="attachment-thumbnail size-thumbnail" alt="" aria-describedby="gallery-1-4434" srcset="https://www.ff-kolkwitz.de/wp-content/uploads/2023/09/2023-Nr060-002-250x141.jpg 250w, https://www.ff-kolkwitz.de/wp-content/uploads/2023/09/2023-Nr060-002-850x478.jpg 850w" sizes="auto, (max-width: 250px) 100vw, 250px" /></a>
			</div>
				<figcaption class='wp-caption-text gallery-caption' id='gallery-1-4434'>
				Unter Atemschutz wurde gelöscht
				</figcaption></figure><figure class='gallery-item'>
			<div class='gallery-icon landscape'>
				<a href='https://www.ff-kolkwitz.de/wp-content/uploads/2023/09/2023-Nr060-003.jpg' rel="lightbox[4433]"><img loading="lazy" decoding="async" width="250" height="141" src="https://www.ff-kolkwitz.de/wp-content/uploads/2023/09/2023-Nr060-003-250x141.jpg" class="attachment-thumbnail size-thumbnail" alt="" aria-describedby="gallery-1-4436" srcset="https://www.ff-kolkwitz.de/wp-content/uploads/2023/09/2023-Nr060-003-250x141.jpg 250w, https://www.ff-kolkwitz.de/wp-content/uploads/2023/09/2023-Nr060-003-850x478.jpg 850w, https://www.ff-kolkwitz.de/wp-content/uploads/2023/09/2023-Nr060-003-1200x675.jpg 1200w" sizes="auto, (max-width: 250px) 100vw, 250px" /></a>
			</div>
				<figcaption class='wp-caption-text gallery-caption' id='gallery-1-4436'>
				Mit dem Lüfter wurde der Rauch aus dem Haus geblasen
				</figcaption></figure>
		</div>
