{"id":4869,"date":"2025-02-22T02:20:00","date_gmt":"2025-02-22T00:20:00","guid":{"rendered":"https:\/\/www.ff-kolkwitz.de\/?post_type=einsatz&#038;p=4869"},"modified":"2025-04-15T16:36:49","modified_gmt":"2025-04-15T14:36:49","slug":"4869","status":"publish","type":"einsatz","link":"https:\/\/www.ff-kolkwitz.de\/?einsatz=4869","title":{"rendered":"Brennende Reifen"},"content":{"rendered":"<p>An einem Silo in Dissen-Striesow brannten Reifenstapel. Die Ortswehr Kolkwitz war mit dem HLF und dem TLF in Abschnitt zwei eingeteilt. Im Pendelverkehr wurde Wasser zur Einsatzstelle gebracht und mithilfe des TLF der Brand gel\u00f6scht.<\/p>\n<p>Bericht von Blaulichtreport Lausitz:<\/p>\n<blockquote>\n<div>Spree-Nei\u00dfe\/Cottbus \u2013 In der Nacht zu Samstag kam es auf einem ehemaligen LPG-Gel\u00e4nde zu einem gro\u00dffl\u00e4chigen Brand. Zwei separate Stapel von Altreifen standen in Flammen und erforderten einen massiven Feuerwehreinsatz.<\/div>\n<div>Die Feuerwehr wurde gegen 02:30 Uhr alarmiert, nachdem zwei voneinander getrennte Reifenstapel Feuer gefangen hatten. Der erste Stapel hatte eine Fl\u00e4che von 100 x 50 Metern, der zweite Stapel erstreckte sich \u00fcber 100 x 100 Meter. Beide Brandstellen lagen rund 200 Meter auseinander.<\/div>\n<div>Die Brandbek\u00e4mpfung erfolgte unter hohem Aufwand. Mehrere Strahlrohre wurden eingesetzt, um die Flammen zu bek\u00e4mpfen. Aufgrund der enormen Wassermengen, die ben\u00f6tigt wurden, erfolgte die Wasserversorgung im Pendelverkehr mit mehreren Tankl\u00f6schfahrzeugen. Die Versorgung wurde durch das Amt Burg sichergestellt.<\/div>\n<div>Im Einsatz waren rund 70 Feuerwehrkr\u00e4fte aus den Landkreisen Spree-Nei\u00dfe und Cottbus. Neben Wasser kam auch Schaum zum Einsatz, um die Flammen effektiv zu ersticken. Aufgrund der Hitze des Brandes zeigte sich Schaum als wenig effektiv, der Schaum fiel zusammen und verlor seine Wirkung.<\/div>\n<div>Seit den Morgenstunden wird die Feuerwehr vom landwirtschaftlichen Unternehmen mit Wassertanks unterst\u00fctzt. Zus\u00e4tzlich wurde das THW Cottbus mit zwei Radlader alarmiert. Die Radlader sind im Einsatz um das Brandgut auseinanderzuziehen. Anschlie\u00dfend kann es besser und effektiver abgel\u00f6scht werden.<\/div>\n<div>Wegen der starken Rauchentwicklung wurde die Bev\u00f6lkerung durch eine Warn-App vor gesundheitssch\u00e4dlichen Rauchgasen gewarnt. Bewohner wurden angehalten, Fenster und T\u00fcren geschlossen zu halten.<\/div>\n<\/blockquote>\n<p>&nbsp;<\/p>\n<div id='gallery-1' class='gallery galleryid-4869 gallery-columns-3 gallery-size-thumbnail'><figure class='gallery-item'>\n\t\t\t<div class='gallery-icon landscape'>\n\t\t\t\t<a href='https:\/\/www.ff-kolkwitz.de\/wp-content\/uploads\/2025\/03\/2025-Nr008-003.jpg' rel=\"lightbox[4869]\"><img loading=\"lazy\" decoding=\"async\" width=\"250\" height=\"141\" src=\"https:\/\/www.ff-kolkwitz.de\/wp-content\/uploads\/2025\/03\/2025-Nr008-003-250x141.jpg\" class=\"attachment-thumbnail size-thumbnail\" alt=\"\" srcset=\"https:\/\/www.ff-kolkwitz.de\/wp-content\/uploads\/2025\/03\/2025-Nr008-003-250x141.jpg 250w, https:\/\/www.ff-kolkwitz.de\/wp-content\/uploads\/2025\/03\/2025-Nr008-003-850x478.jpg 850w, https:\/\/www.ff-kolkwitz.de\/wp-content\/uploads\/2025\/03\/2025-Nr008-003-768x432.jpg 768w, https:\/\/www.ff-kolkwitz.de\/wp-content\/uploads\/2025\/03\/2025-Nr008-003.jpg 1080w\" sizes=\"auto, (max-width: 250px) 100vw, 250px\" \/><\/a>\n\t\t\t<\/div><\/figure><figure class='gallery-item'>\n\t\t\t<div class='gallery-icon landscape'>\n\t\t\t\t<a href='https:\/\/www.ff-kolkwitz.de\/wp-content\/uploads\/2025\/03\/2025-Nr008-002.jpg' rel=\"lightbox[4869]\"><img loading=\"lazy\" decoding=\"async\" width=\"250\" height=\"141\" src=\"https:\/\/www.ff-kolkwitz.de\/wp-content\/uploads\/2025\/03\/2025-Nr008-002-250x141.jpg\" class=\"attachment-thumbnail size-thumbnail\" alt=\"\" srcset=\"https:\/\/www.ff-kolkwitz.de\/wp-content\/uploads\/2025\/03\/2025-Nr008-002-250x141.jpg 250w, https:\/\/www.ff-kolkwitz.de\/wp-content\/uploads\/2025\/03\/2025-Nr008-002-850x478.jpg 850w, https:\/\/www.ff-kolkwitz.de\/wp-content\/uploads\/2025\/03\/2025-Nr008-002-768x432.jpg 768w, https:\/\/www.ff-kolkwitz.de\/wp-content\/uploads\/2025\/03\/2025-Nr008-002.jpg 1080w\" sizes=\"auto, (max-width: 250px) 100vw, 250px\" \/><\/a>\n\t\t\t<\/div><\/figure><figure class='gallery-item'>\n\t\t\t<div class='gallery-icon landscape'>\n\t\t\t\t<a href='https:\/\/www.ff-kolkwitz.de\/wp-content\/uploads\/2025\/03\/2025-Nr008-001.jpg' rel=\"lightbox[4869]\"><img loading=\"lazy\" decoding=\"async\" width=\"250\" height=\"141\" src=\"https:\/\/www.ff-kolkwitz.de\/wp-content\/uploads\/2025\/03\/2025-Nr008-001-250x141.jpg\" class=\"attachment-thumbnail size-thumbnail\" alt=\"\" srcset=\"https:\/\/www.ff-kolkwitz.de\/wp-content\/uploads\/2025\/03\/2025-Nr008-001-250x141.jpg 250w, https:\/\/www.ff-kolkwitz.de\/wp-content\/uploads\/2025\/03\/2025-Nr008-001-850x478.jpg 850w, https:\/\/www.ff-kolkwitz.de\/wp-content\/uploads\/2025\/03\/2025-Nr008-001-768x432.jpg 768w, https:\/\/www.ff-kolkwitz.de\/wp-content\/uploads\/2025\/03\/2025-Nr008-001.jpg 1080w\" sizes=\"auto, (max-width: 250px) 100vw, 250px\" \/><\/a>\n\t\t\t<\/div><\/figure>\n\t\t<\/div>\n\n<p>Fotos: Rene Lehmann\u00a0 \/Blaulichtreport Lausitz<\/p>\n","protected":false},"author":1,"featured_media":4872,"template":"","meta":{"einsatz_weight":1,"footnotes":""},"categories":[144],"tags":[],"einsatzart":[8],"fahrzeug":[184,10,226,208],"exteinsatzmittel":[],"alarmierungsart":[],"evw_unit":[],"class_list":["post-4869","einsatz","type-einsatz","status-publish","has-post-thumbnail","hentry","category-einsatz","einsatzart-gross","fahrzeug-hlf20","fahrzeug-kdow","fahrzeug-tlf-w-bb","fahrzeug-wache"],"_links":{"self":[{"href":"https:\/\/www.ff-kolkwitz.de\/index.php?rest_route=\/wp\/v2\/einsatz\/4869","targetHints":{"allow":["GET"]}}],"collection":[{"href":"https:\/\/www.ff-kolkwitz.de\/index.php?rest_route=\/wp\/v2\/einsatz"}],"about":[{"href":"https:\/\/www.ff-kolkwitz.de\/index.php?rest_route=\/wp\/v2\/types\/einsatz"}],"author":[{"embeddable":true,"href":"https:\/\/www.ff-kolkwitz.de\/index.php?rest_route=\/wp\/v2\/users\/1"}],"version-history":[{"count":2,"href":"https:\/\/www.ff-kolkwitz.de\/index.php?rest_route=\/wp\/v2\/einsatz\/4869\/revisions"}],"predecessor-version":[{"id":4886,"href":"https:\/\/www.ff-kolkwitz.de\/index.php?rest_route=\/wp\/v2\/einsatz\/4869\/revisions\/4886"}],"wp:featuredmedia":[{"embeddable":true,"href":"https:\/\/www.ff-kolkwitz.de\/index.php?rest_route=\/wp\/v2\/media\/4872"}],"wp:attachment":[{"href":"https:\/\/www.ff-kolkwitz.de\/index.php?rest_route=%2Fwp%2Fv2%2Fmedia&parent=4869"}],"wp:term":[{"taxonomy":"category","embeddable":true,"href":"https:\/\/www.ff-kolkwitz.de\/index.php?rest_route=%2Fwp%2Fv2%2Fcategories&post=4869"},{"taxonomy":"post_tag","embeddable":true,"href":"https:\/\/www.ff-kolkwitz.de\/index.php?rest_route=%2Fwp%2Fv2%2Ftags&post=4869"},{"taxonomy":"einsatzart","embeddable":true,"href":"https:\/\/www.ff-kolkwitz.de\/index.php?rest_route=%2Fwp%2Fv2%2Feinsatzart&post=4869"},{"taxonomy":"fahrzeug","embeddable":true,"href":"https:\/\/www.ff-kolkwitz.de\/index.php?rest_route=%2Fwp%2Fv2%2Ffahrzeug&post=4869"},{"taxonomy":"exteinsatzmittel","embeddable":true,"href":"https:\/\/www.ff-kolkwitz.de\/index.php?rest_route=%2Fwp%2Fv2%2Fexteinsatzmittel&post=4869"},{"taxonomy":"alarmierungsart","embeddable":true,"href":"https:\/\/www.ff-kolkwitz.de\/index.php?rest_route=%2Fwp%2Fv2%2Falarmierungsart&post=4869"},{"taxonomy":"evw_unit","embeddable":true,"href":"https:\/\/www.ff-kolkwitz.de\/index.php?rest_route=%2Fwp%2Fv2%2Fevw_unit&post=4869"}],"curies":[{"name":"wp","href":"https:\/\/api.w.org\/{rel}","templated":true}]}}

<p>An einem Silo in Dissen-Striesow brannten Reifenstapel. Die Ortswehr Kolkwitz war mit dem HLF und dem TLF in Abschnitt zwei eingeteilt. Im Pendelverkehr wurde Wasser zur Einsatzstelle gebracht und mithilfe des TLF der Brand gelöscht.</p>
<p>Bericht von Blaulichtreport Lausitz:</p>
<blockquote>
<div>Spree-Neiße/Cottbus – In der Nacht zu Samstag kam es auf einem ehemaligen LPG-Gelände zu einem großflächigen Brand. Zwei separate Stapel von Altreifen standen in Flammen und erforderten einen massiven Feuerwehreinsatz.</div>
<div>Die Feuerwehr wurde gegen 02:30 Uhr alarmiert, nachdem zwei voneinander getrennte Reifenstapel Feuer gefangen hatten. Der erste Stapel hatte eine Fläche von 100 x 50 Metern, der zweite Stapel erstreckte sich über 100 x 100 Meter. Beide Brandstellen lagen rund 200 Meter auseinander.</div>
<div>Die Brandbekämpfung erfolgte unter hohem Aufwand. Mehrere Strahlrohre wurden eingesetzt, um die Flammen zu bekämpfen. Aufgrund der enormen Wassermengen, die benötigt wurden, erfolgte die Wasserversorgung im Pendelverkehr mit mehreren Tanklöschfahrzeugen. Die Versorgung wurde durch das Amt Burg sichergestellt.</div>
<div>Im Einsatz waren rund 70 Feuerwehrkräfte aus den Landkreisen Spree-Neiße und Cottbus. Neben Wasser kam auch Schaum zum Einsatz, um die Flammen effektiv zu ersticken. Aufgrund der Hitze des Brandes zeigte sich Schaum als wenig effektiv, der Schaum fiel zusammen und verlor seine Wirkung.</div>
<div>Seit den Morgenstunden wird die Feuerwehr vom landwirtschaftlichen Unternehmen mit Wassertanks unterstützt. Zusätzlich wurde das THW Cottbus mit zwei Radlader alarmiert. Die Radlader sind im Einsatz um das Brandgut auseinanderzuziehen. Anschließend kann es besser und effektiver abgelöscht werden.</div>
<div>Wegen der starken Rauchentwicklung wurde die Bevölkerung durch eine Warn-App vor gesundheitsschädlichen Rauchgasen gewarnt. Bewohner wurden angehalten, Fenster und Türen geschlossen zu halten.</div>
</blockquote>
<p>&nbsp;</p>
<div id='gallery-1' class='gallery galleryid-4869 gallery-columns-3 gallery-size-thumbnail'><figure class='gallery-item'>
			<div class='gallery-icon landscape'>
				<a href='https://www.ff-kolkwitz.de/wp-content/uploads/2025/03/2025-Nr008-003.jpg' rel="lightbox[4869]"><img loading="lazy" decoding="async" width="250" height="141" src="https://www.ff-kolkwitz.de/wp-content/uploads/2025/03/2025-Nr008-003-250x141.jpg" class="attachment-thumbnail size-thumbnail" alt="" srcset="https://www.ff-kolkwitz.de/wp-content/uploads/2025/03/2025-Nr008-003-250x141.jpg 250w, https://www.ff-kolkwitz.de/wp-content/uploads/2025/03/2025-Nr008-003-850x478.jpg 850w, https://www.ff-kolkwitz.de/wp-content/uploads/2025/03/2025-Nr008-003-768x432.jpg 768w, https://www.ff-kolkwitz.de/wp-content/uploads/2025/03/2025-Nr008-003.jpg 1080w" sizes="auto, (max-width: 250px) 100vw, 250px" /></a>
			</div></figure><figure class='gallery-item'>
			<div class='gallery-icon landscape'>
				<a href='https://www.ff-kolkwitz.de/wp-content/uploads/2025/03/2025-Nr008-002.jpg' rel="lightbox[4869]"><img loading="lazy" decoding="async" width="250" height="141" src="https://www.ff-kolkwitz.de/wp-content/uploads/2025/03/2025-Nr008-002-250x141.jpg" class="attachment-thumbnail size-thumbnail" alt="" srcset="https://www.ff-kolkwitz.de/wp-content/uploads/2025/03/2025-Nr008-002-250x141.jpg 250w, https://www.ff-kolkwitz.de/wp-content/uploads/2025/03/2025-Nr008-002-850x478.jpg 850w, https://www.ff-kolkwitz.de/wp-content/uploads/2025/03/2025-Nr008-002-768x432.jpg 768w, https://www.ff-kolkwitz.de/wp-content/uploads/2025/03/2025-Nr008-002.jpg 1080w" sizes="auto, (max-width: 250px) 100vw, 250px" /></a>
			</div></figure><figure class='gallery-item'>
			<div class='gallery-icon landscape'>
				<a href='https://www.ff-kolkwitz.de/wp-content/uploads/2025/03/2025-Nr008-001.jpg' rel="lightbox[4869]"><img loading="lazy" decoding="async" width="250" height="141" src="https://www.ff-kolkwitz.de/wp-content/uploads/2025/03/2025-Nr008-001-250x141.jpg" class="attachment-thumbnail size-thumbnail" alt="" srcset="https://www.ff-kolkwitz.de/wp-content/uploads/2025/03/2025-Nr008-001-250x141.jpg 250w, https://www.ff-kolkwitz.de/wp-content/uploads/2025/03/2025-Nr008-001-850x478.jpg 850w, https://www.ff-kolkwitz.de/wp-content/uploads/2025/03/2025-Nr008-001-768x432.jpg 768w, https://www.ff-kolkwitz.de/wp-content/uploads/2025/03/2025-Nr008-001.jpg 1080w" sizes="auto, (max-width: 250px) 100vw, 250px" /></a>
			</div></figure>
		</div>

<p>Fotos: Rene Lehmann  /Blaulichtreport Lausitz</p>
