{"id":4916,"date":"2025-07-02T15:14:00","date_gmt":"2025-07-02T13:14:00","guid":{"rendered":"https:\/\/www.ff-kolkwitz.de\/?post_type=einsatz&#038;p=4916"},"modified":"2025-07-14T18:44:26","modified_gmt":"2025-07-14T16:44:26","slug":"waldbrand-34","status":"publish","type":"einsatz","link":"https:\/\/www.ff-kolkwitz.de\/?einsatz=waldbrand-34","title":{"rendered":"Waldbrand"},"content":{"rendered":"<p>Bericht von Blaulichtreport Lausitz:<\/p>\n<blockquote><p>Waldbrand am Flugplatz Cottbus \u2013 Flammen schlugen bis in die Baumkronen<\/p>\n<p>Am heutigen Mittwoch, dem 2. Juli, wurden um 15:15 Uhr drei Fahrzeuge der Feuerwehr Cottbus zu einem Waldbrand am Flugplatz Cottbus alarmiert. Bereits auf der Anfahrt war eine deutliche Rauchentwicklung sichtbar, was auf ein gr\u00f6\u00dferes Brandgeschehen hindeutete.<\/p>\n<p>Vor Ort best\u00e4tigte sich die Lage: Das Feuer breitete sich rasch aus, teils schlugen die Flammen bis in die Wipfel der B\u00e4ume. Aufgrund der dynamischen Entwicklung wurde umgehend eine umfangreiche Nachalarmierung veranlasst. Neben weiteren Einheiten aus Cottbus r\u00fcckten Kr\u00e4fte aus dem Landkreis Spree-Nei\u00dfe zur Unterst\u00fctzung an, darunter Feuerwehren aus Kolkwitz, dem Amt Burg und anderen umliegenden Orten.<\/p>\n<p>Insgesamt waren rund 75 Einsatzkr\u00e4fte im Einsatz. Die Brandbek\u00e4mpfung gestaltete sich aufgrund des dichten Bewuchses schwierig. Ein Traktor kam zus\u00e4tzlich zur Unterst\u00fctzung bei der Wasserzufuhr zum Einsatz.<\/p>\n<p>Die betroffene Fl\u00e4che umfasste etwa einen Hektar. Dank des koordinierten und schnellen Vorgehens der Einsatzkr\u00e4fte konnte das Feuer schlie\u00dflich unter Kontrolle gebracht werden. Im Anschluss folgten umfangreiche Nachl\u00f6scharbeiten. Der Einsatz dauerte bis in die Abendstunden an.<\/p><\/blockquote>\n<p>Die Kolkwitzer Ortswehr stellte zwei Trupps zur Brandbek\u00e4mpfung<\/p>\n<div id='gallery-1' class='gallery galleryid-4916 gallery-columns-2 gallery-size-thumbnail'><figure class='gallery-item'>\n\t\t\t<div class='gallery-icon landscape'>\n\t\t\t\t<a href='https:\/\/www.ff-kolkwitz.de\/wp-content\/uploads\/2025\/07\/2025-07-02_WaldbrandFlugplatz-16.jpg' rel=\"lightbox[4916]\"><img loading=\"lazy\" decoding=\"async\" width=\"250\" height=\"141\" src=\"https:\/\/www.ff-kolkwitz.de\/wp-content\/uploads\/2025\/07\/2025-07-02_WaldbrandFlugplatz-16-250x141.jpg\" class=\"attachment-thumbnail size-thumbnail\" alt=\"\" srcset=\"https:\/\/www.ff-kolkwitz.de\/wp-content\/uploads\/2025\/07\/2025-07-02_WaldbrandFlugplatz-16-250x141.jpg 250w, https:\/\/www.ff-kolkwitz.de\/wp-content\/uploads\/2025\/07\/2025-07-02_WaldbrandFlugplatz-16-850x478.jpg 850w, https:\/\/www.ff-kolkwitz.de\/wp-content\/uploads\/2025\/07\/2025-07-02_WaldbrandFlugplatz-16-1200x675.jpg 1200w\" sizes=\"auto, (max-width: 250px) 100vw, 250px\" \/><\/a>\n\t\t\t<\/div><\/figure><figure class='gallery-item'>\n\t\t\t<div class='gallery-icon landscape'>\n\t\t\t\t<a href='https:\/\/www.ff-kolkwitz.de\/wp-content\/uploads\/2025\/07\/2025-07-02_WaldbrandFlugplatz-03.jpg' rel=\"lightbox[4916]\"><img loading=\"lazy\" decoding=\"async\" width=\"250\" height=\"141\" src=\"https:\/\/www.ff-kolkwitz.de\/wp-content\/uploads\/2025\/07\/2025-07-02_WaldbrandFlugplatz-03-250x141.jpg\" class=\"attachment-thumbnail size-thumbnail\" alt=\"\" aria-describedby=\"gallery-1-4918\" srcset=\"https:\/\/www.ff-kolkwitz.de\/wp-content\/uploads\/2025\/07\/2025-07-02_WaldbrandFlugplatz-03-250x141.jpg 250w, https:\/\/www.ff-kolkwitz.de\/wp-content\/uploads\/2025\/07\/2025-07-02_WaldbrandFlugplatz-03-850x478.jpg 850w, https:\/\/www.ff-kolkwitz.de\/wp-content\/uploads\/2025\/07\/2025-07-02_WaldbrandFlugplatz-03-1200x675.jpg 1200w, https:\/\/www.ff-kolkwitz.de\/wp-content\/uploads\/2025\/07\/2025-07-02_WaldbrandFlugplatz-03-768x432.jpg 768w, https:\/\/www.ff-kolkwitz.de\/wp-content\/uploads\/2025\/07\/2025-07-02_WaldbrandFlugplatz-03-1536x863.jpg 1536w, https:\/\/www.ff-kolkwitz.de\/wp-content\/uploads\/2025\/07\/2025-07-02_WaldbrandFlugplatz-03.jpg 2048w\" sizes=\"auto, (max-width: 250px) 100vw, 250px\" \/><\/a>\n\t\t\t<\/div>\n\t\t\t\t<figcaption class='wp-caption-text gallery-caption' id='gallery-1-4918'>\n\t\t\t\tScreenshot\n\t\t\t\t<\/figcaption><\/figure><figure class='gallery-item'>\n\t\t\t<div class='gallery-icon landscape'>\n\t\t\t\t<a href='https:\/\/www.ff-kolkwitz.de\/wp-content\/uploads\/2025\/07\/2025-07-02_WaldbrandFlugplatz-18.jpg' rel=\"lightbox[4916]\"><img loading=\"lazy\" decoding=\"async\" width=\"250\" height=\"141\" src=\"https:\/\/www.ff-kolkwitz.de\/wp-content\/uploads\/2025\/07\/2025-07-02_WaldbrandFlugplatz-18-250x141.jpg\" class=\"attachment-thumbnail size-thumbnail\" alt=\"\" srcset=\"https:\/\/www.ff-kolkwitz.de\/wp-content\/uploads\/2025\/07\/2025-07-02_WaldbrandFlugplatz-18-250x141.jpg 250w, https:\/\/www.ff-kolkwitz.de\/wp-content\/uploads\/2025\/07\/2025-07-02_WaldbrandFlugplatz-18-850x478.jpg 850w, https:\/\/www.ff-kolkwitz.de\/wp-content\/uploads\/2025\/07\/2025-07-02_WaldbrandFlugplatz-18-1200x675.jpg 1200w\" sizes=\"auto, (max-width: 250px) 100vw, 250px\" \/><\/a>\n\t\t\t<\/div><\/figure><figure class='gallery-item'>\n\t\t\t<div class='gallery-icon landscape'>\n\t\t\t\t<a href='https:\/\/www.ff-kolkwitz.de\/wp-content\/uploads\/2025\/07\/2025-07-02_WaldbrandFlugplatz-15.jpg' rel=\"lightbox[4916]\"><img loading=\"lazy\" decoding=\"async\" width=\"250\" height=\"141\" src=\"https:\/\/www.ff-kolkwitz.de\/wp-content\/uploads\/2025\/07\/2025-07-02_WaldbrandFlugplatz-15-250x141.jpg\" class=\"attachment-thumbnail size-thumbnail\" alt=\"\" srcset=\"https:\/\/www.ff-kolkwitz.de\/wp-content\/uploads\/2025\/07\/2025-07-02_WaldbrandFlugplatz-15-250x141.jpg 250w, https:\/\/www.ff-kolkwitz.de\/wp-content\/uploads\/2025\/07\/2025-07-02_WaldbrandFlugplatz-15-850x478.jpg 850w, https:\/\/www.ff-kolkwitz.de\/wp-content\/uploads\/2025\/07\/2025-07-02_WaldbrandFlugplatz-15-1200x675.jpg 1200w\" sizes=\"auto, (max-width: 250px) 100vw, 250px\" \/><\/a>\n\t\t\t<\/div><\/figure>\n\t\t<\/div>\n\n<p>Bilder: Blaulichtreport Lausitz<\/p>\n","protected":false},"author":1,"featured_media":4920,"template":"","meta":{"einsatz_weight":1,"footnotes":""},"categories":[144],"tags":[],"einsatzart":[57],"fahrzeug":[98,186,184,10,226,208],"exteinsatzmittel":[],"alarmierungsart":[],"evw_unit":[],"class_list":["post-4916","einsatz","type-einsatz","status-publish","has-post-thumbnail","hentry","category-einsatz","einsatzart-wald","fahrzeug-elw","fahrzeug-gtlf-zt-323","fahrzeug-hlf20","fahrzeug-kdow","fahrzeug-tlf-w-bb","fahrzeug-wache"],"_links":{"self":[{"href":"https:\/\/www.ff-kolkwitz.de\/index.php?rest_route=\/wp\/v2\/einsatz\/4916","targetHints":{"allow":["GET"]}}],"collection":[{"href":"https:\/\/www.ff-kolkwitz.de\/index.php?rest_route=\/wp\/v2\/einsatz"}],"about":[{"href":"https:\/\/www.ff-kolkwitz.de\/index.php?rest_route=\/wp\/v2\/types\/einsatz"}],"author":[{"embeddable":true,"href":"https:\/\/www.ff-kolkwitz.de\/index.php?rest_route=\/wp\/v2\/users\/1"}],"version-history":[{"count":2,"href":"https:\/\/www.ff-kolkwitz.de\/index.php?rest_route=\/wp\/v2\/einsatz\/4916\/revisions"}],"predecessor-version":[{"id":4923,"href":"https:\/\/www.ff-kolkwitz.de\/index.php?rest_route=\/wp\/v2\/einsatz\/4916\/revisions\/4923"}],"wp:featuredmedia":[{"embeddable":true,"href":"https:\/\/www.ff-kolkwitz.de\/index.php?rest_route=\/wp\/v2\/media\/4920"}],"wp:attachment":[{"href":"https:\/\/www.ff-kolkwitz.de\/index.php?rest_route=%2Fwp%2Fv2%2Fmedia&parent=4916"}],"wp:term":[{"taxonomy":"category","embeddable":true,"href":"https:\/\/www.ff-kolkwitz.de\/index.php?rest_route=%2Fwp%2Fv2%2Fcategories&post=4916"},{"taxonomy":"post_tag","embeddable":true,"href":"https:\/\/www.ff-kolkwitz.de\/index.php?rest_route=%2Fwp%2Fv2%2Ftags&post=4916"},{"taxonomy":"einsatzart","embeddable":true,"href":"https:\/\/www.ff-kolkwitz.de\/index.php?rest_route=%2Fwp%2Fv2%2Feinsatzart&post=4916"},{"taxonomy":"fahrzeug","embeddable":true,"href":"https:\/\/www.ff-kolkwitz.de\/index.php?rest_route=%2Fwp%2Fv2%2Ffahrzeug&post=4916"},{"taxonomy":"exteinsatzmittel","embeddable":true,"href":"https:\/\/www.ff-kolkwitz.de\/index.php?rest_route=%2Fwp%2Fv2%2Fexteinsatzmittel&post=4916"},{"taxonomy":"alarmierungsart","embeddable":true,"href":"https:\/\/www.ff-kolkwitz.de\/index.php?rest_route=%2Fwp%2Fv2%2Falarmierungsart&post=4916"},{"taxonomy":"evw_unit","embeddable":true,"href":"https:\/\/www.ff-kolkwitz.de\/index.php?rest_route=%2Fwp%2Fv2%2Fevw_unit&post=4916"}],"curies":[{"name":"wp","href":"https:\/\/api.w.org\/{rel}","templated":true}]}}

<p>Bericht von Blaulichtreport Lausitz:</p>
<blockquote><p>Waldbrand am Flugplatz Cottbus – Flammen schlugen bis in die Baumkronen</p>
<p>Am heutigen Mittwoch, dem 2. Juli, wurden um 15:15 Uhr drei Fahrzeuge der Feuerwehr Cottbus zu einem Waldbrand am Flugplatz Cottbus alarmiert. Bereits auf der Anfahrt war eine deutliche Rauchentwicklung sichtbar, was auf ein größeres Brandgeschehen hindeutete.</p>
<p>Vor Ort bestätigte sich die Lage: Das Feuer breitete sich rasch aus, teils schlugen die Flammen bis in die Wipfel der Bäume. Aufgrund der dynamischen Entwicklung wurde umgehend eine umfangreiche Nachalarmierung veranlasst. Neben weiteren Einheiten aus Cottbus rückten Kräfte aus dem Landkreis Spree-Neiße zur Unterstützung an, darunter Feuerwehren aus Kolkwitz, dem Amt Burg und anderen umliegenden Orten.</p>
<p>Insgesamt waren rund 75 Einsatzkräfte im Einsatz. Die Brandbekämpfung gestaltete sich aufgrund des dichten Bewuchses schwierig. Ein Traktor kam zusätzlich zur Unterstützung bei der Wasserzufuhr zum Einsatz.</p>
<p>Die betroffene Fläche umfasste etwa einen Hektar. Dank des koordinierten und schnellen Vorgehens der Einsatzkräfte konnte das Feuer schließlich unter Kontrolle gebracht werden. Im Anschluss folgten umfangreiche Nachlöscharbeiten. Der Einsatz dauerte bis in die Abendstunden an.</p></blockquote>
<p>Die Kolkwitzer Ortswehr stellte zwei Trupps zur Brandbekämpfung</p>
<div id='gallery-1' class='gallery galleryid-4916 gallery-columns-2 gallery-size-thumbnail'><figure class='gallery-item'>
			<div class='gallery-icon landscape'>
				<a href='https://www.ff-kolkwitz.de/wp-content/uploads/2025/07/2025-07-02_WaldbrandFlugplatz-16.jpg' rel="lightbox[4916]"><img loading="lazy" decoding="async" width="250" height="141" src="https://www.ff-kolkwitz.de/wp-content/uploads/2025/07/2025-07-02_WaldbrandFlugplatz-16-250x141.jpg" class="attachment-thumbnail size-thumbnail" alt="" srcset="https://www.ff-kolkwitz.de/wp-content/uploads/2025/07/2025-07-02_WaldbrandFlugplatz-16-250x141.jpg 250w, https://www.ff-kolkwitz.de/wp-content/uploads/2025/07/2025-07-02_WaldbrandFlugplatz-16-850x478.jpg 850w, https://www.ff-kolkwitz.de/wp-content/uploads/2025/07/2025-07-02_WaldbrandFlugplatz-16-1200x675.jpg 1200w" sizes="auto, (max-width: 250px) 100vw, 250px" /></a>
			</div></figure><figure class='gallery-item'>
			<div class='gallery-icon landscape'>
				<a href='https://www.ff-kolkwitz.de/wp-content/uploads/2025/07/2025-07-02_WaldbrandFlugplatz-03.jpg' rel="lightbox[4916]"><img loading="lazy" decoding="async" width="250" height="141" src="https://www.ff-kolkwitz.de/wp-content/uploads/2025/07/2025-07-02_WaldbrandFlugplatz-03-250x141.jpg" class="attachment-thumbnail size-thumbnail" alt="" aria-describedby="gallery-1-4918" srcset="https://www.ff-kolkwitz.de/wp-content/uploads/2025/07/2025-07-02_WaldbrandFlugplatz-03-250x141.jpg 250w, https://www.ff-kolkwitz.de/wp-content/uploads/2025/07/2025-07-02_WaldbrandFlugplatz-03-850x478.jpg 850w, https://www.ff-kolkwitz.de/wp-content/uploads/2025/07/2025-07-02_WaldbrandFlugplatz-03-1200x675.jpg 1200w, https://www.ff-kolkwitz.de/wp-content/uploads/2025/07/2025-07-02_WaldbrandFlugplatz-03-768x432.jpg 768w, https://www.ff-kolkwitz.de/wp-content/uploads/2025/07/2025-07-02_WaldbrandFlugplatz-03-1536x863.jpg 1536w, https://www.ff-kolkwitz.de/wp-content/uploads/2025/07/2025-07-02_WaldbrandFlugplatz-03.jpg 2048w" sizes="auto, (max-width: 250px) 100vw, 250px" /></a>
			</div>
				<figcaption class='wp-caption-text gallery-caption' id='gallery-1-4918'>
				Screenshot
				</figcaption></figure><figure class='gallery-item'>
			<div class='gallery-icon landscape'>
				<a href='https://www.ff-kolkwitz.de/wp-content/uploads/2025/07/2025-07-02_WaldbrandFlugplatz-18.jpg' rel="lightbox[4916]"><img loading="lazy" decoding="async" width="250" height="141" src="https://www.ff-kolkwitz.de/wp-content/uploads/2025/07/2025-07-02_WaldbrandFlugplatz-18-250x141.jpg" class="attachment-thumbnail size-thumbnail" alt="" srcset="https://www.ff-kolkwitz.de/wp-content/uploads/2025/07/2025-07-02_WaldbrandFlugplatz-18-250x141.jpg 250w, https://www.ff-kolkwitz.de/wp-content/uploads/2025/07/2025-07-02_WaldbrandFlugplatz-18-850x478.jpg 850w, https://www.ff-kolkwitz.de/wp-content/uploads/2025/07/2025-07-02_WaldbrandFlugplatz-18-1200x675.jpg 1200w" sizes="auto, (max-width: 250px) 100vw, 250px" /></a>
			</div></figure><figure class='gallery-item'>
			<div class='gallery-icon landscape'>
				<a href='https://www.ff-kolkwitz.de/wp-content/uploads/2025/07/2025-07-02_WaldbrandFlugplatz-15.jpg' rel="lightbox[4916]"><img loading="lazy" decoding="async" width="250" height="141" src="https://www.ff-kolkwitz.de/wp-content/uploads/2025/07/2025-07-02_WaldbrandFlugplatz-15-250x141.jpg" class="attachment-thumbnail size-thumbnail" alt="" srcset="https://www.ff-kolkwitz.de/wp-content/uploads/2025/07/2025-07-02_WaldbrandFlugplatz-15-250x141.jpg 250w, https://www.ff-kolkwitz.de/wp-content/uploads/2025/07/2025-07-02_WaldbrandFlugplatz-15-850x478.jpg 850w, https://www.ff-kolkwitz.de/wp-content/uploads/2025/07/2025-07-02_WaldbrandFlugplatz-15-1200x675.jpg 1200w" sizes="auto, (max-width: 250px) 100vw, 250px" /></a>
			</div></figure>
		</div>

<p>Bilder: Blaulichtreport Lausitz</p>
