{"id":593,"date":"2015-06-17T14:35:00","date_gmt":"2015-06-17T12:35:00","guid":{"rendered":"http:\/\/www.ff-kolkwitz.de\/?post_type=einsatz&#038;p=593"},"modified":"2017-05-28T21:20:07","modified_gmt":"2017-05-28T19:20:07","slug":"verkehrsunfall-l49","status":"publish","type":"einsatz","link":"https:\/\/www.ff-kolkwitz.de\/?einsatz=verkehrsunfall-l49","title":{"rendered":"Verkehrsunfall L49"},"content":{"rendered":"<p><a href=\"https:\/\/www.ff-kolkwitz.de\/wp-content\/uploads\/2015\/06\/Nr040_06.jpg\" rel=\"lightbox[593]\"><img loading=\"lazy\" decoding=\"async\" class=\"aligncenter size-large wp-image-599\" src=\"https:\/\/www.ff-kolkwitz.de\/wp-content\/uploads\/2015\/06\/Nr040_06-1024x768.jpg\" alt=\"Nr040_06\" width=\"565\" height=\"424\" srcset=\"https:\/\/www.ff-kolkwitz.de\/wp-content\/uploads\/2015\/06\/Nr040_06-1024x768.jpg 1024w, https:\/\/www.ff-kolkwitz.de\/wp-content\/uploads\/2015\/06\/Nr040_06-300x225.jpg 300w\" sizes=\"auto, (max-width: 565px) 100vw, 565px\" \/><\/a>3 Autos waren auf der L49 zusammengesto\u00dfen. Dabei wurden 3 Personen leicht verletzt.<\/p>\n<p>Die Feuerwehr sicherte die Einsatzstelle ab, unterst\u00fctzte den Rettungsdienst und fing auslaufende Fl\u00fcssigkeiten auf.<\/p>\n<p><span style=\"text-decoration: underline;\">Pressemitteilung der Polizei:<\/span><\/p>\n<p style=\"padding-left: 30px;\"><em>Auf der Stra\u00dfe von Kolkwitz nach Vetschau, in H\u00f6he des Abzweiges nach Glinzig, ereignete sich am Mittwoch gegen 14:30 Uhr ein schwerer Verkehrsunfall. Ein PKW MERCEDES kam aus unklarer Ursache nach links von der Fahrbahn ab und kollidierte mit einem entgegenkommenden VW-Transporter mit Anh\u00e4nger. Dabei l\u00f6ste sich der Anh\u00e4nger und rutschte \u00fcber eine B\u00f6schung. Ein nachfolgender PKW FORD konnte nicht mehr rechtzeitig stoppen und stie\u00df gegen den Transporter. Ein Motorrad wurde durch Fahrzeugteile leicht besch\u00e4digt. Bei diesem Unfall wurden drei Personen verletzt. Zwei leicht Verletzte konnten nach ambulanter Behandlung vor Ort entlassen werden, eine Person musste ins CTK gebracht werden. Der entstandene Schaden wurde auf rund 47.000 Euro gesch\u00e4tzt. Gegen 17:30 Uhr konnte die Stra\u00dfe nach der Unfallaufnahme und den Rettungs- und Bergungsarbeiten wieder f\u00fcr den Verkehr freigegeben werden.<\/em><\/p>\n<p><strong><span style=\"text-decoration: underline;\">Einsatzbilder:<\/span><\/strong><\/p>\n<div id='gallery-1' class='gallery galleryid-593 gallery-columns-3 gallery-size-thumbnail'><figure class='gallery-item'>\n\t\t\t<div class='gallery-icon landscape'>\n\t\t\t\t<a href='https:\/\/www.ff-kolkwitz.de\/wp-content\/uploads\/2015\/06\/Nr040_07.jpg' rel=\"lightbox[593]\"><img loading=\"lazy\" decoding=\"async\" width=\"141\" height=\"141\" src=\"https:\/\/www.ff-kolkwitz.de\/wp-content\/uploads\/2015\/06\/Nr040_07-150x150.jpg\" class=\"attachment-thumbnail size-thumbnail\" alt=\"\" \/><\/a>\n\t\t\t<\/div><\/figure><figure class='gallery-item'>\n\t\t\t<div class='gallery-icon landscape'>\n\t\t\t\t<a href='https:\/\/www.ff-kolkwitz.de\/wp-content\/uploads\/2015\/06\/Nr040_06.jpg' rel=\"lightbox[593]\"><img loading=\"lazy\" decoding=\"async\" width=\"141\" height=\"141\" src=\"https:\/\/www.ff-kolkwitz.de\/wp-content\/uploads\/2015\/06\/Nr040_06-150x150.jpg\" class=\"attachment-thumbnail size-thumbnail\" alt=\"\" \/><\/a>\n\t\t\t<\/div><\/figure><figure class='gallery-item'>\n\t\t\t<div class='gallery-icon landscape'>\n\t\t\t\t<a href='https:\/\/www.ff-kolkwitz.de\/wp-content\/uploads\/2015\/06\/Nr040_05.jpg' rel=\"lightbox[593]\"><img loading=\"lazy\" decoding=\"async\" width=\"141\" height=\"141\" src=\"https:\/\/www.ff-kolkwitz.de\/wp-content\/uploads\/2015\/06\/Nr040_05-150x150.jpg\" class=\"attachment-thumbnail size-thumbnail\" alt=\"\" \/><\/a>\n\t\t\t<\/div><\/figure><figure class='gallery-item'>\n\t\t\t<div class='gallery-icon landscape'>\n\t\t\t\t<a href='https:\/\/www.ff-kolkwitz.de\/wp-content\/uploads\/2015\/06\/Nr040_04.jpg' rel=\"lightbox[593]\"><img loading=\"lazy\" decoding=\"async\" width=\"141\" height=\"141\" src=\"https:\/\/www.ff-kolkwitz.de\/wp-content\/uploads\/2015\/06\/Nr040_04-150x150.jpg\" class=\"attachment-thumbnail size-thumbnail\" alt=\"\" \/><\/a>\n\t\t\t<\/div><\/figure><figure class='gallery-item'>\n\t\t\t<div class='gallery-icon landscape'>\n\t\t\t\t<a href='https:\/\/www.ff-kolkwitz.de\/wp-content\/uploads\/2015\/06\/Nr040_03.jpg' rel=\"lightbox[593]\"><img loading=\"lazy\" decoding=\"async\" width=\"141\" height=\"141\" src=\"https:\/\/www.ff-kolkwitz.de\/wp-content\/uploads\/2015\/06\/Nr040_03-150x150.jpg\" class=\"attachment-thumbnail size-thumbnail\" alt=\"\" \/><\/a>\n\t\t\t<\/div><\/figure><figure class='gallery-item'>\n\t\t\t<div class='gallery-icon landscape'>\n\t\t\t\t<a href='https:\/\/www.ff-kolkwitz.de\/wp-content\/uploads\/2015\/06\/Nr040_01.jpg' rel=\"lightbox[593]\"><img loading=\"lazy\" decoding=\"async\" width=\"141\" height=\"141\" src=\"https:\/\/www.ff-kolkwitz.de\/wp-content\/uploads\/2015\/06\/Nr040_01-150x150.jpg\" class=\"attachment-thumbnail size-thumbnail\" alt=\"\" \/><\/a>\n\t\t\t<\/div><\/figure><figure class='gallery-item'>\n\t\t\t<div class='gallery-icon landscape'>\n\t\t\t\t<a href='https:\/\/www.ff-kolkwitz.de\/wp-content\/uploads\/2015\/06\/Nr040_02.jpg' rel=\"lightbox[593]\"><img loading=\"lazy\" decoding=\"async\" width=\"141\" height=\"141\" src=\"https:\/\/www.ff-kolkwitz.de\/wp-content\/uploads\/2015\/06\/Nr040_02-150x150.jpg\" class=\"attachment-thumbnail size-thumbnail\" alt=\"\" \/><\/a>\n\t\t\t<\/div><\/figure>\n\t\t<\/div>\n\n","protected":false},"author":1,"featured_media":0,"template":"","meta":{"einsatz_weight":1,"footnotes":""},"categories":[144],"tags":[],"einsatzart":[66],"fahrzeug":[10,9,29],"exteinsatzmittel":[12,26,25],"alarmierungsart":[],"evw_unit":[],"class_list":["post-593","einsatz","type-einsatz","status-publish","hentry","category-einsatz","einsatzart-mit-personenschaden","fahrzeug-kdow","fahrzeug-lf-1612","fahrzeug-tlf","exteinsatzmittel-ffw-glinzig","exteinsatzmittel-polizei","exteinsatzmittel-rettungsdienst"],"_links":{"self":[{"href":"https:\/\/www.ff-kolkwitz.de\/index.php?rest_route=\/wp\/v2\/einsatz\/593","targetHints":{"allow":["GET"]}}],"collection":[{"href":"https:\/\/www.ff-kolkwitz.de\/index.php?rest_route=\/wp\/v2\/einsatz"}],"about":[{"href":"https:\/\/www.ff-kolkwitz.de\/index.php?rest_route=\/wp\/v2\/types\/einsatz"}],"author":[{"embeddable":true,"href":"https:\/\/www.ff-kolkwitz.de\/index.php?rest_route=\/wp\/v2\/users\/1"}],"version-history":[{"count":2,"href":"https:\/\/www.ff-kolkwitz.de\/index.php?rest_route=\/wp\/v2\/einsatz\/593\/revisions"}],"predecessor-version":[{"id":1479,"href":"https:\/\/www.ff-kolkwitz.de\/index.php?rest_route=\/wp\/v2\/einsatz\/593\/revisions\/1479"}],"wp:attachment":[{"href":"https:\/\/www.ff-kolkwitz.de\/index.php?rest_route=%2Fwp%2Fv2%2Fmedia&parent=593"}],"wp:term":[{"taxonomy":"category","embeddable":true,"href":"https:\/\/www.ff-kolkwitz.de\/index.php?rest_route=%2Fwp%2Fv2%2Fcategories&post=593"},{"taxonomy":"post_tag","embeddable":true,"href":"https:\/\/www.ff-kolkwitz.de\/index.php?rest_route=%2Fwp%2Fv2%2Ftags&post=593"},{"taxonomy":"einsatzart","embeddable":true,"href":"https:\/\/www.ff-kolkwitz.de\/index.php?rest_route=%2Fwp%2Fv2%2Feinsatzart&post=593"},{"taxonomy":"fahrzeug","embeddable":true,"href":"https:\/\/www.ff-kolkwitz.de\/index.php?rest_route=%2Fwp%2Fv2%2Ffahrzeug&post=593"},{"taxonomy":"exteinsatzmittel","embeddable":true,"href":"https:\/\/www.ff-kolkwitz.de\/index.php?rest_route=%2Fwp%2Fv2%2Fexteinsatzmittel&post=593"},{"taxonomy":"alarmierungsart","embeddable":true,"href":"https:\/\/www.ff-kolkwitz.de\/index.php?rest_route=%2Fwp%2Fv2%2Falarmierungsart&post=593"},{"taxonomy":"evw_unit","embeddable":true,"href":"https:\/\/www.ff-kolkwitz.de\/index.php?rest_route=%2Fwp%2Fv2%2Fevw_unit&post=593"}],"curies":[{"name":"wp","href":"https:\/\/api.w.org\/{rel}","templated":true}]}}

<p><a href="https://www.ff-kolkwitz.de/wp-content/uploads/2015/06/Nr040_06.jpg" rel="lightbox[593]"><img loading="lazy" decoding="async" class="aligncenter size-large wp-image-599" src="https://www.ff-kolkwitz.de/wp-content/uploads/2015/06/Nr040_06-1024x768.jpg" alt="Nr040_06" width="565" height="424" srcset="https://www.ff-kolkwitz.de/wp-content/uploads/2015/06/Nr040_06-1024x768.jpg 1024w, https://www.ff-kolkwitz.de/wp-content/uploads/2015/06/Nr040_06-300x225.jpg 300w" sizes="auto, (max-width: 565px) 100vw, 565px" /></a>3 Autos waren auf der L49 zusammengestoßen. Dabei wurden 3 Personen leicht verletzt.</p>
<p>Die Feuerwehr sicherte die Einsatzstelle ab, unterstützte den Rettungsdienst und fing auslaufende Flüssigkeiten auf.</p>
<p><span style="text-decoration: underline;">Pressemitteilung der Polizei:</span></p>
<p style="padding-left: 30px;"><em>Auf der Straße von Kolkwitz nach Vetschau, in Höhe des Abzweiges nach Glinzig, ereignete sich am Mittwoch gegen 14:30 Uhr ein schwerer Verkehrsunfall. Ein PKW MERCEDES kam aus unklarer Ursache nach links von der Fahrbahn ab und kollidierte mit einem entgegenkommenden VW-Transporter mit Anhänger. Dabei löste sich der Anhänger und rutschte über eine Böschung. Ein nachfolgender PKW FORD konnte nicht mehr rechtzeitig stoppen und stieß gegen den Transporter. Ein Motorrad wurde durch Fahrzeugteile leicht beschädigt. Bei diesem Unfall wurden drei Personen verletzt. Zwei leicht Verletzte konnten nach ambulanter Behandlung vor Ort entlassen werden, eine Person musste ins CTK gebracht werden. Der entstandene Schaden wurde auf rund 47.000 Euro geschätzt. Gegen 17:30 Uhr konnte die Straße nach der Unfallaufnahme und den Rettungs- und Bergungsarbeiten wieder für den Verkehr freigegeben werden.</em></p>
<p><strong><span style="text-decoration: underline;">Einsatzbilder:</span></strong></p>
<div id='gallery-1' class='gallery galleryid-593 gallery-columns-3 gallery-size-thumbnail'><figure class='gallery-item'>
			<div class='gallery-icon landscape'>
				<a href='https://www.ff-kolkwitz.de/wp-content/uploads/2015/06/Nr040_07.jpg' rel="lightbox[593]"><img loading="lazy" decoding="async" width="141" height="141" src="https://www.ff-kolkwitz.de/wp-content/uploads/2015/06/Nr040_07-150x150.jpg" class="attachment-thumbnail size-thumbnail" alt="" /></a>
			</div></figure><figure class='gallery-item'>
			<div class='gallery-icon landscape'>
				<a href='https://www.ff-kolkwitz.de/wp-content/uploads/2015/06/Nr040_06.jpg' rel="lightbox[593]"><img loading="lazy" decoding="async" width="141" height="141" src="https://www.ff-kolkwitz.de/wp-content/uploads/2015/06/Nr040_06-150x150.jpg" class="attachment-thumbnail size-thumbnail" alt="" /></a>
			</div></figure><figure class='gallery-item'>
			<div class='gallery-icon landscape'>
				<a href='https://www.ff-kolkwitz.de/wp-content/uploads/2015/06/Nr040_05.jpg' rel="lightbox[593]"><img loading="lazy" decoding="async" width="141" height="141" src="https://www.ff-kolkwitz.de/wp-content/uploads/2015/06/Nr040_05-150x150.jpg" class="attachment-thumbnail size-thumbnail" alt="" /></a>
			</div></figure><figure class='gallery-item'>
			<div class='gallery-icon landscape'>
				<a href='https://www.ff-kolkwitz.de/wp-content/uploads/2015/06/Nr040_04.jpg' rel="lightbox[593]"><img loading="lazy" decoding="async" width="141" height="141" src="https://www.ff-kolkwitz.de/wp-content/uploads/2015/06/Nr040_04-150x150.jpg" class="attachment-thumbnail size-thumbnail" alt="" /></a>
			</div></figure><figure class='gallery-item'>
			<div class='gallery-icon landscape'>
				<a href='https://www.ff-kolkwitz.de/wp-content/uploads/2015/06/Nr040_03.jpg' rel="lightbox[593]"><img loading="lazy" decoding="async" width="141" height="141" src="https://www.ff-kolkwitz.de/wp-content/uploads/2015/06/Nr040_03-150x150.jpg" class="attachment-thumbnail size-thumbnail" alt="" /></a>
			</div></figure><figure class='gallery-item'>
			<div class='gallery-icon landscape'>
				<a href='https://www.ff-kolkwitz.de/wp-content/uploads/2015/06/Nr040_01.jpg' rel="lightbox[593]"><img loading="lazy" decoding="async" width="141" height="141" src="https://www.ff-kolkwitz.de/wp-content/uploads/2015/06/Nr040_01-150x150.jpg" class="attachment-thumbnail size-thumbnail" alt="" /></a>
			</div></figure><figure class='gallery-item'>
			<div class='gallery-icon landscape'>
				<a href='https://www.ff-kolkwitz.de/wp-content/uploads/2015/06/Nr040_02.jpg' rel="lightbox[593]"><img loading="lazy" decoding="async" width="141" height="141" src="https://www.ff-kolkwitz.de/wp-content/uploads/2015/06/Nr040_02-150x150.jpg" class="attachment-thumbnail size-thumbnail" alt="" /></a>
			</div></figure>
		</div>
