{"id":683,"date":"2015-07-26T05:03:00","date_gmt":"2015-07-26T03:03:00","guid":{"rendered":"http:\/\/www.ff-kolkwitz.de\/?post_type=einsatz&#038;p=683"},"modified":"2017-05-28T21:20:08","modified_gmt":"2017-05-28T19:20:08","slug":"baum-auf-strasse-8","status":"publish","type":"einsatz","link":"https:\/\/www.ff-kolkwitz.de\/?einsatz=baum-auf-strasse-8","title":{"rendered":"Baum auf Stra\u00dfe"},"content":{"rendered":"<figure id=\"attachment_684\" aria-describedby=\"caption-attachment-684\" style=\"width: 565px\" class=\"wp-caption aligncenter\"><a href=\"https:\/\/www.ff-kolkwitz.de\/wp-content\/uploads\/2015\/07\/Nr2015_51_01.jpg\" rel=\"lightbox[683]\"><img loading=\"lazy\" decoding=\"async\" class=\"size-large wp-image-684\" src=\"https:\/\/www.ff-kolkwitz.de\/wp-content\/uploads\/2015\/07\/Nr2015_51_01-1024x768.jpg\" alt=\"Ast f\u00e4llt: Hier greift der Einsatzleiter h\u00f6chtspers\u00f6nlich zur Hands\u00e4ge :) Zerlegt wurde das gute St\u00fcck allerdings mit der Kettens\u00e4ge\" width=\"565\" height=\"424\" srcset=\"https:\/\/www.ff-kolkwitz.de\/wp-content\/uploads\/2015\/07\/Nr2015_51_01-1024x768.jpg 1024w, https:\/\/www.ff-kolkwitz.de\/wp-content\/uploads\/2015\/07\/Nr2015_51_01-300x225.jpg 300w\" sizes=\"auto, (max-width: 565px) 100vw, 565px\" \/><\/a><figcaption id=\"caption-attachment-684\" class=\"wp-caption-text\">Ast f\u00e4llt: Hier greift der Einsatzleiter h\u00f6chtspers\u00f6nlich zur Hands\u00e4ge \ud83d\ude42 Zerlegt wurde das gute St\u00fcck allerdings mit der Kettens\u00e4ge<\/figcaption><\/figure>\n<p>Der abgebrochene Ast einer Eiche blockierte die Stra\u00dfe. Die Feuerwehr entfernte den Ast vom Baum und s\u00e4gte ihn in handliche St\u00fccke. Diese wurden anschlie\u00dfend liebevoll am Stra\u00dfenrand drapiert.<\/p>\n","protected":false},"author":1,"featured_media":0,"template":"","meta":{"einsatz_weight":1,"footnotes":""},"categories":[144],"tags":[],"einsatzart":[64],"fahrzeug":[9],"exteinsatzmittel":[],"alarmierungsart":[],"evw_unit":[],"class_list":["post-683","einsatz","type-einsatz","status-publish","hentry","category-einsatz","einsatzart-klein-hilfeleistung","fahrzeug-lf-1612"],"_links":{"self":[{"href":"https:\/\/www.ff-kolkwitz.de\/index.php?rest_route=\/wp\/v2\/einsatz\/683","targetHints":{"allow":["GET"]}}],"collection":[{"href":"https:\/\/www.ff-kolkwitz.de\/index.php?rest_route=\/wp\/v2\/einsatz"}],"about":[{"href":"https:\/\/www.ff-kolkwitz.de\/index.php?rest_route=\/wp\/v2\/types\/einsatz"}],"author":[{"embeddable":true,"href":"https:\/\/www.ff-kolkwitz.de\/index.php?rest_route=\/wp\/v2\/users\/1"}],"version-history":[{"count":1,"href":"https:\/\/www.ff-kolkwitz.de\/index.php?rest_route=\/wp\/v2\/einsatz\/683\/revisions"}],"predecessor-version":[{"id":1490,"href":"https:\/\/www.ff-kolkwitz.de\/index.php?rest_route=\/wp\/v2\/einsatz\/683\/revisions\/1490"}],"wp:attachment":[{"href":"https:\/\/www.ff-kolkwitz.de\/index.php?rest_route=%2Fwp%2Fv2%2Fmedia&parent=683"}],"wp:term":[{"taxonomy":"category","embeddable":true,"href":"https:\/\/www.ff-kolkwitz.de\/index.php?rest_route=%2Fwp%2Fv2%2Fcategories&post=683"},{"taxonomy":"post_tag","embeddable":true,"href":"https:\/\/www.ff-kolkwitz.de\/index.php?rest_route=%2Fwp%2Fv2%2Ftags&post=683"},{"taxonomy":"einsatzart","embeddable":true,"href":"https:\/\/www.ff-kolkwitz.de\/index.php?rest_route=%2Fwp%2Fv2%2Feinsatzart&post=683"},{"taxonomy":"fahrzeug","embeddable":true,"href":"https:\/\/www.ff-kolkwitz.de\/index.php?rest_route=%2Fwp%2Fv2%2Ffahrzeug&post=683"},{"taxonomy":"exteinsatzmittel","embeddable":true,"href":"https:\/\/www.ff-kolkwitz.de\/index.php?rest_route=%2Fwp%2Fv2%2Fexteinsatzmittel&post=683"},{"taxonomy":"alarmierungsart","embeddable":true,"href":"https:\/\/www.ff-kolkwitz.de\/index.php?rest_route=%2Fwp%2Fv2%2Falarmierungsart&post=683"},{"taxonomy":"evw_unit","embeddable":true,"href":"https:\/\/www.ff-kolkwitz.de\/index.php?rest_route=%2Fwp%2Fv2%2Fevw_unit&post=683"}],"curies":[{"name":"wp","href":"https:\/\/api.w.org\/{rel}","templated":true}]}}

Baum auf Straße

<figure id="attachment_684" aria-describedby="caption-attachment-684" style="width: 565px" class="wp-caption aligncenter"><a href="https://www.ff-kolkwitz.de/wp-content/uploads/2015/07/Nr2015_51_01.jpg" rel="lightbox[683]"><img loading="lazy" decoding="async" class="size-large wp-image-684" src="https://www.ff-kolkwitz.de/wp-content/uploads/2015/07/Nr2015_51_01-1024x768.jpg" alt="Ast fällt: Hier greift der Einsatzleiter höchtspersönlich zur Handsäge :) Zerlegt wurde das gute Stück allerdings mit der Kettensäge" width="565" height="424" srcset="https://www.ff-kolkwitz.de/wp-content/uploads/2015/07/Nr2015_51_01-1024x768.jpg 1024w, https://www.ff-kolkwitz.de/wp-content/uploads/2015/07/Nr2015_51_01-300x225.jpg 300w" sizes="auto, (max-width: 565px) 100vw, 565px" /></a><figcaption id="caption-attachment-684" class="wp-caption-text">Ast fällt: Hier greift der Einsatzleiter höchtspersönlich zur Handsäge 🙂 Zerlegt wurde das gute Stück allerdings mit der Kettensäge</figcaption></figure>
<p>Der abgebrochene Ast einer Eiche blockierte die Straße. Die Feuerwehr entfernte den Ast vom Baum und sägte ihn in handliche Stücke. Diese wurden anschließend liebevoll am Straßenrand drapiert.</p>
