{"id":719,"date":"2015-08-18T12:30:00","date_gmt":"2015-08-18T10:30:00","guid":{"rendered":"http:\/\/www.ff-kolkwitz.de\/?post_type=einsatz&#038;p=719"},"modified":"2017-05-28T21:20:08","modified_gmt":"2017-05-28T19:20:08","slug":"verkehrsunfall-l49-2","status":"publish","type":"einsatz","link":"https:\/\/www.ff-kolkwitz.de\/?einsatz=verkehrsunfall-l49-2","title":{"rendered":"Verkehrsunfall L49"},"content":{"rendered":"<p><a href=\"https:\/\/www.ff-kolkwitz.de\/wp-content\/uploads\/2015\/08\/2015_Nr59_01.jpg\" rel=\"lightbox[719]\"><img loading=\"lazy\" decoding=\"async\" class=\"aligncenter size-large wp-image-720\" src=\"https:\/\/www.ff-kolkwitz.de\/wp-content\/uploads\/2015\/08\/2015_Nr59_01-1024x576.jpg\" alt=\"2015_Nr59_01\" width=\"565\" height=\"318\" srcset=\"https:\/\/www.ff-kolkwitz.de\/wp-content\/uploads\/2015\/08\/2015_Nr59_01-1024x576.jpg 1024w, https:\/\/www.ff-kolkwitz.de\/wp-content\/uploads\/2015\/08\/2015_Nr59_01-300x169.jpg 300w, https:\/\/www.ff-kolkwitz.de\/wp-content\/uploads\/2015\/08\/2015_Nr59_01.jpg 1600w\" sizes=\"auto, (max-width: 565px) 100vw, 565px\" \/><\/a><\/p>\n<p>Zwei Fahrzeuge waren zusammengesto\u00dfen. Die Feuerwehr sicherte die Unfallstelle und musste eine eingeklemmte Person aus dem Fahrzeugen befreien. Die Verletzen wurden per Hubschrauber und Rettungswagen in die Klinik gebracht.<\/p>\n<p>Parallel stellte die Feuerwehr den Brandschutz sicher und beseitigte auslaufende Betriebsmittel<\/p>\n<div id='gallery-1' class='gallery galleryid-719 gallery-columns-3 gallery-size-thumbnail'><figure class='gallery-item'>\n\t\t\t<div class='gallery-icon landscape'>\n\t\t\t\t<a href='https:\/\/www.ff-kolkwitz.de\/wp-content\/uploads\/2015\/08\/2015_Nr59_02.jpg' rel=\"lightbox[719]\"><img loading=\"lazy\" decoding=\"async\" width=\"141\" height=\"141\" src=\"https:\/\/www.ff-kolkwitz.de\/wp-content\/uploads\/2015\/08\/2015_Nr59_02-150x150.jpg\" class=\"attachment-thumbnail size-thumbnail\" alt=\"\" \/><\/a>\n\t\t\t<\/div><\/figure><figure class='gallery-item'>\n\t\t\t<div class='gallery-icon landscape'>\n\t\t\t\t<a href='https:\/\/www.ff-kolkwitz.de\/wp-content\/uploads\/2015\/08\/2015_Nr59_01.jpg' rel=\"lightbox[719]\"><img loading=\"lazy\" decoding=\"async\" width=\"141\" height=\"141\" src=\"https:\/\/www.ff-kolkwitz.de\/wp-content\/uploads\/2015\/08\/2015_Nr59_01-150x150.jpg\" class=\"attachment-thumbnail size-thumbnail\" alt=\"\" \/><\/a>\n\t\t\t<\/div><\/figure><figure class='gallery-item'>\n\t\t\t<div class='gallery-icon landscape'>\n\t\t\t\t<a href='https:\/\/www.ff-kolkwitz.de\/wp-content\/uploads\/2015\/08\/2015_Nr59_04.jpg' rel=\"lightbox[719]\"><img loading=\"lazy\" decoding=\"async\" width=\"141\" height=\"141\" src=\"https:\/\/www.ff-kolkwitz.de\/wp-content\/uploads\/2015\/08\/2015_Nr59_04-150x150.jpg\" class=\"attachment-thumbnail size-thumbnail\" alt=\"\" \/><\/a>\n\t\t\t<\/div><\/figure><figure class='gallery-item'>\n\t\t\t<div class='gallery-icon landscape'>\n\t\t\t\t<a href='https:\/\/www.ff-kolkwitz.de\/wp-content\/uploads\/2015\/08\/2015_Nr59_03.jpg' rel=\"lightbox[719]\"><img loading=\"lazy\" decoding=\"async\" width=\"141\" height=\"141\" src=\"https:\/\/www.ff-kolkwitz.de\/wp-content\/uploads\/2015\/08\/2015_Nr59_03-150x150.jpg\" class=\"attachment-thumbnail size-thumbnail\" alt=\"\" \/><\/a>\n\t\t\t<\/div><\/figure>\n\t\t<\/div>\n\n<p>Polizeimeldung zum Unfall:<\/p>\n<p style=\"padding-left: 30px;\"><em><b>5723. Cottbus: <\/b>Ein schwerer Verkehrsunfall ereignete sich am Dienstag gegen 12:25 Uhr hinter dem Ortsausgang Kolkwitz in Richtung Limberg. Bei einer frontalen Kollision waren aus bisher unbekannter Ursache ein PKW BMW und ein CHEVROLET zusammengesto\u00dfen. Eine 61-j\u00e4hrige Frau musste schwerverletzt durch Rettungskr\u00e4fte aus ihrem Fahrzeug befreit werden. Zwei weitere Fahrzeuginsassen, eine 35-j\u00e4hrige Frau und ihr 3 Jahre altes Kind, wurden verletzt und zur weiteren medizinischen Behandlungen ins CTK gebracht. Die Stra\u00dfe musste w\u00e4hrend der Rettungs- und Bergungsarbeiten und der Unfallaufnahme bis gegen 14:40 Uhr voll gesperrt werden. Die Ermittlungen zur Unfallursache dauern an.<\/em><\/p>\n<p>Weitere Einsatzdetails folgen<\/p>\n","protected":false},"author":1,"featured_media":0,"template":"","meta":{"einsatz_weight":1,"footnotes":""},"categories":[144],"tags":[],"einsatzart":[67],"fahrzeug":[9],"exteinsatzmittel":[12,43,26,25],"alarmierungsart":[],"evw_unit":[],"class_list":["post-719","einsatz","type-einsatz","status-publish","hentry","category-einsatz","einsatzart-klemm","fahrzeug-lf-1612","exteinsatzmittel-ffw-glinzig","exteinsatzmittel-ffw-limberg","exteinsatzmittel-polizei","exteinsatzmittel-rettungsdienst"],"_links":{"self":[{"href":"https:\/\/www.ff-kolkwitz.de\/index.php?rest_route=\/wp\/v2\/einsatz\/719","targetHints":{"allow":["GET"]}}],"collection":[{"href":"https:\/\/www.ff-kolkwitz.de\/index.php?rest_route=\/wp\/v2\/einsatz"}],"about":[{"href":"https:\/\/www.ff-kolkwitz.de\/index.php?rest_route=\/wp\/v2\/types\/einsatz"}],"author":[{"embeddable":true,"href":"https:\/\/www.ff-kolkwitz.de\/index.php?rest_route=\/wp\/v2\/users\/1"}],"version-history":[{"count":2,"href":"https:\/\/www.ff-kolkwitz.de\/index.php?rest_route=\/wp\/v2\/einsatz\/719\/revisions"}],"predecessor-version":[{"id":1498,"href":"https:\/\/www.ff-kolkwitz.de\/index.php?rest_route=\/wp\/v2\/einsatz\/719\/revisions\/1498"}],"wp:attachment":[{"href":"https:\/\/www.ff-kolkwitz.de\/index.php?rest_route=%2Fwp%2Fv2%2Fmedia&parent=719"}],"wp:term":[{"taxonomy":"category","embeddable":true,"href":"https:\/\/www.ff-kolkwitz.de\/index.php?rest_route=%2Fwp%2Fv2%2Fcategories&post=719"},{"taxonomy":"post_tag","embeddable":true,"href":"https:\/\/www.ff-kolkwitz.de\/index.php?rest_route=%2Fwp%2Fv2%2Ftags&post=719"},{"taxonomy":"einsatzart","embeddable":true,"href":"https:\/\/www.ff-kolkwitz.de\/index.php?rest_route=%2Fwp%2Fv2%2Feinsatzart&post=719"},{"taxonomy":"fahrzeug","embeddable":true,"href":"https:\/\/www.ff-kolkwitz.de\/index.php?rest_route=%2Fwp%2Fv2%2Ffahrzeug&post=719"},{"taxonomy":"exteinsatzmittel","embeddable":true,"href":"https:\/\/www.ff-kolkwitz.de\/index.php?rest_route=%2Fwp%2Fv2%2Fexteinsatzmittel&post=719"},{"taxonomy":"alarmierungsart","embeddable":true,"href":"https:\/\/www.ff-kolkwitz.de\/index.php?rest_route=%2Fwp%2Fv2%2Falarmierungsart&post=719"},{"taxonomy":"evw_unit","embeddable":true,"href":"https:\/\/www.ff-kolkwitz.de\/index.php?rest_route=%2Fwp%2Fv2%2Fevw_unit&post=719"}],"curies":[{"name":"wp","href":"https:\/\/api.w.org\/{rel}","templated":true}]}}

<p><a href="https://www.ff-kolkwitz.de/wp-content/uploads/2015/08/2015_Nr59_01.jpg" rel="lightbox[719]"><img loading="lazy" decoding="async" class="aligncenter size-large wp-image-720" src="https://www.ff-kolkwitz.de/wp-content/uploads/2015/08/2015_Nr59_01-1024x576.jpg" alt="2015_Nr59_01" width="565" height="318" srcset="https://www.ff-kolkwitz.de/wp-content/uploads/2015/08/2015_Nr59_01-1024x576.jpg 1024w, https://www.ff-kolkwitz.de/wp-content/uploads/2015/08/2015_Nr59_01-300x169.jpg 300w, https://www.ff-kolkwitz.de/wp-content/uploads/2015/08/2015_Nr59_01.jpg 1600w" sizes="auto, (max-width: 565px) 100vw, 565px" /></a></p>
<p>Zwei Fahrzeuge waren zusammengestoßen. Die Feuerwehr sicherte die Unfallstelle und musste eine eingeklemmte Person aus dem Fahrzeugen befreien. Die Verletzen wurden per Hubschrauber und Rettungswagen in die Klinik gebracht.</p>
<p>Parallel stellte die Feuerwehr den Brandschutz sicher und beseitigte auslaufende Betriebsmittel</p>
<div id='gallery-1' class='gallery galleryid-719 gallery-columns-3 gallery-size-thumbnail'><figure class='gallery-item'>
			<div class='gallery-icon landscape'>
				<a href='https://www.ff-kolkwitz.de/wp-content/uploads/2015/08/2015_Nr59_02.jpg' rel="lightbox[719]"><img loading="lazy" decoding="async" width="141" height="141" src="https://www.ff-kolkwitz.de/wp-content/uploads/2015/08/2015_Nr59_02-150x150.jpg" class="attachment-thumbnail size-thumbnail" alt="" /></a>
			</div></figure><figure class='gallery-item'>
			<div class='gallery-icon landscape'>
				<a href='https://www.ff-kolkwitz.de/wp-content/uploads/2015/08/2015_Nr59_01.jpg' rel="lightbox[719]"><img loading="lazy" decoding="async" width="141" height="141" src="https://www.ff-kolkwitz.de/wp-content/uploads/2015/08/2015_Nr59_01-150x150.jpg" class="attachment-thumbnail size-thumbnail" alt="" /></a>
			</div></figure><figure class='gallery-item'>
			<div class='gallery-icon landscape'>
				<a href='https://www.ff-kolkwitz.de/wp-content/uploads/2015/08/2015_Nr59_04.jpg' rel="lightbox[719]"><img loading="lazy" decoding="async" width="141" height="141" src="https://www.ff-kolkwitz.de/wp-content/uploads/2015/08/2015_Nr59_04-150x150.jpg" class="attachment-thumbnail size-thumbnail" alt="" /></a>
			</div></figure><figure class='gallery-item'>
			<div class='gallery-icon landscape'>
				<a href='https://www.ff-kolkwitz.de/wp-content/uploads/2015/08/2015_Nr59_03.jpg' rel="lightbox[719]"><img loading="lazy" decoding="async" width="141" height="141" src="https://www.ff-kolkwitz.de/wp-content/uploads/2015/08/2015_Nr59_03-150x150.jpg" class="attachment-thumbnail size-thumbnail" alt="" /></a>
			</div></figure>
		</div>

<p>Polizeimeldung zum Unfall:</p>
<p style="padding-left: 30px;"><em><b>5723. Cottbus: </b>Ein schwerer Verkehrsunfall ereignete sich am Dienstag gegen 12:25 Uhr hinter dem Ortsausgang Kolkwitz in Richtung Limberg. Bei einer frontalen Kollision waren aus bisher unbekannter Ursache ein PKW BMW und ein CHEVROLET zusammengestoßen. Eine 61-jährige Frau musste schwerverletzt durch Rettungskräfte aus ihrem Fahrzeug befreit werden. Zwei weitere Fahrzeuginsassen, eine 35-jährige Frau und ihr 3 Jahre altes Kind, wurden verletzt und zur weiteren medizinischen Behandlungen ins CTK gebracht. Die Straße musste während der Rettungs- und Bergungsarbeiten und der Unfallaufnahme bis gegen 14:40 Uhr voll gesperrt werden. Die Ermittlungen zur Unfallursache dauern an.</em></p>
<p>Weitere Einsatzdetails folgen</p>
