{"id":788,"date":"2015-09-18T18:56:00","date_gmt":"2015-09-18T16:56:00","guid":{"rendered":"http:\/\/www.ff-kolkwitz.de\/?post_type=einsatz&#038;p=788"},"modified":"2017-05-28T21:20:08","modified_gmt":"2017-05-28T19:20:08","slug":"brandmeldeanlage-6","status":"publish","type":"einsatz","link":"https:\/\/www.ff-kolkwitz.de\/?einsatz=brandmeldeanlage-6","title":{"rendered":"Brandmeldeanlage"},"content":{"rendered":"<p><a href=\"https:\/\/www.ff-kolkwitz.de\/wp-content\/uploads\/2015\/09\/2015_Nr66_01.jpg\" rel=\"lightbox[788]\"><img loading=\"lazy\" decoding=\"async\" class=\"size-large wp-image-789\" src=\"https:\/\/www.ff-kolkwitz.de\/wp-content\/uploads\/2015\/09\/2015_Nr66_01-1024x576.jpg\" alt=\"ELW und Feuerwehr Eichow vor dem Geb\u00e4ude\" width=\"565\" height=\"318\" srcset=\"https:\/\/www.ff-kolkwitz.de\/wp-content\/uploads\/2015\/09\/2015_Nr66_01-1024x576.jpg 1024w, https:\/\/www.ff-kolkwitz.de\/wp-content\/uploads\/2015\/09\/2015_Nr66_01-300x169.jpg 300w\" sizes=\"auto, (max-width: 565px) 100vw, 565px\" \/><\/a><\/p>\n<p>Die Brandmeldeanlage eines Gewerbebetriebes hatte ausgel\u00f6st. Vor Ort stellte sich heraus, dass die Feuerwehr nicht ben\u00f6tigt wird, die Anlage wurde wieder dem Betreiber \u00fcbergeben.<\/p>\n","protected":false},"author":1,"featured_media":0,"template":"","meta":{"einsatz_weight":1,"footnotes":""},"categories":[144],"tags":[],"einsatzart":[55],"fahrzeug":[98,9,29],"exteinsatzmittel":[42,37],"alarmierungsart":[],"evw_unit":[],"class_list":["post-788","einsatz","type-einsatz","status-publish","hentry","category-einsatz","einsatzart-bma","fahrzeug-elw","fahrzeug-lf-1612","fahrzeug-tlf","exteinsatzmittel-ffw-eichow","exteinsatzmittel-krieschow"],"_links":{"self":[{"href":"https:\/\/www.ff-kolkwitz.de\/index.php?rest_route=\/wp\/v2\/einsatz\/788","targetHints":{"allow":["GET"]}}],"collection":[{"href":"https:\/\/www.ff-kolkwitz.de\/index.php?rest_route=\/wp\/v2\/einsatz"}],"about":[{"href":"https:\/\/www.ff-kolkwitz.de\/index.php?rest_route=\/wp\/v2\/types\/einsatz"}],"author":[{"embeddable":true,"href":"https:\/\/www.ff-kolkwitz.de\/index.php?rest_route=\/wp\/v2\/users\/1"}],"version-history":[{"count":1,"href":"https:\/\/www.ff-kolkwitz.de\/index.php?rest_route=\/wp\/v2\/einsatz\/788\/revisions"}],"predecessor-version":[{"id":790,"href":"https:\/\/www.ff-kolkwitz.de\/index.php?rest_route=\/wp\/v2\/einsatz\/788\/revisions\/790"}],"wp:attachment":[{"href":"https:\/\/www.ff-kolkwitz.de\/index.php?rest_route=%2Fwp%2Fv2%2Fmedia&parent=788"}],"wp:term":[{"taxonomy":"category","embeddable":true,"href":"https:\/\/www.ff-kolkwitz.de\/index.php?rest_route=%2Fwp%2Fv2%2Fcategories&post=788"},{"taxonomy":"post_tag","embeddable":true,"href":"https:\/\/www.ff-kolkwitz.de\/index.php?rest_route=%2Fwp%2Fv2%2Ftags&post=788"},{"taxonomy":"einsatzart","embeddable":true,"href":"https:\/\/www.ff-kolkwitz.de\/index.php?rest_route=%2Fwp%2Fv2%2Feinsatzart&post=788"},{"taxonomy":"fahrzeug","embeddable":true,"href":"https:\/\/www.ff-kolkwitz.de\/index.php?rest_route=%2Fwp%2Fv2%2Ffahrzeug&post=788"},{"taxonomy":"exteinsatzmittel","embeddable":true,"href":"https:\/\/www.ff-kolkwitz.de\/index.php?rest_route=%2Fwp%2Fv2%2Fexteinsatzmittel&post=788"},{"taxonomy":"alarmierungsart","embeddable":true,"href":"https:\/\/www.ff-kolkwitz.de\/index.php?rest_route=%2Fwp%2Fv2%2Falarmierungsart&post=788"},{"taxonomy":"evw_unit","embeddable":true,"href":"https:\/\/www.ff-kolkwitz.de\/index.php?rest_route=%2Fwp%2Fv2%2Fevw_unit&post=788"}],"curies":[{"name":"wp","href":"https:\/\/api.w.org\/{rel}","templated":true}]}}

<p><a href="https://www.ff-kolkwitz.de/wp-content/uploads/2015/09/2015_Nr66_01.jpg" rel="lightbox[788]"><img loading="lazy" decoding="async" class="size-large wp-image-789" src="https://www.ff-kolkwitz.de/wp-content/uploads/2015/09/2015_Nr66_01-1024x576.jpg" alt="ELW und Feuerwehr Eichow vor dem Gebäude" width="565" height="318" srcset="https://www.ff-kolkwitz.de/wp-content/uploads/2015/09/2015_Nr66_01-1024x576.jpg 1024w, https://www.ff-kolkwitz.de/wp-content/uploads/2015/09/2015_Nr66_01-300x169.jpg 300w" sizes="auto, (max-width: 565px) 100vw, 565px" /></a></p>
<p>Die Brandmeldeanlage eines Gewerbebetriebes hatte ausgelöst. Vor Ort stellte sich heraus, dass die Feuerwehr nicht benötigt wird, die Anlage wurde wieder dem Betreiber übergeben.</p>
