{"id":791,"date":"2015-09-19T09:00:00","date_gmt":"2015-09-19T07:00:00","guid":{"rendered":"http:\/\/www.ff-kolkwitz.de\/?post_type=einsatz&#038;p=791"},"modified":"2017-05-28T21:20:08","modified_gmt":"2017-05-28T19:20:08","slug":"einsatzuebung","status":"publish","type":"einsatz","link":"https:\/\/www.ff-kolkwitz.de\/?einsatz=einsatzuebung","title":{"rendered":"Einsatz\u00fcbung"},"content":{"rendered":"<p><a href=\"https:\/\/www.ff-kolkwitz.de\/wp-content\/uploads\/2015\/09\/2015_Nr67_03.jpg\" rel=\"lightbox[791]\"><img loading=\"lazy\" decoding=\"async\" class=\"aligncenter size-large wp-image-794\" src=\"https:\/\/www.ff-kolkwitz.de\/wp-content\/uploads\/2015\/09\/2015_Nr67_03-1024x576.jpg\" alt=\"2015_Nr67_03\" width=\"565\" height=\"318\" srcset=\"https:\/\/www.ff-kolkwitz.de\/wp-content\/uploads\/2015\/09\/2015_Nr67_03-1024x576.jpg 1024w, https:\/\/www.ff-kolkwitz.de\/wp-content\/uploads\/2015\/09\/2015_Nr67_03-300x169.jpg 300w\" sizes=\"auto, (max-width: 565px) 100vw, 565px\" \/><\/a><\/p>\n<p>Gemeldet war eine ausgel\u00f6ste Brandmeldeanlage in einem Gewerbebetrieb. Vor Ort stellte sich heraus: Das ist eine \u00dcbung. Und so wurde so realit\u00e4tsnah wie m\u00f6glich der Ernstfall geprobt:<\/p>\n<p>Die Einsatzleitung bezog Stellung im Einsatzleitwagen, die Einsatzstelle wurde in mehrere Bereiche unterteilt, die von Abschnittsleitern koordiniert wurden. Einer war beispielsweise f\u00fcr die Koordinierung der Atemschutztrupps zust\u00e4ndig, ein anderer f\u00fcr die Brandbek\u00e4mpfung.<\/p>\n<p>Mehrere Trupps gingen unter Atemschutz in das Geb\u00e4ude, um darin (simuliert) einen Brand zu l\u00f6schen und vermisste Personen zu retten.<\/p>\n<div id='gallery-1' class='gallery galleryid-791 gallery-columns-3 gallery-size-thumbnail'><figure class='gallery-item'>\n\t\t\t<div class='gallery-icon landscape'>\n\t\t\t\t<a href='https:\/\/www.ff-kolkwitz.de\/wp-content\/uploads\/2015\/09\/2015_Nr67_01.jpg' rel=\"lightbox[791]\"><img loading=\"lazy\" decoding=\"async\" width=\"141\" height=\"141\" src=\"https:\/\/www.ff-kolkwitz.de\/wp-content\/uploads\/2015\/09\/2015_Nr67_01-150x150.jpg\" class=\"attachment-thumbnail size-thumbnail\" alt=\"\" \/><\/a>\n\t\t\t<\/div><\/figure><figure class='gallery-item'>\n\t\t\t<div class='gallery-icon landscape'>\n\t\t\t\t<a href='https:\/\/www.ff-kolkwitz.de\/wp-content\/uploads\/2015\/09\/2015_Nr67_02.jpg' rel=\"lightbox[791]\"><img loading=\"lazy\" decoding=\"async\" width=\"141\" height=\"141\" src=\"https:\/\/www.ff-kolkwitz.de\/wp-content\/uploads\/2015\/09\/2015_Nr67_02-150x150.jpg\" class=\"attachment-thumbnail size-thumbnail\" alt=\"\" \/><\/a>\n\t\t\t<\/div><\/figure><figure class='gallery-item'>\n\t\t\t<div class='gallery-icon landscape'>\n\t\t\t\t<a href='https:\/\/www.ff-kolkwitz.de\/wp-content\/uploads\/2015\/09\/2015_Nr67_03.jpg' rel=\"lightbox[791]\"><img loading=\"lazy\" decoding=\"async\" width=\"141\" height=\"141\" src=\"https:\/\/www.ff-kolkwitz.de\/wp-content\/uploads\/2015\/09\/2015_Nr67_03-150x150.jpg\" class=\"attachment-thumbnail size-thumbnail\" alt=\"\" \/><\/a>\n\t\t\t<\/div><\/figure><figure class='gallery-item'>\n\t\t\t<div class='gallery-icon landscape'>\n\t\t\t\t<a href='https:\/\/www.ff-kolkwitz.de\/wp-content\/uploads\/2015\/09\/2015_Nr67_04.jpg' rel=\"lightbox[791]\"><img loading=\"lazy\" decoding=\"async\" width=\"141\" height=\"141\" src=\"https:\/\/www.ff-kolkwitz.de\/wp-content\/uploads\/2015\/09\/2015_Nr67_04-150x150.jpg\" class=\"attachment-thumbnail size-thumbnail\" alt=\"\" \/><\/a>\n\t\t\t<\/div><\/figure><figure class='gallery-item'>\n\t\t\t<div class='gallery-icon portrait'>\n\t\t\t\t<a href='https:\/\/www.ff-kolkwitz.de\/wp-content\/uploads\/2015\/09\/2015_Nr67_05.jpg' rel=\"lightbox[791]\"><img loading=\"lazy\" decoding=\"async\" width=\"141\" height=\"141\" src=\"https:\/\/www.ff-kolkwitz.de\/wp-content\/uploads\/2015\/09\/2015_Nr67_05-150x150.jpg\" class=\"attachment-thumbnail size-thumbnail\" alt=\"\" \/><\/a>\n\t\t\t<\/div><\/figure><figure class='gallery-item'>\n\t\t\t<div class='gallery-icon landscape'>\n\t\t\t\t<a href='https:\/\/www.ff-kolkwitz.de\/wp-content\/uploads\/2015\/09\/2015_Nr67_06.jpg' rel=\"lightbox[791]\"><img loading=\"lazy\" decoding=\"async\" width=\"141\" height=\"141\" src=\"https:\/\/www.ff-kolkwitz.de\/wp-content\/uploads\/2015\/09\/2015_Nr67_06-150x150.jpg\" class=\"attachment-thumbnail size-thumbnail\" alt=\"\" \/><\/a>\n\t\t\t<\/div><\/figure><figure class='gallery-item'>\n\t\t\t<div class='gallery-icon landscape'>\n\t\t\t\t<a href='https:\/\/www.ff-kolkwitz.de\/wp-content\/uploads\/2015\/09\/2015_Nr67_07.jpg' rel=\"lightbox[791]\"><img loading=\"lazy\" decoding=\"async\" width=\"141\" height=\"141\" src=\"https:\/\/www.ff-kolkwitz.de\/wp-content\/uploads\/2015\/09\/2015_Nr67_07-150x150.jpg\" class=\"attachment-thumbnail size-thumbnail\" alt=\"\" \/><\/a>\n\t\t\t<\/div><\/figure><figure class='gallery-item'>\n\t\t\t<div class='gallery-icon landscape'>\n\t\t\t\t<a href='https:\/\/www.ff-kolkwitz.de\/wp-content\/uploads\/2015\/09\/2015_Nr67_08.jpg' rel=\"lightbox[791]\"><img loading=\"lazy\" decoding=\"async\" width=\"141\" height=\"141\" src=\"https:\/\/www.ff-kolkwitz.de\/wp-content\/uploads\/2015\/09\/2015_Nr67_08-150x150.jpg\" class=\"attachment-thumbnail size-thumbnail\" alt=\"\" \/><\/a>\n\t\t\t<\/div><\/figure>\n\t\t<\/div>\n\n<p>&nbsp;<\/p>\n","protected":false},"author":1,"featured_media":0,"template":"","meta":{"einsatz_weight":1,"footnotes":""},"categories":[144],"tags":[],"einsatzart":[55],"fahrzeug":[98,9,29],"exteinsatzmittel":[42,12,37,41,119],"alarmierungsart":[],"evw_unit":[],"class_list":["post-791","einsatz","type-einsatz","status-publish","hentry","category-einsatz","einsatzart-bma","fahrzeug-elw","fahrzeug-lf-1612","fahrzeug-tlf","exteinsatzmittel-ffw-eichow","exteinsatzmittel-ffw-glinzig","exteinsatzmittel-krieschow","exteinsatzmittel-ffw-kunersdorf","exteinsatzmittel-ffw-papitz"],"_links":{"self":[{"href":"https:\/\/www.ff-kolkwitz.de\/index.php?rest_route=\/wp\/v2\/einsatz\/791","targetHints":{"allow":["GET"]}}],"collection":[{"href":"https:\/\/www.ff-kolkwitz.de\/index.php?rest_route=\/wp\/v2\/einsatz"}],"about":[{"href":"https:\/\/www.ff-kolkwitz.de\/index.php?rest_route=\/wp\/v2\/types\/einsatz"}],"author":[{"embeddable":true,"href":"https:\/\/www.ff-kolkwitz.de\/index.php?rest_route=\/wp\/v2\/users\/1"}],"version-history":[{"count":2,"href":"https:\/\/www.ff-kolkwitz.de\/index.php?rest_route=\/wp\/v2\/einsatz\/791\/revisions"}],"predecessor-version":[{"id":801,"href":"https:\/\/www.ff-kolkwitz.de\/index.php?rest_route=\/wp\/v2\/einsatz\/791\/revisions\/801"}],"wp:attachment":[{"href":"https:\/\/www.ff-kolkwitz.de\/index.php?rest_route=%2Fwp%2Fv2%2Fmedia&parent=791"}],"wp:term":[{"taxonomy":"category","embeddable":true,"href":"https:\/\/www.ff-kolkwitz.de\/index.php?rest_route=%2Fwp%2Fv2%2Fcategories&post=791"},{"taxonomy":"post_tag","embeddable":true,"href":"https:\/\/www.ff-kolkwitz.de\/index.php?rest_route=%2Fwp%2Fv2%2Ftags&post=791"},{"taxonomy":"einsatzart","embeddable":true,"href":"https:\/\/www.ff-kolkwitz.de\/index.php?rest_route=%2Fwp%2Fv2%2Feinsatzart&post=791"},{"taxonomy":"fahrzeug","embeddable":true,"href":"https:\/\/www.ff-kolkwitz.de\/index.php?rest_route=%2Fwp%2Fv2%2Ffahrzeug&post=791"},{"taxonomy":"exteinsatzmittel","embeddable":true,"href":"https:\/\/www.ff-kolkwitz.de\/index.php?rest_route=%2Fwp%2Fv2%2Fexteinsatzmittel&post=791"},{"taxonomy":"alarmierungsart","embeddable":true,"href":"https:\/\/www.ff-kolkwitz.de\/index.php?rest_route=%2Fwp%2Fv2%2Falarmierungsart&post=791"},{"taxonomy":"evw_unit","embeddable":true,"href":"https:\/\/www.ff-kolkwitz.de\/index.php?rest_route=%2Fwp%2Fv2%2Fevw_unit&post=791"}],"curies":[{"name":"wp","href":"https:\/\/api.w.org\/{rel}","templated":true}]}}

Einsatzübung

<p><a href="https://www.ff-kolkwitz.de/wp-content/uploads/2015/09/2015_Nr67_03.jpg" rel="lightbox[791]"><img loading="lazy" decoding="async" class="aligncenter size-large wp-image-794" src="https://www.ff-kolkwitz.de/wp-content/uploads/2015/09/2015_Nr67_03-1024x576.jpg" alt="2015_Nr67_03" width="565" height="318" srcset="https://www.ff-kolkwitz.de/wp-content/uploads/2015/09/2015_Nr67_03-1024x576.jpg 1024w, https://www.ff-kolkwitz.de/wp-content/uploads/2015/09/2015_Nr67_03-300x169.jpg 300w" sizes="auto, (max-width: 565px) 100vw, 565px" /></a></p>
<p>Gemeldet war eine ausgelöste Brandmeldeanlage in einem Gewerbebetrieb. Vor Ort stellte sich heraus: Das ist eine Übung. Und so wurde so realitätsnah wie möglich der Ernstfall geprobt:</p>
<p>Die Einsatzleitung bezog Stellung im Einsatzleitwagen, die Einsatzstelle wurde in mehrere Bereiche unterteilt, die von Abschnittsleitern koordiniert wurden. Einer war beispielsweise für die Koordinierung der Atemschutztrupps zuständig, ein anderer für die Brandbekämpfung.</p>
<p>Mehrere Trupps gingen unter Atemschutz in das Gebäude, um darin (simuliert) einen Brand zu löschen und vermisste Personen zu retten.</p>
<div id='gallery-1' class='gallery galleryid-791 gallery-columns-3 gallery-size-thumbnail'><figure class='gallery-item'>
			<div class='gallery-icon landscape'>
				<a href='https://www.ff-kolkwitz.de/wp-content/uploads/2015/09/2015_Nr67_01.jpg' rel="lightbox[791]"><img loading="lazy" decoding="async" width="141" height="141" src="https://www.ff-kolkwitz.de/wp-content/uploads/2015/09/2015_Nr67_01-150x150.jpg" class="attachment-thumbnail size-thumbnail" alt="" /></a>
			</div></figure><figure class='gallery-item'>
			<div class='gallery-icon landscape'>
				<a href='https://www.ff-kolkwitz.de/wp-content/uploads/2015/09/2015_Nr67_02.jpg' rel="lightbox[791]"><img loading="lazy" decoding="async" width="141" height="141" src="https://www.ff-kolkwitz.de/wp-content/uploads/2015/09/2015_Nr67_02-150x150.jpg" class="attachment-thumbnail size-thumbnail" alt="" /></a>
			</div></figure><figure class='gallery-item'>
			<div class='gallery-icon landscape'>
				<a href='https://www.ff-kolkwitz.de/wp-content/uploads/2015/09/2015_Nr67_03.jpg' rel="lightbox[791]"><img loading="lazy" decoding="async" width="141" height="141" src="https://www.ff-kolkwitz.de/wp-content/uploads/2015/09/2015_Nr67_03-150x150.jpg" class="attachment-thumbnail size-thumbnail" alt="" /></a>
			</div></figure><figure class='gallery-item'>
			<div class='gallery-icon landscape'>
				<a href='https://www.ff-kolkwitz.de/wp-content/uploads/2015/09/2015_Nr67_04.jpg' rel="lightbox[791]"><img loading="lazy" decoding="async" width="141" height="141" src="https://www.ff-kolkwitz.de/wp-content/uploads/2015/09/2015_Nr67_04-150x150.jpg" class="attachment-thumbnail size-thumbnail" alt="" /></a>
			</div></figure><figure class='gallery-item'>
			<div class='gallery-icon portrait'>
				<a href='https://www.ff-kolkwitz.de/wp-content/uploads/2015/09/2015_Nr67_05.jpg' rel="lightbox[791]"><img loading="lazy" decoding="async" width="141" height="141" src="https://www.ff-kolkwitz.de/wp-content/uploads/2015/09/2015_Nr67_05-150x150.jpg" class="attachment-thumbnail size-thumbnail" alt="" /></a>
			</div></figure><figure class='gallery-item'>
			<div class='gallery-icon landscape'>
				<a href='https://www.ff-kolkwitz.de/wp-content/uploads/2015/09/2015_Nr67_06.jpg' rel="lightbox[791]"><img loading="lazy" decoding="async" width="141" height="141" src="https://www.ff-kolkwitz.de/wp-content/uploads/2015/09/2015_Nr67_06-150x150.jpg" class="attachment-thumbnail size-thumbnail" alt="" /></a>
			</div></figure><figure class='gallery-item'>
			<div class='gallery-icon landscape'>
				<a href='https://www.ff-kolkwitz.de/wp-content/uploads/2015/09/2015_Nr67_07.jpg' rel="lightbox[791]"><img loading="lazy" decoding="async" width="141" height="141" src="https://www.ff-kolkwitz.de/wp-content/uploads/2015/09/2015_Nr67_07-150x150.jpg" class="attachment-thumbnail size-thumbnail" alt="" /></a>
			</div></figure><figure class='gallery-item'>
			<div class='gallery-icon landscape'>
				<a href='https://www.ff-kolkwitz.de/wp-content/uploads/2015/09/2015_Nr67_08.jpg' rel="lightbox[791]"><img loading="lazy" decoding="async" width="141" height="141" src="https://www.ff-kolkwitz.de/wp-content/uploads/2015/09/2015_Nr67_08-150x150.jpg" class="attachment-thumbnail size-thumbnail" alt="" /></a>
			</div></figure>
		</div>

<p>&nbsp;</p>
