{"id":2367,"date":"2019-01-20T13:37:51","date_gmt":"2019-01-20T11:37:51","guid":{"rendered":"https:\/\/www.ff-kolkwitz.de\/wp-content\/uploads\/2019\/01\/JHV003.jpg"},"modified":"2019-01-20T17:22:00","modified_gmt":"2019-01-20T15:22:00","slug":"jhv003","status":"inherit","type":"attachment","link":"https:\/\/www.ff-kolkwitz.de\/?attachment_id=2367#main","title":{"rendered":"JHV003"},"author":1,"featured_media":0,"comment_status":"open","ping_status":"closed","template":"","meta":[],"class_list":["post-2367","attachment","type-attachment","status-inherit","hentry"],"description":{"rendered":"<p class=\"attachment\"><a href='https:\/\/www.ff-kolkwitz.de\/wp-content\/uploads\/2019\/01\/JHV003.jpg' rel=\"lightbox[2367]\"><img loading=\"lazy\" decoding=\"async\" width=\"850\" height=\"478\" src=\"https:\/\/www.ff-kolkwitz.de\/wp-content\/uploads\/2019\/01\/JHV003-850x478.jpg\" class=\"attachment-medium size-medium\" alt=\"B\u00fcrgermeister Karsten Schreiber ernennt Ren\u00e9 Bdack zum neuen stellvertretenden Ortswehrf\u00fchrer\" srcset=\"https:\/\/www.ff-kolkwitz.de\/wp-content\/uploads\/2019\/01\/JHV003-850x478.jpg 850w, https:\/\/www.ff-kolkwitz.de\/wp-content\/uploads\/2019\/01\/JHV003-250x141.jpg 250w, https:\/\/www.ff-kolkwitz.de\/wp-content\/uploads\/2019\/01\/JHV003-1200x675.jpg 1200w\" sizes=\"auto, (max-width: 850px) 100vw, 850px\" \/><\/a><\/p>\n<p>B\u00fcrgermeister Karsten Schreiber ernennt Ren\u00e9 Bdack zum neuen stellvertretenden Ortswehrf\u00fchrer<\/p>\n"},"caption":{"rendered":"<p>B\u00fcrgermeister Karsten Schreiber ernennt Ren\u00e9 Badack zum neuen stellvertretenden Ortswehrf\u00fchrer<\/p>\n"},"alt_text":"B\u00fcrgermeister Karsten Schreiber ernennt Ren\u00e9 Bdack zum neuen stellvertretenden Ortswehrf\u00fchrer","media_type":"image","mime_type":"image\/jpeg","media_details":{"width":3015,"height":2143,"file":"2019\/01\/JHV003.jpg","sizes":{"thumbnail":{"file":"JHV003-250x141.jpg","width":250,"height":141,"mime_type":"image\/jpeg","source_url":"https:\/\/www.ff-kolkwitz.de\/wp-content\/uploads\/2019\/01\/JHV003-250x141.jpg"},"medium":{"file":"JHV003-850x478.jpg","width":850,"height":478,"mime_type":"image\/jpeg","source_url":"https:\/\/www.ff-kolkwitz.de\/wp-content\/uploads\/2019\/01\/JHV003-850x478.jpg"},"medium_large":{"file":"JHV003-768x546.jpg","width":768,"height":546,"mime_type":"image\/jpeg","source_url":"https:\/\/www.ff-kolkwitz.de\/wp-content\/uploads\/2019\/01\/JHV003-768x546.jpg"},"large":{"file":"JHV003-1200x675.jpg","width":1200,"height":675,"mime_type":"image\/jpeg","source_url":"https:\/\/www.ff-kolkwitz.de\/wp-content\/uploads\/2019\/01\/JHV003-1200x675.jpg"},"full":{"file":"JHV003.jpg","width":3015,"height":2143,"mime_type":"image\/jpeg","source_url":"https:\/\/www.ff-kolkwitz.de\/wp-content\/uploads\/2019\/01\/JHV003.jpg"}},"image_meta":{"aperture":"0","credit":"","camera":"","caption":"","created_timestamp":"0","copyright":"","focal_length":"0","iso":"0","shutter_speed":"0","title":"","orientation":"0","keywords":[]}},"post":2364,"source_url":"https:\/\/www.ff-kolkwitz.de\/wp-content\/uploads\/2019\/01\/JHV003.jpg","_links":{"self":[{"href":"https:\/\/www.ff-kolkwitz.de\/index.php?rest_route=\/wp\/v2\/media\/2367","targetHints":{"allow":["GET"]}}],"collection":[{"href":"https:\/\/www.ff-kolkwitz.de\/index.php?rest_route=\/wp\/v2\/media"}],"about":[{"href":"https:\/\/www.ff-kolkwitz.de\/index.php?rest_route=\/wp\/v2\/types\/attachment"}],"author":[{"embeddable":true,"href":"https:\/\/www.ff-kolkwitz.de\/index.php?rest_route=\/wp\/v2\/users\/1"}],"replies":[{"embeddable":true,"href":"https:\/\/www.ff-kolkwitz.de\/index.php?rest_route=%2Fwp%2Fv2%2Fcomments&post=2367"}],"wp:attached-to":[{"embeddable":true,"post_type":"post","id":2364,"href":"https:\/\/www.ff-kolkwitz.de\/index.php?rest_route=\/wp\/v2\/posts\/2364"}],"curies":[{"name":"wp","href":"https:\/\/api.w.org\/{rel}","templated":true}]}}

<p class="attachment"><a href='https://www.ff-kolkwitz.de/wp-content/uploads/2019/01/JHV003.jpg' rel="lightbox[2367]"><img loading="lazy" decoding="async" width="850" height="478" src="https://www.ff-kolkwitz.de/wp-content/uploads/2019/01/JHV003-850x478.jpg" class="attachment-medium size-medium" alt="Bürgermeister Karsten Schreiber ernennt René Bdack zum neuen stellvertretenden Ortswehrführer" srcset="https://www.ff-kolkwitz.de/wp-content/uploads/2019/01/JHV003-850x478.jpg 850w, https://www.ff-kolkwitz.de/wp-content/uploads/2019/01/JHV003-250x141.jpg 250w, https://www.ff-kolkwitz.de/wp-content/uploads/2019/01/JHV003-1200x675.jpg 1200w" sizes="auto, (max-width: 850px) 100vw, 850px" /></a></p>
<p>Bürgermeister Karsten Schreiber ernennt René Bdack zum neuen stellvertretenden Ortswehrführer</p>

<p>Bürgermeister Karsten Schreiber ernennt René Badack zum neuen stellvertretenden Ortswehrführer</p>

Bürgermeister Karsten Schreiber ernennt René Bdack zum neuen stellvertretenden Ortswehrführer
