{"id":104,"date":"2015-02-12T15:53:51","date_gmt":"2015-02-12T15:53:51","guid":{"rendered":"http:\/\/www.ff-kolkwitz.de\/?page_id=104"},"modified":"2019-07-09T17:28:08","modified_gmt":"2019-07-09T15:28:08","slug":"lf-8-ts-8-sta","status":"publish","type":"page","link":"https:\/\/www.ff-kolkwitz.de\/?page_id=104","title":{"rendered":"a.D. LF 8-TS 8-STA"},"content":{"rendered":"<p>Das LF8 ist im M\u00e4rz 2018 an die Ortstwehr Gulben \u00fcbergeben worden.<\/p>\n<div id='gallery-1' class='gallery galleryid-104 gallery-columns-3 gallery-size-thumbnail'><figure class='gallery-item'>\n\t\t\t<div class='gallery-icon landscape'>\n\t\t\t\t<a href='https:\/\/www.ff-kolkwitz.de\/?attachment_id=105#main'><img loading=\"lazy\" decoding=\"async\" width=\"141\" height=\"141\" src=\"https:\/\/www.ff-kolkwitz.de\/wp-content\/uploads\/2015\/02\/LF8-TS8-STA-150x150.jpg\" class=\"attachment-thumbnail size-thumbnail\" alt=\"\" \/><\/a>\n\t\t\t<\/div><\/figure><figure class='gallery-item'>\n\t\t\t<div class='gallery-icon landscape'>\n\t\t\t\t<a href='https:\/\/www.ff-kolkwitz.de\/?attachment_id=106#main'><img loading=\"lazy\" decoding=\"async\" width=\"141\" height=\"141\" src=\"https:\/\/www.ff-kolkwitz.de\/wp-content\/uploads\/2015\/02\/LF8-TS8-STA-2-150x150.jpg\" class=\"attachment-thumbnail size-thumbnail\" alt=\"\" aria-describedby=\"gallery-1-106\" \/><\/a>\n\t\t\t<\/div>\n\t\t\t\t<figcaption class='wp-caption-text gallery-caption' id='gallery-1-106'>\n\t\t\t\tLF 8-TS 8 &#8211; STA\n\t\t\t\t<\/figcaption><\/figure>\n\t\t<\/div>\n\n<table>\n<tbody>\n<tr>\n<td colspan=\"2\"><strong>L\u00f6schgruppenfahrzeug mit Schlauchtransportanh\u00e4nger,<br \/>\ndas vornehmlich zur Brandbek\u00e4mpfung konzipiert wurde.<\/strong><\/td>\n<\/tr>\n<tr>\n<td><strong>Funkrufname:<\/strong><\/td>\n<td><strong>Florian Spree-Nei\u00dfe 03\/41\/02<\/strong><\/td>\n<\/tr>\n<tr>\n<td><strong>Baujahr:<\/strong><\/td>\n<td><strong>1989<\/strong><\/td>\n<\/tr>\n<tr>\n<td><strong>Fahrgestell:<\/strong><\/td>\n<td><strong>Robur LO-2002A<\/strong><\/td>\n<\/tr>\n<tr>\n<td><strong>Aufbau:<\/strong><\/td>\n<td><strong>\u00a0<\/strong><\/td>\n<\/tr>\n<tr>\n<td><strong>Besatzung:<\/strong><\/td>\n<td><strong>Gruppe (1\/8)<\/strong><\/td>\n<\/tr>\n<tr>\n<td><strong>Feuerwehrpumpe:<\/strong><\/td>\n<td><strong>FP 8\/8, TS 8\/8<\/strong><\/td>\n<\/tr>\n<tr>\n<td><strong>L\u00f6schmitteltankinhalt:<\/strong><\/td>\n<td><strong>(900 l im Falttank m\u00f6glich)<\/strong><\/td>\n<\/tr>\n<tr>\n<td><strong>Schaummittelvorrat:<\/strong><\/td>\n<td><strong>60 l<\/strong><\/td>\n<\/tr>\n<tr>\n<td colspan=\"2\"><strong>Reservefahrzeug. Besonders geeignet zur Wasserf\u00f6rderung<br \/>\n\u00fcber lange Wege (34 B-Druckschl\u00e4uche werden mitgef\u00fchrt).<\/strong><\/td>\n<\/tr>\n<\/tbody>\n<\/table>\n","protected":false},"excerpt":{"rendered":"<p>Das LF8 ist im M\u00e4rz 2018 an die Ortstwehr Gulben \u00fcbergeben worden. L\u00f6schgruppenfahrzeug mit Schlauchtransportanh\u00e4nger, [&hellip;]<\/p>\n","protected":false},"author":1,"featured_media":0,"parent":13,"menu_order":95,"comment_status":"closed","ping_status":"open","template":"","meta":{"_mc_calendar":[],"footnotes":""},"class_list":["post-104","page","type-page","status-publish","hentry"],"_links":{"self":[{"href":"https:\/\/www.ff-kolkwitz.de\/index.php?rest_route=\/wp\/v2\/pages\/104","targetHints":{"allow":["GET"]}}],"collection":[{"href":"https:\/\/www.ff-kolkwitz.de\/index.php?rest_route=\/wp\/v2\/pages"}],"about":[{"href":"https:\/\/www.ff-kolkwitz.de\/index.php?rest_route=\/wp\/v2\/types\/page"}],"author":[{"embeddable":true,"href":"https:\/\/www.ff-kolkwitz.de\/index.php?rest_route=\/wp\/v2\/users\/1"}],"replies":[{"embeddable":true,"href":"https:\/\/www.ff-kolkwitz.de\/index.php?rest_route=%2Fwp%2Fv2%2Fcomments&post=104"}],"version-history":[{"count":3,"href":"https:\/\/www.ff-kolkwitz.de\/index.php?rest_route=\/wp\/v2\/pages\/104\/revisions"}],"predecessor-version":[{"id":2635,"href":"https:\/\/www.ff-kolkwitz.de\/index.php?rest_route=\/wp\/v2\/pages\/104\/revisions\/2635"}],"up":[{"embeddable":true,"href":"https:\/\/www.ff-kolkwitz.de\/index.php?rest_route=\/wp\/v2\/pages\/13"}],"wp:attachment":[{"href":"https:\/\/www.ff-kolkwitz.de\/index.php?rest_route=%2Fwp%2Fv2%2Fmedia&parent=104"}],"curies":[{"name":"wp","href":"https:\/\/api.w.org\/{rel}","templated":true}]}}