{"id":111,"date":"2015-02-12T15:57:07","date_gmt":"2015-02-12T15:57:07","guid":{"rendered":"http:\/\/www.ff-kolkwitz.de\/?page_id=111"},"modified":"2015-02-27T21:38:22","modified_gmt":"2015-02-27T21:38:22","slug":"fwa-oel","status":"publish","type":"page","link":"https:\/\/www.ff-kolkwitz.de\/?page_id=111","title":{"rendered":"FwA \u00d6l"},"content":{"rendered":"<div id='gallery-1' class='gallery galleryid-111 gallery-columns-3 gallery-size-thumbnail'><figure class='gallery-item'>\n\t\t\t<div class='gallery-icon landscape'>\n\t\t\t\t<a href='https:\/\/www.ff-kolkwitz.de\/?attachment_id=112#main'><img loading=\"lazy\" decoding=\"async\" width=\"141\" height=\"141\" src=\"https:\/\/www.ff-kolkwitz.de\/wp-content\/uploads\/2015\/02\/FwAOel-150x150.jpg\" class=\"attachment-thumbnail size-thumbnail\" alt=\"\" aria-describedby=\"gallery-1-112\" \/><\/a>\n\t\t\t<\/div>\n\t\t\t\t<figcaption class='wp-caption-text gallery-caption' id='gallery-1-112'>\n\t\t\t\tFwA \u00d6l\n\t\t\t\t<\/figcaption><\/figure>\n\t\t<\/div>\n\n<table>\n<tbody>\n<tr>\n<td colspan=\"2\"><strong>Feuerwehranh\u00e4nger f\u00fcr die \u00d6lschadensbek\u00e4mpfung,<br \/>\nbesonders auf Stra\u00dfen.<br \/>\nBest\u00fcckt ua. mit \u00d6lbindemitteln, Schaufeln und Besen<br \/>\nund Warnschild &#8220;Vorsicht \u00d6lspur&#8221;<br \/>\n<\/strong><\/td>\n<\/tr>\n<tr>\n<td><strong>Funkrufname:<\/strong><\/td>\n<td><strong>&#8211;<\/strong><\/td>\n<\/tr>\n<tr>\n<td><strong>Baujahr:<\/strong><\/td>\n<td><strong>2007\/08 (Umbau)<\/strong><\/td>\n<\/tr>\n<tr>\n<td><strong>Fahrgestell:<\/strong><\/td>\n<td><strong>ehemaliger STA (BJ: 1971)<\/strong><\/td>\n<\/tr>\n<tr>\n<td><strong>Aufbau:<\/strong><\/td>\n<td><strong>Eigenaufbau<\/strong><\/td>\n<\/tr>\n<\/tbody>\n<\/table>\n","protected":false},"excerpt":{"rendered":"<p>Feuerwehranh\u00e4nger f\u00fcr die \u00d6lschadensbek\u00e4mpfung, besonders auf Stra\u00dfen. Best\u00fcckt ua. mit \u00d6lbindemitteln, Schaufeln und Besen und [&hellip;]<\/p>\n","protected":false},"author":1,"featured_media":0,"parent":13,"menu_order":110,"comment_status":"closed","ping_status":"open","template":"","meta":{"_mc_calendar":[],"footnotes":""},"class_list":["post-111","page","type-page","status-publish","hentry"],"_links":{"self":[{"href":"https:\/\/www.ff-kolkwitz.de\/index.php?rest_route=\/wp\/v2\/pages\/111","targetHints":{"allow":["GET"]}}],"collection":[{"href":"https:\/\/www.ff-kolkwitz.de\/index.php?rest_route=\/wp\/v2\/pages"}],"about":[{"href":"https:\/\/www.ff-kolkwitz.de\/index.php?rest_route=\/wp\/v2\/types\/page"}],"author":[{"embeddable":true,"href":"https:\/\/www.ff-kolkwitz.de\/index.php?rest_route=\/wp\/v2\/users\/1"}],"replies":[{"embeddable":true,"href":"https:\/\/www.ff-kolkwitz.de\/index.php?rest_route=%2Fwp%2Fv2%2Fcomments&post=111"}],"version-history":[{"count":2,"href":"https:\/\/www.ff-kolkwitz.de\/index.php?rest_route=\/wp\/v2\/pages\/111\/revisions"}],"predecessor-version":[{"id":259,"href":"https:\/\/www.ff-kolkwitz.de\/index.php?rest_route=\/wp\/v2\/pages\/111\/revisions\/259"}],"up":[{"embeddable":true,"href":"https:\/\/www.ff-kolkwitz.de\/index.php?rest_route=\/wp\/v2\/pages\/13"}],"wp:attachment":[{"href":"https:\/\/www.ff-kolkwitz.de\/index.php?rest_route=%2Fwp%2Fv2%2Fmedia&parent=111"}],"curies":[{"name":"wp","href":"https:\/\/api.w.org\/{rel}","templated":true}]}}