{"id":119,"date":"2015-02-19T10:28:02","date_gmt":"2015-02-19T10:28:02","guid":{"rendered":"http:\/\/www.ff-kolkwitz.de\/?page_id=119"},"modified":"2015-02-19T10:28:36","modified_gmt":"2015-02-19T10:28:36","slug":"kann-leben-retten-die-rettungskarte-fuers-auto","status":"publish","type":"page","link":"https:\/\/www.ff-kolkwitz.de\/?page_id=119","title":{"rendered":"Rettungskarte f\u00fcrs Auto"},"content":{"rendered":"<p>Einmal abgelenkt, zu schnell unterwegs oder glatte Stra\u00dfe &#8211; Ein Autounfall ist schnell passiert. Gut, dass die Feuerwehr die n\u00f6tige Technik hat, um Sie im Ernstfall aus dem Auto herauszuholen.<\/p>\n<p>Damit das schnell geht hilft es uns, wenn wir wissen, wo sich im Auto z.B. die Airbags und die Batterie befinden. Weil wir nat\u00fcrlich nicht jedes Modell von jedem Hersteller kennen, k\u00f6nnen Sie uns helfen:<\/p>\n<p><strong>Mit einer Rettungskarte.<\/strong><\/p>\n<p>Sie wird hinter die Fahrersonnenblende geklemmt und zeigt zum Beispiel, wo das Auto besonders verst\u00e4rkt ist und damit das Schneiden erschwert. Oder wo Airbagpatronen oder Gastanks sitzen, die Retter und Unfallopfer auch nach dem Unfall noch gef\u00e4hrlich werden k\u00f6nnten.<\/p>\n<p>Unter <a href=\"http:\/\/www.motor-talk.de\/rettungskarte\" target=\"_blank\">http:\/\/www.motor-talk.de\/rettungskarte <\/a>k\u00f6nnen Sie in drei einfachen Schritten so eine Rettungskarte ausdrucken, uns die Arbeit erleichtern und vielleicht Ihr Leben retten.<\/p>\n","protected":false},"excerpt":{"rendered":"<p>Einmal abgelenkt, zu schnell unterwegs oder glatte Stra\u00dfe &#8211; Ein Autounfall ist schnell passiert. Gut, [&hellip;]<\/p>\n","protected":false},"author":1,"featured_media":0,"parent":115,"menu_order":0,"comment_status":"closed","ping_status":"open","template":"","meta":{"_mc_calendar":[],"footnotes":""},"class_list":["post-119","page","type-page","status-publish","hentry"],"_links":{"self":[{"href":"https:\/\/www.ff-kolkwitz.de\/index.php?rest_route=\/wp\/v2\/pages\/119","targetHints":{"allow":["GET"]}}],"collection":[{"href":"https:\/\/www.ff-kolkwitz.de\/index.php?rest_route=\/wp\/v2\/pages"}],"about":[{"href":"https:\/\/www.ff-kolkwitz.de\/index.php?rest_route=\/wp\/v2\/types\/page"}],"author":[{"embeddable":true,"href":"https:\/\/www.ff-kolkwitz.de\/index.php?rest_route=\/wp\/v2\/users\/1"}],"replies":[{"embeddable":true,"href":"https:\/\/www.ff-kolkwitz.de\/index.php?rest_route=%2Fwp%2Fv2%2Fcomments&post=119"}],"version-history":[{"count":2,"href":"https:\/\/www.ff-kolkwitz.de\/index.php?rest_route=\/wp\/v2\/pages\/119\/revisions"}],"predecessor-version":[{"id":121,"href":"https:\/\/www.ff-kolkwitz.de\/index.php?rest_route=\/wp\/v2\/pages\/119\/revisions\/121"}],"up":[{"embeddable":true,"href":"https:\/\/www.ff-kolkwitz.de\/index.php?rest_route=\/wp\/v2\/pages\/115"}],"wp:attachment":[{"href":"https:\/\/www.ff-kolkwitz.de\/index.php?rest_route=%2Fwp%2Fv2%2Fmedia&parent=119"}],"curies":[{"name":"wp","href":"https:\/\/api.w.org\/{rel}","templated":true}]}}