{"id":18,"date":"2015-01-12T22:16:49","date_gmt":"2015-01-12T20:16:49","guid":{"rendered":"http:\/\/www.ff-kolkwitz.de\/?page_id=18"},"modified":"2025-07-31T15:16:47","modified_gmt":"2025-07-31T13:16:47","slug":"jugendfeuerwehr","status":"publish","type":"page","link":"https:\/\/www.ff-kolkwitz.de\/?page_id=18","title":{"rendered":"Jugendfeuerwehr"},"content":{"rendered":"<p><a href=\"https:\/\/www.ff-kolkwitz.de\/wp-content\/uploads\/2015\/01\/Jugend01.jpg\" rel=\"lightbox[18]\"><img loading=\"lazy\" decoding=\"async\" class=\"aligncenter size-full wp-image-182\" src=\"https:\/\/www.ff-kolkwitz.de\/wp-content\/uploads\/2015\/01\/Jugend01.jpg\" alt=\"Jugend01\" width=\"920\" height=\"280\" srcset=\"https:\/\/www.ff-kolkwitz.de\/wp-content\/uploads\/2015\/01\/Jugend01.jpg 920w, https:\/\/www.ff-kolkwitz.de\/wp-content\/uploads\/2015\/01\/Jugend01-300x91.jpg 300w\" sizes=\"auto, (max-width: 920px) 100vw, 920px\" \/><\/a><\/p>\n<p>Nat\u00fcrlich geht auch bei der Feuerwehr nichts ohne Nachwuchs. Wir wollen mit Spiel und Spa\u00df das Interesse f\u00fcr den Feuerwehrdienst wecken. Au\u00dferdem wollen wir dabei Kameradschaft, Teamarbeit und die Disziplin sch\u00e4rfen.<\/p>\n<p><span style=\"text-decoration: underline;\"><strong>Wer wir sind<\/strong><\/span><\/p>\n<figure id=\"attachment_974\" aria-describedby=\"caption-attachment-974\" style=\"width: 565px\" class=\"wp-caption aligncenter\"><a href=\"https:\/\/www.ff-kolkwitz.de\/wp-content\/uploads\/2015\/01\/Gruppenfoto_Jugend_BF_2015.jpg\"  rel=\"lightbox[18] attachment wp-att-974\"><img loading=\"lazy\" decoding=\"async\" class=\"size-large wp-image-974\" src=\"https:\/\/www.ff-kolkwitz.de\/wp-content\/uploads\/2015\/01\/Gruppenfoto_Jugend_BF_2015-1024x575.jpg\" alt=\"Die Jugendfeuerwehr beim Besuch der BF in Cottbus\" width=\"565\" height=\"317\" srcset=\"https:\/\/www.ff-kolkwitz.de\/wp-content\/uploads\/2015\/01\/Gruppenfoto_Jugend_BF_2015-1024x575.jpg 1024w, https:\/\/www.ff-kolkwitz.de\/wp-content\/uploads\/2015\/01\/Gruppenfoto_Jugend_BF_2015-300x168.jpg 300w, https:\/\/www.ff-kolkwitz.de\/wp-content\/uploads\/2015\/01\/Gruppenfoto_Jugend_BF_2015-768x431.jpg 768w\" sizes=\"auto, (max-width: 565px) 100vw, 565px\" \/><\/a><figcaption id=\"caption-attachment-974\" class=\"wp-caption-text\"><em>Die Jugendfeuerwehr beim Besuch der BF in Cottbus<\/em><\/figcaption><\/figure>\n<p>&nbsp;<\/p>\n<p><span style=\"text-decoration: underline;\"><strong>Was wir tun<\/strong><\/span><\/p>\n<p>Im Grunde viel von dem, was die &#8220;gro\u00dfen&#8221; auch machen:<\/p>\n<div id='gallery-1' class='gallery galleryid-18 gallery-columns-3 gallery-size-thumbnail'><figure class='gallery-item'>\n\t\t\t<div class='gallery-icon landscape'>\n\t\t\t\t<a href='https:\/\/www.ff-kolkwitz.de\/wp-content\/uploads\/2015\/01\/Jugend08.jpg' rel=\"lightbox[18]\"><img loading=\"lazy\" decoding=\"async\" width=\"141\" height=\"141\" src=\"https:\/\/www.ff-kolkwitz.de\/wp-content\/uploads\/2015\/01\/Jugend08-150x150.jpg\" class=\"attachment-thumbnail size-thumbnail\" alt=\"\" aria-describedby=\"gallery-1-196\" \/><\/a>\n\t\t\t<\/div>\n\t\t\t\t<figcaption class='wp-caption-text gallery-caption' id='gallery-1-196'>\n\t\t\t\tDie Technik kennen lernen\n\t\t\t\t<\/figcaption><\/figure><figure class='gallery-item'>\n\t\t\t<div class='gallery-icon landscape'>\n\t\t\t\t<a href='https:\/\/www.ff-kolkwitz.de\/wp-content\/uploads\/2015\/01\/Jugend02.jpg' rel=\"lightbox[18]\"><img loading=\"lazy\" decoding=\"async\" width=\"141\" height=\"141\" src=\"https:\/\/www.ff-kolkwitz.de\/wp-content\/uploads\/2015\/01\/Jugend02-150x150.jpg\" class=\"attachment-thumbnail size-thumbnail\" alt=\"\" aria-describedby=\"gallery-1-197\" \/><\/a>\n\t\t\t<\/div>\n\t\t\t\t<figcaption class='wp-caption-text gallery-caption' id='gallery-1-197'>\n\t\t\t\t\u00dcben nter realen Bedingungen\n\t\t\t\t<\/figcaption><\/figure><figure class='gallery-item'>\n\t\t\t<div class='gallery-icon landscape'>\n\t\t\t\t<a href='https:\/\/www.ff-kolkwitz.de\/wp-content\/uploads\/2015\/01\/Jugend04.jpg' rel=\"lightbox[18]\"><img loading=\"lazy\" decoding=\"async\" width=\"141\" height=\"141\" src=\"https:\/\/www.ff-kolkwitz.de\/wp-content\/uploads\/2015\/01\/Jugend04-150x150.jpg\" class=\"attachment-thumbnail size-thumbnail\" alt=\"\" aria-describedby=\"gallery-1-198\" \/><\/a>\n\t\t\t<\/div>\n\t\t\t\t<figcaption class='wp-caption-text gallery-caption' id='gallery-1-198'>\n\t\t\t\tEinfach mal laufen lassen\n\t\t\t\t<\/figcaption><\/figure><figure class='gallery-item'>\n\t\t\t<div class='gallery-icon portrait'>\n\t\t\t\t<a href='https:\/\/www.ff-kolkwitz.de\/wp-content\/uploads\/2015\/01\/Jugend07.jpg' rel=\"lightbox[18]\"><img loading=\"lazy\" decoding=\"async\" width=\"141\" height=\"141\" src=\"https:\/\/www.ff-kolkwitz.de\/wp-content\/uploads\/2015\/01\/Jugend07-150x150.jpg\" class=\"attachment-thumbnail size-thumbnail\" alt=\"\" aria-describedby=\"gallery-1-199\" \/><\/a>\n\t\t\t<\/div>\n\t\t\t\t<figcaption class='wp-caption-text gallery-caption' id='gallery-1-199'>\n\t\t\t\tDen Umgang mit Hydranten, Strahlrohren und Feuerl\u00f6schern \u00fcben\n\t\t\t\t<\/figcaption><\/figure><figure class='gallery-item'>\n\t\t\t<div class='gallery-icon landscape'>\n\t\t\t\t<a href='https:\/\/www.ff-kolkwitz.de\/wp-content\/uploads\/2015\/01\/Jugend03.jpg' rel=\"lightbox[18]\"><img loading=\"lazy\" decoding=\"async\" width=\"141\" height=\"141\" src=\"https:\/\/www.ff-kolkwitz.de\/wp-content\/uploads\/2015\/01\/Jugend03-150x150.jpg\" class=\"attachment-thumbnail size-thumbnail\" alt=\"\" aria-describedby=\"gallery-1-200\" \/><\/a>\n\t\t\t<\/div>\n\t\t\t\t<figcaption class='wp-caption-text gallery-caption' id='gallery-1-200'>\n\t\t\t\tUns st\u00e4ndig auf dem Laufenden halten\n\t\t\t\t<\/figcaption><\/figure><figure class='gallery-item'>\n\t\t\t<div class='gallery-icon landscape'>\n\t\t\t\t<a href='https:\/\/www.ff-kolkwitz.de\/wp-content\/uploads\/2015\/01\/Jugend011.jpg' rel=\"lightbox[18]\"><img loading=\"lazy\" decoding=\"async\" width=\"141\" height=\"141\" src=\"https:\/\/www.ff-kolkwitz.de\/wp-content\/uploads\/2015\/01\/Jugend011-150x150.jpg\" class=\"attachment-thumbnail size-thumbnail\" alt=\"\" aria-describedby=\"gallery-1-201\" \/><\/a>\n\t\t\t<\/div>\n\t\t\t\t<figcaption class='wp-caption-text gallery-caption' id='gallery-1-201'>\n\t\t\t\tNachtwanderungen \n\t\t\t\t<\/figcaption><\/figure><figure class='gallery-item'>\n\t\t\t<div class='gallery-icon landscape'>\n\t\t\t\t<a href='https:\/\/www.ff-kolkwitz.de\/wp-content\/uploads\/2015\/01\/Jugend05.jpg' rel=\"lightbox[18]\"><img loading=\"lazy\" decoding=\"async\" width=\"141\" height=\"141\" src=\"https:\/\/www.ff-kolkwitz.de\/wp-content\/uploads\/2015\/01\/Jugend05-150x150.jpg\" class=\"attachment-thumbnail size-thumbnail\" alt=\"\" aria-describedby=\"gallery-1-202\" \/><\/a>\n\t\t\t<\/div>\n\t\t\t\t<figcaption class='wp-caption-text gallery-caption' id='gallery-1-202'>\n\t\t\t\tPuppen aus vernebelten Geb\u00e4uden retten\n\t\t\t\t<\/figcaption><\/figure><figure class='gallery-item'>\n\t\t\t<div class='gallery-icon landscape'>\n\t\t\t\t<a href='https:\/\/www.ff-kolkwitz.de\/wp-content\/uploads\/2015\/01\/Jugend06.jpg' rel=\"lightbox[18]\"><img loading=\"lazy\" decoding=\"async\" width=\"141\" height=\"141\" src=\"https:\/\/www.ff-kolkwitz.de\/wp-content\/uploads\/2015\/01\/Jugend06-150x150.jpg\" class=\"attachment-thumbnail size-thumbnail\" alt=\"\" aria-describedby=\"gallery-1-203\" \/><\/a>\n\t\t\t<\/div>\n\t\t\t\t<figcaption class='wp-caption-text gallery-caption' id='gallery-1-203'>\n\t\t\t\tJederzeit die Technik beherrschen\n\t\t\t\t<\/figcaption><\/figure><figure class='gallery-item'>\n\t\t\t<div class='gallery-icon landscape'>\n\t\t\t\t<a href='https:\/\/www.ff-kolkwitz.de\/wp-content\/uploads\/2015\/01\/Gruppenfoto.jpg' rel=\"lightbox[18]\"><img loading=\"lazy\" decoding=\"async\" width=\"141\" height=\"141\" src=\"https:\/\/www.ff-kolkwitz.de\/wp-content\/uploads\/2015\/01\/Gruppenfoto-150x150.jpg\" class=\"attachment-thumbnail size-thumbnail\" alt=\"\" aria-describedby=\"gallery-1-266\" \/><\/a>\n\t\t\t<\/div>\n\t\t\t\t<figcaption class='wp-caption-text gallery-caption' id='gallery-1-266'>\n\t\t\t\tDie Anderen bei Wettbewerben na\u00df machen\n\t\t\t\t<\/figcaption><\/figure><figure class='gallery-item'>\n\t\t\t<div class='gallery-icon landscape'>\n\t\t\t\t<a href='https:\/\/www.ff-kolkwitz.de\/wp-content\/uploads\/2015\/01\/100_0335.jpg' rel=\"lightbox[18]\"><img loading=\"lazy\" decoding=\"async\" width=\"141\" height=\"141\" src=\"https:\/\/www.ff-kolkwitz.de\/wp-content\/uploads\/2015\/01\/100_0335-150x150.jpg\" class=\"attachment-thumbnail size-thumbnail\" alt=\"\" aria-describedby=\"gallery-1-204\" \/><\/a>\n\t\t\t<\/div>\n\t\t\t\t<figcaption class='wp-caption-text gallery-caption' id='gallery-1-204'>\n\t\t\t\tUnd nat\u00fcrlich auch mal uns selber\n\t\t\t\t<\/figcaption><\/figure>\n\t\t<\/div>\n\n<p>&nbsp;<\/p>\n<p><span style=\"text-decoration: underline;\"><strong>Was wir Dir bieten k\u00f6nnen<\/strong><\/span><\/p>\n<ul>\n<li>\u00dcbungen mit moderner Feuerwehrtechnik<\/li>\n<li>Fortbildungen<\/li>\n<li>Wettk\u00e4mpfe<\/li>\n<li>Gemeinsame Ausfl\u00fcge<\/li>\n<li>Eine tolle Truppe<\/li>\n<li>Teamgeist lernen und erfahren<\/li>\n<li>Und jede Menge Spa\u00df<\/li>\n<\/ul>\n<p><span style=\"text-decoration: underline;\"><strong>Wie Du uns finden kannst<\/strong><\/span><\/p>\n<p>Nimm doch einfach Kontakt zu unserem Jugendwart auf:<\/p>\n<p><a href=\"https:\/\/www.ff-kolkwitz.de\/wp-content\/uploads\/2025\/07\/Max_lehmann.jpg\" rel=\"lightbox[18]\"><img loading=\"lazy\" decoding=\"async\" class=\"alignleft wp-image-4924\" src=\"https:\/\/www.ff-kolkwitz.de\/wp-content\/uploads\/2025\/07\/Max_lehmann.jpg\" alt=\"Max Lehman\" width=\"150\" height=\"150\" \/><\/a><strong>Max Lehmann<\/strong><br \/>\njugend[at]ffw-kolkwitz.de<\/p>\n<p>&nbsp;<\/p>\n<p>&nbsp;<\/p>\n<p>&nbsp;<\/p>\n<p>Oder komm vorbei! Wir treffen uns au\u00dferhalb der Ferienzeiten <strong>jeden Freitag um 17 Uhr am Ger\u00e4tehaus Kolkwitz. <\/strong>Zur Teilnahme an der Jugendfeuerwehr musst du mindestens 8 Jahre alt sein.<\/p>\n<p>Die Termine findest Du auch in unserem <a title=\"Termine\" href=\"https:\/\/www.ff-kolkwitz.de\/?page_id=78\">Terminkalender<\/a><\/p>\n<p>&nbsp;<\/p>\n","protected":false},"excerpt":{"rendered":"<p>Nat\u00fcrlich geht auch bei der Feuerwehr nichts ohne Nachwuchs. Wir wollen mit Spiel und Spa\u00df [&hellip;]<\/p>\n","protected":false},"author":1,"featured_media":1724,"parent":0,"menu_order":3,"comment_status":"open","ping_status":"open","template":"","meta":{"_mc_calendar":[],"footnotes":""},"class_list":["post-18","page","type-page","status-publish","has-post-thumbnail","hentry"],"_links":{"self":[{"href":"https:\/\/www.ff-kolkwitz.de\/index.php?rest_route=\/wp\/v2\/pages\/18","targetHints":{"allow":["GET"]}}],"collection":[{"href":"https:\/\/www.ff-kolkwitz.de\/index.php?rest_route=\/wp\/v2\/pages"}],"about":[{"href":"https:\/\/www.ff-kolkwitz.de\/index.php?rest_route=\/wp\/v2\/types\/page"}],"author":[{"embeddable":true,"href":"https:\/\/www.ff-kolkwitz.de\/index.php?rest_route=\/wp\/v2\/users\/1"}],"replies":[{"embeddable":true,"href":"https:\/\/www.ff-kolkwitz.de\/index.php?rest_route=%2Fwp%2Fv2%2Fcomments&post=18"}],"version-history":[{"count":26,"href":"https:\/\/www.ff-kolkwitz.de\/index.php?rest_route=\/wp\/v2\/pages\/18\/revisions"}],"predecessor-version":[{"id":4928,"href":"https:\/\/www.ff-kolkwitz.de\/index.php?rest_route=\/wp\/v2\/pages\/18\/revisions\/4928"}],"wp:featuredmedia":[{"embeddable":true,"href":"https:\/\/www.ff-kolkwitz.de\/index.php?rest_route=\/wp\/v2\/media\/1724"}],"wp:attachment":[{"href":"https:\/\/www.ff-kolkwitz.de\/index.php?rest_route=%2Fwp%2Fv2%2Fmedia&parent=18"}],"curies":[{"name":"wp","href":"https:\/\/api.w.org\/{rel}","templated":true}]}}