{"id":1978,"date":"2018-04-19T21:16:00","date_gmt":"2018-04-19T19:16:00","guid":{"rendered":"http:\/\/www.ff-kolkwitz.de\/?page_id=1978"},"modified":"2018-05-04T15:54:27","modified_gmt":"2018-05-04T13:54:27","slug":"hlf20","status":"publish","type":"page","link":"https:\/\/www.ff-kolkwitz.de\/?page_id=1978","title":{"rendered":"HLF20"},"content":{"rendered":"<p><a href=\"https:\/\/www.ff-kolkwitz.de\/wp-content\/uploads\/2018\/04\/2018-04-10-Neues-HLF-in-Halle.jpg\" rel=\"lightbox[1978]\"><img loading=\"lazy\" decoding=\"async\" class=\"aligncenter size-large wp-image-1963\" src=\"https:\/\/www.ff-kolkwitz.de\/wp-content\/uploads\/2018\/04\/2018-04-10-Neues-HLF-in-Halle-1200x675.jpg\" alt=\"HLF in der Fahrzeughalle\" width=\"830\" height=\"467\" srcset=\"https:\/\/www.ff-kolkwitz.de\/wp-content\/uploads\/2018\/04\/2018-04-10-Neues-HLF-in-Halle-1200x675.jpg 1200w, https:\/\/www.ff-kolkwitz.de\/wp-content\/uploads\/2018\/04\/2018-04-10-Neues-HLF-in-Halle-250x141.jpg 250w, https:\/\/www.ff-kolkwitz.de\/wp-content\/uploads\/2018\/04\/2018-04-10-Neues-HLF-in-Halle-850x478.jpg 850w, https:\/\/www.ff-kolkwitz.de\/wp-content\/uploads\/2018\/04\/2018-04-10-Neues-HLF-in-Halle-768x432.jpg 768w\" sizes=\"auto, (max-width: 830px) 100vw, 830px\" \/><\/a><\/p>\n<div id='gallery-1' class='gallery galleryid-1978 gallery-columns-3 gallery-size-thumbnail'><figure class='gallery-item'>\n\t\t\t<div class='gallery-icon landscape'>\n\t\t\t\t<a href='https:\/\/www.ff-kolkwitz.de\/?attachment_id=1993'><img loading=\"lazy\" decoding=\"async\" width=\"250\" height=\"141\" src=\"https:\/\/www.ff-kolkwitz.de\/wp-content\/uploads\/2018\/04\/HLF20-002-250x141.jpg\" class=\"attachment-thumbnail size-thumbnail\" alt=\"\" aria-describedby=\"gallery-1-1993\" srcset=\"https:\/\/www.ff-kolkwitz.de\/wp-content\/uploads\/2018\/04\/HLF20-002-250x141.jpg 250w, https:\/\/www.ff-kolkwitz.de\/wp-content\/uploads\/2018\/04\/HLF20-002-850x478.jpg 850w, https:\/\/www.ff-kolkwitz.de\/wp-content\/uploads\/2018\/04\/HLF20-002-1200x675.jpg 1200w\" sizes=\"auto, (max-width: 250px) 100vw, 250px\" \/><\/a>\n\t\t\t<\/div>\n\t\t\t\t<figcaption class='wp-caption-text gallery-caption' id='gallery-1-1993'>\n\t\t\t\tHLF 20\n\t\t\t\t<\/figcaption><\/figure><figure class='gallery-item'>\n\t\t\t<div class='gallery-icon landscape'>\n\t\t\t\t<a href='https:\/\/www.ff-kolkwitz.de\/?attachment_id=1992'><img loading=\"lazy\" decoding=\"async\" width=\"250\" height=\"141\" src=\"https:\/\/www.ff-kolkwitz.de\/wp-content\/uploads\/2018\/04\/HLF20-001-250x141.jpg\" class=\"attachment-thumbnail size-thumbnail\" alt=\"\" aria-describedby=\"gallery-1-1992\" srcset=\"https:\/\/www.ff-kolkwitz.de\/wp-content\/uploads\/2018\/04\/HLF20-001-250x141.jpg 250w, https:\/\/www.ff-kolkwitz.de\/wp-content\/uploads\/2018\/04\/HLF20-001-850x478.jpg 850w, https:\/\/www.ff-kolkwitz.de\/wp-content\/uploads\/2018\/04\/HLF20-001-1200x675.jpg 1200w\" sizes=\"auto, (max-width: 250px) 100vw, 250px\" \/><\/a>\n\t\t\t<\/div>\n\t\t\t\t<figcaption class='wp-caption-text gallery-caption' id='gallery-1-1992'>\n\t\t\t\tDas HLF 20\n\t\t\t\t<\/figcaption><\/figure>\n\t\t<\/div>\n\n<table>\n<tbody>\n<tr>\n<td colspan=\"2\"><strong>L\u00f6schgruppenfahrzeug f\u00fcr die Brandbek\u00e4mpfung<br \/>\nund einfache technische Hilfeleistung.<\/strong><\/td>\n<\/tr>\n<tr>\n<td><strong>Funkrufname:<\/strong><\/td>\n<td><strong>Florian Spree-Nei\u00dfe 03\/43\/01<\/strong><\/td>\n<\/tr>\n<tr>\n<td><strong>Baujahr:<\/strong><\/td>\n<td><strong>2018<\/strong><\/td>\n<\/tr>\n<tr>\n<td><strong>Fahrgestell:<\/strong><\/td>\n<td><strong>MAN<\/strong><\/td>\n<\/tr>\n<tr>\n<td><strong>Aufbau:<\/strong><\/td>\n<td><strong>Rosenbauer AT<br \/>\n<\/strong><\/td>\n<\/tr>\n<tr>\n<td><strong>Besatzung:<\/strong><\/td>\n<td><strong>Gruppe (1\/8)<\/strong><\/td>\n<\/tr>\n<tr>\n<td><strong>Feuerwehrpumpe:<\/strong><\/td>\n<td><strong>FP 20\/10<\/strong><\/td>\n<\/tr>\n<tr>\n<td><strong>L\u00f6schmitteltankinhalt:<\/strong><\/td>\n<td><strong>2000 l<\/strong><\/td>\n<\/tr>\n<tr>\n<td><strong>Schaummittelvorrat:<\/strong><\/td>\n<td><strong>120 l<\/strong><\/td>\n<\/tr>\n<\/tbody>\n<\/table>\n","protected":false},"excerpt":{"rendered":"<p>L\u00f6schgruppenfahrzeug f\u00fcr die Brandbek\u00e4mpfung und einfache technische Hilfeleistung. Funkrufname: Florian Spree-Nei\u00dfe 03\/43\/01 Baujahr: 2018 Fahrgestell: [&hellip;]<\/p>\n","protected":false},"author":1,"featured_media":0,"parent":13,"menu_order":1,"comment_status":"closed","ping_status":"closed","template":"","meta":{"_mc_calendar":[],"footnotes":""},"class_list":["post-1978","page","type-page","status-publish","hentry"],"_links":{"self":[{"href":"https:\/\/www.ff-kolkwitz.de\/index.php?rest_route=\/wp\/v2\/pages\/1978","targetHints":{"allow":["GET"]}}],"collection":[{"href":"https:\/\/www.ff-kolkwitz.de\/index.php?rest_route=\/wp\/v2\/pages"}],"about":[{"href":"https:\/\/www.ff-kolkwitz.de\/index.php?rest_route=\/wp\/v2\/types\/page"}],"author":[{"embeddable":true,"href":"https:\/\/www.ff-kolkwitz.de\/index.php?rest_route=\/wp\/v2\/users\/1"}],"replies":[{"embeddable":true,"href":"https:\/\/www.ff-kolkwitz.de\/index.php?rest_route=%2Fwp%2Fv2%2Fcomments&post=1978"}],"version-history":[{"count":2,"href":"https:\/\/www.ff-kolkwitz.de\/index.php?rest_route=\/wp\/v2\/pages\/1978\/revisions"}],"predecessor-version":[{"id":1994,"href":"https:\/\/www.ff-kolkwitz.de\/index.php?rest_route=\/wp\/v2\/pages\/1978\/revisions\/1994"}],"up":[{"embeddable":true,"href":"https:\/\/www.ff-kolkwitz.de\/index.php?rest_route=\/wp\/v2\/pages\/13"}],"wp:attachment":[{"href":"https:\/\/www.ff-kolkwitz.de\/index.php?rest_route=%2Fwp%2Fv2%2Fmedia&parent=1978"}],"curies":[{"name":"wp","href":"https:\/\/api.w.org\/{rel}","templated":true}]}}