{"id":99,"date":"2015-02-12T15:50:11","date_gmt":"2015-02-12T15:50:11","guid":{"rendered":"http:\/\/www.ff-kolkwitz.de\/?page_id=99"},"modified":"2022-03-27T21:16:56","modified_gmt":"2022-03-27T19:16:56","slug":"tlf-1645","status":"publish","type":"page","link":"https:\/\/www.ff-kolkwitz.de\/?page_id=99","title":{"rendered":"a.D: TLF 16\/45"},"content":{"rendered":"<div id='gallery-1' class='gallery galleryid-99 gallery-columns-3 gallery-size-thumbnail'><figure class='gallery-item'>\n\t\t\t<div class='gallery-icon landscape'>\n\t\t\t\t<a href='https:\/\/www.ff-kolkwitz.de\/?attachment_id=102#main'><img loading=\"lazy\" decoding=\"async\" width=\"141\" height=\"141\" src=\"https:\/\/www.ff-kolkwitz.de\/wp-content\/uploads\/2015\/02\/TLF16-45-3-150x150.jpg\" class=\"attachment-thumbnail size-thumbnail\" alt=\"\" aria-describedby=\"gallery-1-102\" \/><\/a>\n\t\t\t<\/div>\n\t\t\t\t<figcaption class='wp-caption-text gallery-caption' id='gallery-1-102'>\n\t\t\t\tTLF 16\/45\n\t\t\t\t<\/figcaption><\/figure><figure class='gallery-item'>\n\t\t\t<div class='gallery-icon landscape'>\n\t\t\t\t<a href='https:\/\/www.ff-kolkwitz.de\/?attachment_id=101#main'><img loading=\"lazy\" decoding=\"async\" width=\"141\" height=\"141\" src=\"https:\/\/www.ff-kolkwitz.de\/wp-content\/uploads\/2015\/02\/TLF16-45-2-150x150.jpg\" class=\"attachment-thumbnail size-thumbnail\" alt=\"\" aria-describedby=\"gallery-1-101\" \/><\/a>\n\t\t\t<\/div>\n\t\t\t\t<figcaption class='wp-caption-text gallery-caption' id='gallery-1-101'>\n\t\t\t\tFahrerseite:Schl\u00e4uche, Atemschutz\n\t\t\t\t<\/figcaption><\/figure><figure class='gallery-item'>\n\t\t\t<div class='gallery-icon landscape'>\n\t\t\t\t<a href='https:\/\/www.ff-kolkwitz.de\/?attachment_id=100#main'><img loading=\"lazy\" decoding=\"async\" width=\"141\" height=\"141\" src=\"https:\/\/www.ff-kolkwitz.de\/wp-content\/uploads\/2015\/02\/TLF16-45-150x150.jpg\" class=\"attachment-thumbnail size-thumbnail\" alt=\"\" aria-describedby=\"gallery-1-100\" \/><\/a>\n\t\t\t<\/div>\n\t\t\t\t<figcaption class='wp-caption-text gallery-caption' id='gallery-1-100'>\n\t\t\t\t4.500l Wasser, geringe Bauh\u00f6he &#8211; Ein TLF Modell &#8220;Brandenburg&#8221; speziell f\u00fcr Waldbr\u00e4nde\n\t\t\t\t<\/figcaption><\/figure>\n\t\t<\/div>\n\n<table>\n<tbody>\n<tr>\n<td colspan=\"2\"><strong>Tankl\u00f6schfahrzeug, das vornehmlich zur Waldbrand-<br \/>\nbek\u00e4mpfung konzipiert wurde (TLF Typ &#8216;Brandenburg&#8217;).<\/strong><\/td>\n<\/tr>\n<tr>\n<td><strong>Funkrufname:<\/strong><\/td>\n<td><strong>Florian Spree-Nei\u00dfe 03\/24\/01<\/strong><\/td>\n<\/tr>\n<tr>\n<td><strong>Baujahr:<\/strong><\/td>\n<td><strong>1994<\/strong><\/td>\n<\/tr>\n<tr>\n<td><strong>Fahrgestell:<\/strong><\/td>\n<td><strong>MAN 12-273<\/strong><\/td>\n<\/tr>\n<tr>\n<td><strong>Aufbau:<\/strong><\/td>\n<td><strong>Metz<\/strong><\/td>\n<\/tr>\n<tr>\n<td><strong>Besatzung:<\/strong><\/td>\n<td><strong>Selbstst\u00e4ndiger Trupp (1\/2)<\/strong><\/td>\n<\/tr>\n<\/tbody>\n<\/table>\n","protected":false},"excerpt":{"rendered":"<p>Tankl\u00f6schfahrzeug, das vornehmlich zur Waldbrand- bek\u00e4mpfung konzipiert wurde (TLF Typ &#8216;Brandenburg&#8217;). Funkrufname: Florian Spree-Nei\u00dfe 03\/24\/01 [&hellip;]<\/p>\n","protected":false},"author":1,"featured_media":0,"parent":13,"menu_order":2000,"comment_status":"closed","ping_status":"open","template":"","meta":{"_mc_calendar":[],"footnotes":""},"class_list":["post-99","page","type-page","status-publish","hentry"],"_links":{"self":[{"href":"https:\/\/www.ff-kolkwitz.de\/index.php?rest_route=\/wp\/v2\/pages\/99","targetHints":{"allow":["GET"]}}],"collection":[{"href":"https:\/\/www.ff-kolkwitz.de\/index.php?rest_route=\/wp\/v2\/pages"}],"about":[{"href":"https:\/\/www.ff-kolkwitz.de\/index.php?rest_route=\/wp\/v2\/types\/page"}],"author":[{"embeddable":true,"href":"https:\/\/www.ff-kolkwitz.de\/index.php?rest_route=\/wp\/v2\/users\/1"}],"replies":[{"embeddable":true,"href":"https:\/\/www.ff-kolkwitz.de\/index.php?rest_route=%2Fwp%2Fv2%2Fcomments&post=99"}],"version-history":[{"count":3,"href":"https:\/\/www.ff-kolkwitz.de\/index.php?rest_route=\/wp\/v2\/pages\/99\/revisions"}],"predecessor-version":[{"id":3859,"href":"https:\/\/www.ff-kolkwitz.de\/index.php?rest_route=\/wp\/v2\/pages\/99\/revisions\/3859"}],"up":[{"embeddable":true,"href":"https:\/\/www.ff-kolkwitz.de\/index.php?rest_route=\/wp\/v2\/pages\/13"}],"wp:attachment":[{"href":"https:\/\/www.ff-kolkwitz.de\/index.php?rest_route=%2Fwp%2Fv2%2Fmedia&parent=99"}],"curies":[{"name":"wp","href":"https:\/\/api.w.org\/{rel}","templated":true}]}}

<div id='gallery-1' class='gallery galleryid-99 gallery-columns-3 gallery-size-thumbnail'><figure class='gallery-item'>
			<div class='gallery-icon landscape'>
				<a href='https://www.ff-kolkwitz.de/?attachment_id=102#main'><img loading="lazy" decoding="async" width="141" height="141" src="https://www.ff-kolkwitz.de/wp-content/uploads/2015/02/TLF16-45-3-150x150.jpg" class="attachment-thumbnail size-thumbnail" alt="" aria-describedby="gallery-1-102" /></a>
			</div>
				<figcaption class='wp-caption-text gallery-caption' id='gallery-1-102'>
				TLF 16/45
				</figcaption></figure><figure class='gallery-item'>
			<div class='gallery-icon landscape'>
				<a href='https://www.ff-kolkwitz.de/?attachment_id=101#main'><img loading="lazy" decoding="async" width="141" height="141" src="https://www.ff-kolkwitz.de/wp-content/uploads/2015/02/TLF16-45-2-150x150.jpg" class="attachment-thumbnail size-thumbnail" alt="" aria-describedby="gallery-1-101" /></a>
			</div>
				<figcaption class='wp-caption-text gallery-caption' id='gallery-1-101'>
				Fahrerseite:Schläuche, Atemschutz
				</figcaption></figure><figure class='gallery-item'>
			<div class='gallery-icon landscape'>
				<a href='https://www.ff-kolkwitz.de/?attachment_id=100#main'><img loading="lazy" decoding="async" width="141" height="141" src="https://www.ff-kolkwitz.de/wp-content/uploads/2015/02/TLF16-45-150x150.jpg" class="attachment-thumbnail size-thumbnail" alt="" aria-describedby="gallery-1-100" /></a>
			</div>
				<figcaption class='wp-caption-text gallery-caption' id='gallery-1-100'>
				4.500l Wasser, geringe Bauhöhe &#8211; Ein TLF Modell &#8220;Brandenburg&#8221; speziell für Waldbrände
				</figcaption></figure>
		</div>

<table>
<tbody>
<tr>
<td colspan="2"><strong>Tanklöschfahrzeug, das vornehmlich zur Waldbrand-<br />
bekämpfung konzipiert wurde (TLF Typ &#8216;Brandenburg&#8217;).</strong></td>
</tr>
<tr>
<td><strong>Funkrufname:</strong></td>
<td><strong>Florian Spree-Neiße 03/24/01</strong></td>
</tr>
<tr>
<td><strong>Baujahr:</strong></td>
<td><strong>1994</strong></td>
</tr>
<tr>
<td><strong>Fahrgestell:</strong></td>
<td><strong>MAN 12-273</strong></td>
</tr>
<tr>
<td><strong>Aufbau:</strong></td>
<td><strong>Metz</strong></td>
</tr>
<tr>
<td><strong>Besatzung:</strong></td>
<td><strong>Selbstständiger Trupp (1/2)</strong></td>
</tr>
</tbody>
</table>

<p>Tanklöschfahrzeug, das vornehmlich zur Waldbrand- bekämpfung konzipiert wurde (TLF Typ &#8216;Brandenburg&#8217;). Funkrufname: Florian Spree-Neiße 03/24/01 [&hellip;]</p>
